000
CXUS53 KAPX 010730
CF6ANJ
PRELIMINARY LOCAL CLIMATOLOGICAL DATA (WS FORM: F-6)
STATION: SAULT STE MARIE MI
MONTH: JUNE
YEAR: 2022
LATITUDE: 46 28 N
LONGITUDE: 84 21 W
TEMPERATURE IN F: :PCPN: SNOW: WIND :SUNSHINE: SKY :PK WND
================================================================================
1 2 3 4 5 6A 6B 7 8 9 10 11 12 13 14 15 16 17 18
12Z AVG MX 2MIN
DY MAX MIN AVG DEP HDD CDD WTR SNW DPTH SPD SPD DIR MIN PSBL S-S WX SPD DR
================================================================================
1 64 42 53 -4 12 0 0.00 0.0 0 11.7 22 310 M M 3 36 300
2 72 42 57 -1 8 0 0.00 0.0 0 5.0 13 220 M M 1 19 230
3 68 38 53 -5 12 0 T 0.0 0 6.0 24 290 M M 4 39 290
4 68 36 52 -6 13 0 0.00 0.0 0 5.2 20 230 M M 3 32 260
5 73 44 59 1 6 0 0.00 0.0 0 5.0 14 150 M M 0 21 130
6 57 53 55 -4 10 0 0.50 0.0 0 5.6 13 110 M M 9 1 22 120
7 59 46 53 -6 12 0 0.00 0.0 0 8.5 18 310 M M 6 12 30 310
8 72 44 58 -1 7 0 0.00 0.0 0 5.2 16 220 M M 1 1 23 210
9 63 46 55 -5 10 0 0.00 0.0 0 7.7 18 300 M M 1 28 320
10 71 45 58 -2 7 0 0.00 0.0 0 4.6 14 230 M M 1 23 220
11 74 44 59 -1 6 0 0.14 0.0 0 4.2 16 210 M M 5 13 25 330
12 61 41 51 -9 14 0 0.00 0.0 0 6.9 15 300 M M 2 1 22 290
13 69 42 56 -5 9 0 0.00 0.0 0 3.6 12 140 M M 2 15 140
14 75 52 64 3 1 0 T 0.0 0 7.8 18 130 M M 3 27 100
15 78 64 71 10 0 6 0.42 0.0 0 9.1 24 300 M M 4 13 36 300
16 79 60 70 9 0 5 0.19 0.0 0 11.3 28 240 M M 5 13 48 220
17 62 46 54 -8 11 0 0.00 0.0 0 13.0 29 310 M M 4 47 320
18 64 45 55 -7 10 0 0.00 0.0 0 9.2 20 310 M M 0 30 320
19 64 41 53 -9 12 0 0.37 0.0 0 4.5 13 160 M M 4 13 20 150
20 67 51 59 -3 6 0 0.62 0.0 0 6.8 14 140 M M 8 13 22 140
21 87 55 71 9 0 6 0.00 0.0 0 4.6 16 210 M M 2 12 21 200
22 72 51 62 -1 3 0 0.00 0.0 0 10.4 18 300 M M 4 29 330
23 81 47 64 1 1 0 0.00 0.0 0 5.2 17 210 M M 0 24 200
24 86 58 72 9 0 7 0.00 0.0 0 4.6 15 210 M M 1 26 30
25 85 62 74 11 0 9 0.00 0.0 0 6.9 15 150 M M 1 23 150
26 70 56 63 -1 2 0 0.04 0.0 0 10.9 22 290 M M 8 1 37 310
27 59 45 52 -12 13 0 T 0.0 0 10.2 21 300 M M 6 18 33 310
28 72 45 59 -5 6 0 0.47 0.0 0 6.5 20 220 M M 4 13 29 210
29 70 45 58 -6 7 0 0.00 0.0 0 3.5 10 290 M M 3 12 17 300
30 79 53 66 2 0 1 0.56 0.0 0 9.9 18 240 M M 6 1 41 220
================================================================================
SM 2121 1439 198 34 3.31 0.0 213.6 M 101
================================================================================
AV 70.7 48.0 7.1 FASTST M M 3 MAX(MPH)
MISC ----> 29 310 48 220
================================================================================
NOTES:
# LAST OF SEVERAL OCCURRENCES
COLUMN 17 PEAK WIND IN M.P.H.
PRELIMINARY LOCAL CLIMATOLOGICAL DATA (WS FORM: F-6) , PAGE 2
STATION: SAULT STE MARIE MI
MONTH: JUNE
YEAR: 2022
LATITUDE: 46 28 N
LONGITUDE: 84 21 W
[TEMPERATURE DATA] [PRECIPITATION DATA] SYMBOLS USED IN COLUMN 16
AVERAGE MONTHLY: 59.3 TOTAL FOR MONTH: 3.31 1 = FOG OR MIST
DPTR FM NORMAL: -1.8 DPTR FM NORMAL: 0.46 2 = FOG REDUCING VISIBILITY
HIGHEST: 87 ON 21 GRTST 24HR 0.99 ON 19-20 TO 1/4 MILE OR LESS
LOWEST: 36 ON 4 3 = THUNDER
SNOW, ICE PELLETS, HAIL 4 = ICE PELLETS
TOTAL MONTH: 0.0 INCH 5 = HAIL
GRTST 24HR 0.0 6 = FREEZING RAIN OR DRIZZLE
GRTST DEPTH: 0 7 = DUSTSTORM OR SANDSTORM:
VSBY 1/2 MILE OR LESS
8 = SMOKE OR HAZE
[NO. OF DAYS WITH] [WEATHER - DAYS WITH] 9 = BLOWING SNOW
X = TORNADO
MAX 32 OR BELOW: 0 0.01 INCH OR MORE: 9
MAX 90 OR ABOVE: 0 0.10 INCH OR MORE: 8
MIN 32 OR BELOW: 0 0.50 INCH OR MORE: 3
MIN 0 OR BELOW: 0 1.00 INCH OR MORE: 0
[HDD (BASE 65) ]
TOTAL THIS MO. 198 CLEAR (SCALE 0-3) 16
DPTR FM NORMAL 48 PTCLDY (SCALE 4-7) 12
TOTAL FM JUL 1 8123 CLOUDY (SCALE 8-10) 2
DPTR FM NORMAL -335
[CDD (BASE 65) ]
TOTAL THIS MO. 34
DPTR FM NORMAL 1 [PRESSURE DATA]
TOTAL FM JAN 1 61 HIGHEST SLP 30.30 ON 19
DPTR FM NORMAL 21 LOWEST SLP 29.61 ON 16
[REMARKS]
#FINAL-06-22#