000
CXUS51 KCTP 010800
CF6AOO
PRELIMINARY LOCAL CLIMATOLOGICAL DATA (WS FORM: F-6)
STATION: ALTOONA
MONTH: JUNE
YEAR: 2023
LATITUDE: 40 17 N
LONGITUDE: 78 19 W
TEMPERATURE IN F: :PCPN: SNOW: WIND :SUNSHINE: SKY :PK WND
================================================================================
1 2 3 4 5 6A 6B 7 8 9 10 11 12 13 14 15 16 17 18
12Z AVG MX 2MIN
DY MAX MIN AVG DEP HDD CDD WTR SNW DPTH SPD SPD DIR MIN PSBL S-S WX SPD DR
================================================================================
1 86 48 67 2 0 2 0.00 M M 3.8 13 100 M M 0 19 110
2 91 54 73 8 0 8 0.00 M M 2.6 13 350 M M 1 19 40
3 87 60 74 9 0 9 0.05 M M 5.0 15 80 M M 2 3 19 80
4 77 55 66 0 0 1 T M M 6.9 16 30 M M 5 18 21 20
5 74 44 59 -7 6 0 0.00 M M M M M M M 1 M M
6 78 49 64 -2 1 0 0.00 M M M M M M M 2 8 M M
7 73 48 61 -5 4 0 0.00 M M 8.6 16 260 M M 7 8 21 250
8 70 43 57 -10 8 0 0.00 M M 4.9 16 330 M M 9 8 25 350
9 68 50 59 -8 6 0 T M M 4.8 20 310 M M 7 27 310
10 80 51 66 -1 0 1 0.00 M M 7.0 18 300 M M 1 25 270
11 84 52 68 0 0 3 T M M 7.0 18 170 M M 3 24 210
12 73 55 64 -4 1 0 0.68 M M 10.1 21 280 M M 8 1 28 270
13 71 51 61 -7 4 0 0.26 M M 7.3 24 290 M M 7 1 32 270
14 71 55 63 -5 2 0 0.30 M M 12.4 24 280 M M 7 1 33 280
15 73 49 61 -8 4 0 0.00 M M 3.9 12 260 M M 0 15 260
16 72 56 64 -5 1 0 0.86 M M 5.4 25 110 M M 7 13 31 110
17 75 56 66 -3 0 1 0.00 M M 9.2 20 310 M M 5 18 28 310
18 79 52 66 -3 0 1 0.00 M M 3.5 12 320 M M 0 20 220
19 84 51 68 -2 0 3 0.00 M M 4.9 17 150 M M 1 1 22 160
20 80 66 73 3 0 8 0.00 M M 6.4 14 100 M M 4 18 80
21 72 56 64 -6 1 0 0.14 M M 8.1 16 80 M M 4 1 22 140
22 61 56 59 -11 6 0 0.40 M M 5.8 12 70 M M 10 1 17 80
23 70 60 65 -5 0 0 0.30 M M 3.6 10 40 M M 10 1 13 30
24 79 65 72 1 0 7 0.00 M M 4.5 15 290 M M 9 12 21 260
25 83 63 73 2 0 8 0.05 M M 3.5 14 300 M M 5 13 20 300
26 84 62 73 2 0 8 0.18 M M 3.6 18 230 M M 3 123 24 220
27 75 60 68 -3 0 3 0.19 M M 6.9 20 260 M M 7 128 27 250
28 71 57 64 -7 1 0 0.00 M M 7.1 16 310 M M 9 18 21 310
29 79 52 66 -6 0 1 0.00 M M 1.8 8 160 M M 8 128 10 320
30 79 58 69 -3 0 4 0.00 M M 4.0 14 210 M M 9 18 18 220
================================================================================
SM 2299 1634 45 68 3.41 M 162.6 M 151
================================================================================
AV 76.6 54.5 5.8 FASTST M M 5 MAX(MPH)
MISC ----> 25 110 33 280
================================================================================
NOTES:
# LAST OF SEVERAL OCCURRENCES
COLUMN 17 PEAK WIND IN M.P.H.
PRELIMINARY LOCAL CLIMATOLOGICAL DATA (WS FORM: F-6) , PAGE 2
STATION: ALTOONA
MONTH: JUNE
YEAR: 2023
LATITUDE: 40 17 N
LONGITUDE: 78 19 W
[TEMPERATURE DATA] [PRECIPITATION DATA] SYMBOLS USED IN COLUMN 16
AVERAGE MONTHLY: 65.6 TOTAL FOR MONTH: 3.41 1 = FOG OR MIST
DPTR FM NORMAL: -2.9 DPTR FM NORMAL: -0.01 2 = FOG REDUCING VISIBILITY
HIGHEST: 91 ON 2 GRTST 24HR 0.86 ON 16-16 TO 1/4 MILE OR LESS
LOWEST: 43 ON 8 3 = THUNDER
SNOW, ICE PELLETS, HAIL 4 = ICE PELLETS
TOTAL MONTH: M 5 = HAIL
GRTST 24HR M ON M 6 = FREEZING RAIN OR DRIZZLE
GRTST DEPTH: M ON M 7 = DUSTSTORM OR SANDSTORM:
VSBY 1/2 MILE OR LESS
8 = SMOKE OR HAZE
[NO. OF DAYS WITH] [WEATHER - DAYS WITH] 9 = BLOWING SNOW
X = TORNADO
MAX 32 OR BELOW: 0 0.01 INCH OR MORE: 11
MAX 90 OR ABOVE: 1 0.10 INCH OR MORE: 9
MIN 32 OR BELOW: 0 0.50 INCH OR MORE: 2
MIN 0 OR BELOW: 0 1.00 INCH OR MORE: 0
[HDD (BASE 65) ]
TOTAL THIS MO. 45 CLEAR (SCALE 0-3) 10
DPTR FM NORMAL 8 PTCLDY (SCALE 4-7) 13
TOTAL FM JUL 1 5188 CLOUDY (SCALE 8-10) 7
DPTR FM NORMAL -574
[CDD (BASE 65) ]
TOTAL THIS MO. 68
DPTR FM NORMAL -74 [PRESSURE DATA]
TOTAL FM JAN 1 96 HIGHEST SLP 30.20 ON 21
DPTR FM NORMAL -101 LOWEST SLP 29.48 ON 14
[REMARKS]
#FINAL-06-23#