000
CXUS55 KBOU 010900
CF6APA
PRELIMINARY LOCAL CLIMATOLOGICAL DATA (WS FORM: F-6)
STATION: CENTENNIAL CO
MONTH: MAY
YEAR: 2021
LATITUDE: 39 33 N
LONGITUDE: 104 51 W
TEMPERATURE IN F: :PCPN: SNOW: WIND :SUNSHINE: SKY :PK WND
================================================================================
1 2 3 4 5 6A 6B 7 8 9 10 11 12 13 14 15 16 17 18
12Z AVG MX 2MIN
DY MAX MIN AVG DEP HDD CDD WTR SNW DPTH SPD SPD DIR MIN PSBL S-S WX SPD DR
================================================================================
1 83 33 58 8 7 0 0.00 M M 6.6 21 160 M M 5 29 160
2 67 44 56 6 9 0 0.38 M M 10.7 38 360 M M 8 13 48 340
3 44 34 39 -12 26 0 0.80 M M 7.1 22 360 M M 10 1 28 20
4 60 35 48 -3 17 0 0.01 M M 4.8 20 320 M M 6 28 320
5 56 39 48 -4 17 0 0.05 M M 7.3 21 20 M M 4 3 32 10
6 72 38 55 3 10 0 0.00 M M 5.8 15 170 M M 1 19 180
7 82 42 62 10 3 0 0.00 M M 7.3 31 210 M M 3 43 210
8 72 45 59 6 6 0 0.08 M M 11.2 23 90 M M 6 3 33 90
9 46 36 41 -12 24 0 0.25 M M 7.9 17 20 M M 10 1 23 160
10 45 32 39 -14 26 0 0.45 M M 11.1 21 170 M M 10 1 26 170
11 42 32 37 -17 28 0 0.18 M M 4.8 14 340 M M 9 1 17 30
12 61 31 46 -8 19 0 0.00 M M 6.2 16 170 M M 3 21 180
13 72 40 56 2 9 0 0.00 M M 6.2 18 40 M M 4 25 40
14 71 42 57 2 8 0 T M M 7.0 25 350 M M 4 3 31 360
15 68 44 56 1 9 0 T M M 7.4 24 360 M M 6 13 32 310
16 55 44 50 -6 15 0 0.02 M M 5.7 14 360 M M 8 12 17 330
17 66 45 56 0 9 0 0.06 M M 8.4 21 250 M M 8 13 29 130
18 59 44 52 -4 13 0 0.16 M M 6.0 14 170 M M 7 12 18 170
19 72 43 58 1 7 0 0.00 M M 8.0 22 310 M M 4 29 320
20 80 50 65 8 0 0 0.00 M M 13.4 28 200 M M 3 40 220
21 80 55 68 10 0 3 T M M 14.3 33 170 M M 6 46 160
22 66 45 56 -2 9 0 0.02 M M 6.9 18 220 M M 5 3 24 190
23 72 47 60 2 5 0 0.32 M M 16.7 39 230 M M 5 1 48 270
24 72 39 56 -3 9 0 0.00 M M 6.9 21 360 M M 1 29 360
25 74 38 56 -3 9 0 0.00 M M 8.1 20 180 M M 2 29 200
26 77 55 66 6 0 1 0.00 M M 9.7 22 170 M M 7 33 170
27 73 48 61 1 4 0 0.00 M M 6.6 17 90 M M 3 23 100
28 82 46 64 4 1 0 0.00 M M 8.1 30 200 M M 4 40 200
29 70 50 60 -1 5 0 0.05 M M 8.4 17 130 M M 6 13 26 40
30 57 47 52 -9 13 0 0.51 M M 6.5 23 10 M M 10 13 31 10
31 57 45 51 -11 14 0 0.06 M M 4.0 14 120 M M 9 18 18 110
================================================================================
SM 2053 1308 331 4 3.40 M 249.1 M 177
================================================================================
AV 66.2 42.2 8.0 FASTST M M 6 MAX(MPH)
MISC ----> 39 230 # 48 340
================================================================================
NOTES:
# LAST OF SEVERAL OCCURRENCES
COLUMN 17 PEAK WIND IN M.P.H.
PRELIMINARY LOCAL CLIMATOLOGICAL DATA (WS FORM: F-6) , PAGE 2
STATION: CENTENNIAL CO
MONTH: MAY
YEAR: 2021
LATITUDE: 39 33 N
LONGITUDE: 104 51 W
[TEMPERATURE DATA] [PRECIPITATION DATA] SYMBOLS USED IN COLUMN 16
AVERAGE MONTHLY: 54.2 TOTAL FOR MONTH: 3.40 1 = FOG OR MIST
DPTR FM NORMAL: -1.5 DPTR FM NORMAL: 1.36 2 = FOG REDUCING VISIBILITY
HIGHEST: 83 ON 1 GRTST 24HR 1.17 ON 2- 3 TO 1/4 MILE OR LESS
LOWEST: 31 ON 12 3 = THUNDER
SNOW, ICE PELLETS, HAIL 4 = ICE PELLETS
TOTAL MONTH: M 5 = HAIL
GRTST 24HR M ON M 6 = FREEZING RAIN OR DRIZZLE
GRTST DEPTH: M ON M 7 = DUSTSTORM OR SANDSTORM:
VSBY 1/2 MILE OR LESS
8 = SMOKE OR HAZE
[NO. OF DAYS WITH] [WEATHER - DAYS WITH] 9 = BLOWING SNOW
X = TORNADO
MAX 32 OR BELOW: 0 0.01 INCH OR MORE: 16
MAX 90 OR ABOVE: 0 0.10 INCH OR MORE: 8
MIN 32 OR BELOW: 3 0.50 INCH OR MORE: 2
MIN 0 OR BELOW: 0 1.00 INCH OR MORE: 0
[HDD (BASE 65) ]
TOTAL THIS MO. 331 CLEAR (SCALE 0-3) 5
DPTR FM NORMAL 28 PTCLDY (SCALE 4-7) 18
TOTAL FM JUL 1 5890 CLOUDY (SCALE 8-10) 8
DPTR FM NORMAL -62
[CDD (BASE 65) ]
TOTAL THIS MO. 4
DPTR FM NORMAL -10 [PRESSURE DATA]
TOTAL FM JAN 1 4 HIGHEST SLP M ON M
DPTR FM NORMAL -11 LOWEST SLP 29.45 ON 2
[REMARKS]
#FINAL-05-21#