000
CXUS53 KAPX 010730
CF6APN
PRELIMINARY LOCAL CLIMATOLOGICAL DATA (WS FORM: F-6)
STATION: ALPENA MI
MONTH: MARCH
YEAR: 2023
LATITUDE: 45 4 N
LONGITUDE: 83 34 W
TEMPERATURE IN F: :PCPN: SNOW: WIND :SUNSHINE: SKY :PK WND
================================================================================
1 2 3 4 5 6A 6B 7 8 9 10 11 12 13 14 15 16 17 18
12Z AVG MX 2MIN
DY MAX MIN AVG DEP HDD CDD WTR SNW DPTH SPD SPD DIR MIN PSBL S-S WX SPD DR
================================================================================
1 39 20 30 6 35 0 T 0.0 12 5.6 16 10 M M 7 18 20
2 33 24 29 5 36 0 0.03 0.9 12 5.9 14 10 M M 10 18 10
3 34 23 29 4 36 0 0.00 0.0 11 7.7 17 70 M M 9 24 60
4 45 27 36 11 29 0 0.03 0.0 10 4.6 15 100 M M 4 18 100
5 46 25 36 11 29 0 0.09 0.2 10 5.4 16 330 M M 5 24 340
6 36 26 31 5 34 0 0.21 0.7 9 9.2 20 90 M M 8 28 70
7 38 22 30 4 35 0 0.00 0.0 9 10.2 18 360 M M 1 24 350
8 37 17 27 1 38 0 0.00 0.0 9 7.1 17 20 M M 0 23 10
9 34 15 25 -2 40 0 0.00 0.0 8 5.0 13 40 M M 1 17 30
10 32 26 29 2 36 0 0.12 1.4 9 13.3 20 10 M M 10 18 27 30
11 29 11 20 -7 45 0 0.00 0.0 10 5.6 20 10 M M 3 23 360
12 26 19 23 -5 42 0 0.01 0.1 10 6.2 13 40 M M 10 18 17 70
13 23 19 21 -7 44 0 0.10 1.8 10 9.5 20 320 M M 10 18 27 330
14 31 14 23 -5 42 0 T T 12 10.2 21 350 M M 4 8 27 320
15 44 6 25 -4 40 0 0.00 0.0 11 6.5 13 190 M M 2 20 200
16 51 36 44 15 21 0 0.18 0.0 9 6.5 15 190 M M 7 1 19 180
17 41 25 33 3 32 0 0.29 T 6 10.3 28 270 M M 10 1 42 280
18 27 15 21 -9 44 0 0.06 1.6 7 11.4 22 320 M M 8 18 35 300
19 41 16 29 -1 36 0 T T 7 11.0 22 240 M M 3 1 35 230
20 45 28 37 6 28 0 0.03 0.4 6 8.5 16 240 M M 6 1 25 240
21 36 18 27 -4 38 0 T T 5 6.2 15 100 M M 4 1 20 100
22 44 26 35 4 30 0 0.01 0.0 4 5.0 14 190 M M 9 1 19 180
23 43 27 35 3 30 0 0.00 0.0 3 9.4 20 330 M M 6 29 310
24 38 18 28 -4 37 0 0.00 0.0 1 5.6 10 110 M M 1 M M
25 35 23 29 -4 36 0 0.90 8.3 1 11.5 24 80 M M 8 12 37 80
26 49 26 38 5 27 0 0.00 0.0 10 6.8 16 280 M M 1 29 280
27 41 24 33 0 32 0 0.00 0.0 5 7.4 16 350 M M 2 20 10
28 48 17 33 -1 32 0 0.00 0.0 3 4.7 16 240 M M 2 22 230
29 33 19 26 -8 39 0 T T 2 9.6 29 310 M M 5 18 42 310
30 43 12 28 -6 37 0 0.00 0.0 1 5.3 13 260 M M 0 24 210
31 44 31 38 3 27 0 0.52 T 1 8.4 17 120 M M 10 126 26 130
================================================================================
SM 1186 655 1087 0 2.58 15.4 239.6 M 166
================================================================================
AV 38.3 21.1 7.7 FASTST M M 5 MAX(MPH)
MISC ----> 29 310 # 42 280
================================================================================
NOTES:
# LAST OF SEVERAL OCCURRENCES
COLUMN 17 PEAK WIND IN M.P.H.
PRELIMINARY LOCAL CLIMATOLOGICAL DATA (WS FORM: F-6) , PAGE 2
STATION: ALPENA MI
MONTH: MARCH
YEAR: 2023
LATITUDE: 45 4 N
LONGITUDE: 83 34 W
[TEMPERATURE DATA] [PRECIPITATION DATA] SYMBOLS USED IN COLUMN 16
AVERAGE MONTHLY: 29.7 TOTAL FOR MONTH: 2.58 1 = FOG OR MIST
DPTR FM NORMAL: 0.4 DPTR FM NORMAL: 0.77 2 = FOG REDUCING VISIBILITY
HIGHEST: 51 ON 16 GRTST 24HR 0.90 ON 25-25 TO 1/4 MILE OR LESS
LOWEST: 6 ON 15 3 = THUNDER
SNOW, ICE PELLETS, HAIL 4 = ICE PELLETS
TOTAL MONTH: 15.8 INCHES 5 = HAIL
GRTST 24HR 8.3 ON 25-25 6 = FREEZING RAIN OR DRIZZLE
GRTST DEPTH: 14 ON M 7 = DUSTSTORM OR SANDSTORM:
VSBY 1/2 MILE OR LESS
8 = SMOKE OR HAZE
[NO. OF DAYS WITH] [WEATHER - DAYS WITH] 9 = BLOWING SNOW
X = TORNADO
MAX 32 OR BELOW: 6 0.01 INCH OR MORE: 14
MAX 90 OR ABOVE: 0 0.10 INCH OR MORE: 7
MIN 32 OR BELOW: 30 0.50 INCH OR MORE: 2
MIN 0 OR BELOW: 0 1.00 INCH OR MORE: 0
[HDD (BASE 65) ]
TOTAL THIS MO. 1087 CLEAR (SCALE 0-3) 10
DPTR FM NORMAL -21 PTCLDY (SCALE 4-7) 12
TOTAL FM JUL 1 5956 CLOUDY (SCALE 8-10) 9
DPTR FM NORMAL -676
[CDD (BASE 65) ]
TOTAL THIS MO. 0
DPTR FM NORMAL 0 [PRESSURE DATA]
TOTAL FM JAN 1 0 HIGHEST SLP 30.65 ON 8
DPTR FM NORMAL 0 LOWEST SLP 29.23 ON 17
[REMARKS]
#FINAL-03-23#