000
CXUS53 KAPX 010730
CF6APX
PRELIMINARY LOCAL CLIMATOLOGICAL DATA (WS FORM: F-6)
STATION: GAYLORD WFO
MONTH: MARCH
YEAR: 2024
LATITUDE: 45 4 N
LONGITUDE: 84 43 W
TEMPERATURE IN F: :PCPN: SNOW: WIND :SUNSHINE: SKY :PK WND
================================================================================
1 2 3 4 5 6A 6B 7 8 9 10 11 12 13 14 15 16 17 18
12Z AVG MX 2MIN
DY MAX MIN AVG DEP HDD CDD WTR SNW DPTH SPD SPD DIR MIN PSBL S-S WX SPD DR
================================================================================
1 48 25 37 14 28 0 0.00 0.0 1 M M M M M M M M
2 53 34 44 20 21 0 0.00 0.0 0 M M M M M M M M
3 52 35 44 20 21 0 0.00 0.0 0 M M M M M M M M
4 66 36 51 27 14 0 1.07 0.0 0 M M M M M M M M
5 46 32 39 14 26 0 1.09 0.0 0 M M M M M M M M
6 47 28 38 13 27 0 0.00 0.0 0 M M M M M M M M
7 49 28 39 14 26 0 0.00 0.0 0 M M M M M M M M
8 46 32 39 13 26 0 0.55 0.0 0 M M M M M M M M
9 35 26 31 5 34 0 0.32 1.7 1 M M M M M M M M
10 34 23 29 3 36 0 0.06 0.7 1 M M M M M M M M
11 55 23 39 12 26 0 0.00 0.0 T M M M M M M M M
12 69 37 53 26 12 0 0.00 0.0 0 M M M M M M M M
13 61 37 49 22 16 0 0.00 0.0 0 M M M M M M M M
14 50 34 42 14 23 0 T 0.0 0 M M M M M M M M
15 41 27 34 6 31 0 0.00 0.0 0 M M M M M M M M
16 47 31 39 11 26 0 0.01 T 0 M M M M M M M M
17 32 21 27 -2 38 0 0.12 2.1 2 M M M M M M M M
18 28 23 26 -3 39 0 0.01 0.3 1 M M M M M M M M
19 34 24 29 -1 36 0 0.04 0.8 1 M M M M M M M M
20 25 16 21 -9 44 0 0.23 4.3 2 M M M M M M 9 M M
21 27 16 22 -8 43 0 T 0.1 3 M M M M M M M M
22 29 17 23 -8 42 0 0.13 2.0 2 M M M M M M M M
23 30 16 23 -8 42 0 T T 3 M M M M M M M M
24 34 15 25 -6 40 0 0.02 0.1 2 M M M M M M M M
25 56 27 42 10 23 0 0.00 0.0 2 M M M M M M M M
26 55 36 46 14 19 0 0.35 0.0 0 M M M M M M M M
27 36 26 31 -2 34 0 T T 0 M M M M M M M M
28 36 25 31 -2 34 0 0.00 0.0 0 M M M M M M M M
29 39 22 31 -2 34 0 0.00 0.0 0 M M M M M M M M
30 36 25 31 -3 34 0 0.13 0.6 0 M M M M M M M M
31 42 28 35 1 30 0 T T T M M M M M M M M
================================================================================
SM 1338 825 925 0 4.13 12.7 M M M
================================================================================
AV 43.2 26.6 M FASTST M M M MAX(MPH)
MISC ----> M M M M
================================================================================
NOTES:
# LAST OF SEVERAL OCCURRENCES
COLUMN 17 PEAK WIND IN M.P.H.
PRELIMINARY LOCAL CLIMATOLOGICAL DATA (WS FORM: F-6) , PAGE 2
STATION: GAYLORD WFO
MONTH: MARCH
YEAR: 2024
LATITUDE: 45 4 N
LONGITUDE: 84 43 W
[TEMPERATURE DATA] [PRECIPITATION DATA] SYMBOLS USED IN COLUMN 16
AVERAGE MONTHLY: 34.9 TOTAL FOR MONTH: 4.13 1 = FOG OR MIST
DPTR FM NORMAL: 6.3 DPTR FM NORMAL: 1.87 2 = FOG REDUCING VISIBILITY
HIGHEST: 69 ON 12 GRTST 24HR 1.09 ON 5- 5 TO 1/4 MILE OR LESS
LOWEST: 15 ON 24 3 = THUNDER
SNOW, ICE PELLETS, HAIL 4 = ICE PELLETS
TOTAL MONTH: 12.7 INCHES 5 = HAIL
GRTST 24HR 4.3 ON 20-20 6 = FREEZING RAIN OR DRIZZLE
GRTST DEPTH: 3 ON 23,21 7 = DUSTSTORM OR SANDSTORM:
VSBY 1/2 MILE OR LESS
8 = SMOKE OR HAZE
[NO. OF DAYS WITH] [WEATHER - DAYS WITH] 9 = BLOWING SNOW
X = TORNADO
MAX 32 OR BELOW: 6 0.01 INCH OR MORE: 14
MAX 90 OR ABOVE: 0 0.10 INCH OR MORE: 9
MIN 32 OR BELOW: 24 0.50 INCH OR MORE: 3
MIN 0 OR BELOW: 0 1.00 INCH OR MORE: 2
[HDD (BASE 65) ]
TOTAL THIS MO. 925 CLEAR (SCALE 0-3) 0
DPTR FM NORMAL -206 PTCLDY (SCALE 4-7) 0
TOTAL FM JUL 1 5873 CLOUDY (SCALE 8-10) 31
DPTR FM NORMAL -1075
[CDD (BASE 65) ]
TOTAL THIS MO. 0
DPTR FM NORMAL -1 [PRESSURE DATA]
TOTAL FM JAN 1 0 HIGHEST SLP M ON M
DPTR FM NORMAL -1 LOWEST SLP M ON M
[REMARKS]
#FINAL-03-24#