000
CXUS54 KEWX 011110
CF6AQO
PRELIMINARY LOCAL CLIMATOLOGICAL DATA (WS FORM: F-6)
STATION: LLANO MUNICIPAL AIRPORT
MONTH: FEBRUARY
YEAR: 2022
LATITUDE: 30 47 N
LONGITUDE: 98 40 W
TEMPERATURE IN F: :PCPN: SNOW: WIND :SUNSHINE: SKY :PK WND
================================================================================
1 2 3 4 5 6A 6B 7 8 9 10 11 12 13 14 15 16 17 18
12Z AVG MX 2MIN
DY MAX MIN AVG DEP HDD CDD WTR SNW DPTH SPD SPD DIR MIN PSBL S-S WX SPD DR
================================================================================
1 72 48 60 M 5 0 0.00 M M 4.5 10 120 M M 7 12 15 120
2 54 32 43 M 22 0 0.04 M M 7.4 17 330 M M 9 1 25 330
3 32 19 26 M 39 0 0.28 M M 15.8 21 320 M M 10 18 28 330
4 36 19 28 M 37 0 0.00 M M 11.7 20 320 M M 6 30 330
5 54 14 34 M 31 0 0.00 M M 1.6 8 180 M M 3 M M
6 59 21 40 M 25 0 0.00 M M 1.8 6 340 M M 4 M M
7 59 30 45 M 20 0 0.00 M M 5.8 15 360 M M 4 23 20
8 66 21 44 M 21 0 0.00 M M 3.6 10 250 M M 4 17 250
9 72 27 50 M 15 0 0.00 M M 2.0 8 270 M M 4 15 99
10 72 28 50 M 15 0 0.00 M M 2.0 10 270 M M 4 14 270
11 77 32 55 M 10 0 0.00 M M 5.7 15 210 M M 4 25 210
12 52 27 40 M 25 0 0.00 M M 10.7 25 20 M M 6 36 20
13 64 19 42 M 23 0 0.00 M M 4.3 14 310 M M 3 21 310
14 72 25 49 M 16 0 0.00 M M 4.9 15 190 M M 3 23 190
15 73 34 54 M 11 0 0.00 M M 7.5 18 180 M M 5 31 180
16 75 59 67 M 0 2 0.00 M M 12.8 23 180 M M 8 29 180
17 68 32 50 M 15 0 0.00 M M 14.2 27 320 M M 6 33 320
18 59 25 42 M 23 0 0.00 M M 4.3 12 350 M M 4 12 320
19 66 23 45 M 20 0 0.00 M M 3.6 10 120 M M 3 15 120
20 72 30 51 M 14 0 0.00 M M 5.3 17 200 M M 5 8 24 200
21 88 54 71 M 0 6 0.00 M M 8.4 17 190 M M 5 24 180
22 81 43 62 M 3 0 0.00 M M 7.9 17 360 M M 5 1 23 360
23 43 25 34 M 31 0 0.00 M M 11.9 16 10 M M 10 1 22 340
24 34 25 30 M 35 0 0.00 M M 7.6 13 340 M M 10 1 17 350
25 37 25 31 M 34 0 0.00 M M 8.8 13 10 M M 10 18 20
26 37 32 35 M 30 0 0.00 M M 6.0 8 10 M M 10 1 M M
27 61 28 45 M 20 0 0.00 M M 6.6 13 340 M M 5 17 360
28 68 19 44 M 21 0 0.00 M M 1.9 6 90 M M 3 M M
================================================================================
SM 1703 816 561 8 0.32 M 188.7 M 160
================================================================================
AV 60.8 29.1 6.7 FASTST M M 6 MAX(MPH)
MISC ----> 27 320 36 20
================================================================================
NOTES:
# LAST OF SEVERAL OCCURRENCES
COLUMN 17 PEAK WIND IN M.P.H.
PRELIMINARY LOCAL CLIMATOLOGICAL DATA (WS FORM: F-6) , PAGE 2
STATION: LLANO MUNICIPAL AIRPORT
MONTH: FEBRUARY
YEAR: 2022
LATITUDE: 30 47 N
LONGITUDE: 98 40 W
[TEMPERATURE DATA] [PRECIPITATION DATA] SYMBOLS USED IN COLUMN 16
AVERAGE MONTHLY: 45.0 TOTAL FOR MONTH: 0.32 1 = FOG OR MIST
DPTR FM NORMAL: 0.0 DPTR FM NORMAL: 0.32 2 = FOG REDUCING VISIBILITY
HIGHEST: 88 ON 21 GRTST 24HR 0.28 ON 3- 3 TO 1/4 MILE OR LESS
LOWEST: 14 ON 5 3 = THUNDER
SNOW, ICE PELLETS, HAIL 4 = ICE PELLETS
TOTAL MONTH: M 5 = HAIL
GRTST 24HR M ON M 6 = FREEZING RAIN OR DRIZZLE
GRTST DEPTH: M ON M 7 = DUSTSTORM OR SANDSTORM:
VSBY 1/2 MILE OR LESS
8 = SMOKE OR HAZE
[NO. OF DAYS WITH] [WEATHER - DAYS WITH] 9 = BLOWING SNOW
X = TORNADO
MAX 32 OR BELOW: 1 0.01 INCH OR MORE: 2
MAX 90 OR ABOVE: 0 0.10 INCH OR MORE: 1
MIN 32 OR BELOW: 23 0.50 INCH OR MORE: 0
MIN 0 OR BELOW: 0 1.00 INCH OR MORE: 0
[HDD (BASE 65) ]
TOTAL THIS MO. 561 CLEAR (SCALE 0-3) 4
DPTR FM NORMAL M PTCLDY (SCALE 4-7) 18
TOTAL FM JUL 1 1601 CLOUDY (SCALE 8-10) 6
DPTR FM NORMAL M
[CDD (BASE 65) ]
TOTAL THIS MO. 8
DPTR FM NORMAL M [PRESSURE DATA]
TOTAL FM JAN 1 8 HIGHEST SLP M ON M
DPTR FM NORMAL M LOWEST SLP M ON M
[REMARKS]
#FINAL-02-22#