000
CXUS54 KLCH 011512
CF6ARA
PRELIMINARY LOCAL CLIMATOLOGICAL DATA (WS FORM: F-6)
STATION: NEW IBERIA
MONTH: FEBRUARY
YEAR: 2021
LATITUDE: 30 1 N
LONGITUDE: 91 53 W
TEMPERATURE IN F: :PCPN: SNOW: WIND :SUNSHINE: SKY :PK WND
================================================================================
1 2 3 4 5 6A 6B 7 8 9 10 11 12 13 14 15 16 17 18
12Z AVG MX 2MIN
DY MAX MIN AVG DEP HDD CDD WTR SNW DPTH SPD SPD DIR MIN PSBL S-S WX SPD DR
================================================================================
1 58 40 49 -5 16 0 0.00 0.0 M 12.0 21 360 M M 1 29 340
2 59 35 47 -7 18 0 0.00 0.0 M 5.8 12 20 M M 0 19 20
3 62 36 49 -5 16 0 0.00 0.0 M 5.1 12 190 M M 0 15 180
4 68 42 55 1 10 0 T M M 11.1 28 190 M M 6 1 34 190
5 62 43 53 -1 12 0 0.34 0.0 M 12.3 22 350 M M 10 1 31 350
6 57 47 52 -2 13 0 0.07 M M 7.6 15 340 M M 10 1 22 350
7 62 44 53 -1 12 0 0.00 M M 8.4 20 350 M M 4 28 350
8 72 43 58 4 7 0 0.00 M M 7.8 15 170 M M 4 20 160
9 78 59 69 15 0 4 0.00 M M 4.3 13 220 M M 8 1 16 210
10 78 61 70 15 0 5 0.10 M M 7.1 15 190 M M 9 13 20 200
11 69 40 55 0 10 0 1.12 M M 12.3 22 10 M M 10 123 30 360
12 42 34 38 -17 27 0 0.72 M M 16.9 29 20 M M 10 13 39 20
13 43 33 38 -17 27 0 0.00 M M 17.2 24 20 M M 8 1 34 360
14 36 29 33 -22 32 0 T M M 14.1 22 10 M M 10 16 29 10
15 30 22 26 -30 39 0 0.25 T M 15.1 30 320 M M 7 1346 41 330
16 32 18 25 -31 40 0 0.00 M M 8.2 15 320 M M 6 8 20 320
17 40 25 33 -23 32 0 0.54 M M 14.1 23 40 M M 9 13 33 350
18 37 31 34 -22 31 0 0.00 M M 18.3 26 360 M M 10 1 34 360
19 48 27 38 -18 27 0 0.00 M M 12.7 22 360 M M 2 29 10
20 59 26 43 -14 22 0 0.00 M M 5.0 10 50 M M 0 8 13 40
21 67 33 50 -7 15 0 0.00 M M 8.4 20 160 M M 8 18 26 160
22 71 41 56 -1 9 0 T M M 6.0 17 20 M M 2 18 27 360
23 71 35 53 -4 12 0 0.00 M M 4.3 13 220 M M 0 16 190
24 73 42 58 0 7 0 0.00 M M 7.7 18 210 M M 6 12 23 210
25 77 56 67 9 0 2 0.00 M M 5.2 14 200 M M 9 12 19 180
26 78 59 69 11 0 4 0.00 M M 11.7 22 180 M M 7 1 30 200
27 80 66 73 15 0 8 0.00 0.0 M 12.5 28 170 M M 7 12 37 180
28 80 68 74 16 0 9 0.00 M M 15.2 29 190 M M 9 1 40 180
================================================================================
SM 1689 1135 434 32 3.14 T 286.4 M 172
================================================================================
AV 60.3 40.5 10.2 FASTST M M 6 MAX(MPH)
MISC ----> 30 320 41 330
================================================================================
NOTES:
# LAST OF SEVERAL OCCURRENCES
COLUMN 17 PEAK WIND IN M.P.H.
PRELIMINARY LOCAL CLIMATOLOGICAL DATA (WS FORM: F-6) , PAGE 2
STATION: NEW IBERIA
MONTH: FEBRUARY
YEAR: 2021
LATITUDE: 30 1 N
LONGITUDE: 91 53 W
[TEMPERATURE DATA] [PRECIPITATION DATA] SYMBOLS USED IN COLUMN 16
AVERAGE MONTHLY: 50.4 TOTAL FOR MONTH: 3.14 1 = FOG OR MIST
DPTR FM NORMAL: -5.3 DPTR FM NORMAL: -1.05 2 = FOG REDUCING VISIBILITY
HIGHEST: 80 ON 28,27 GRTST 24HR 1.80 ON 11-12 TO 1/4 MILE OR LESS
LOWEST: 18 ON 16 3 = THUNDER
SNOW, ICE PELLETS, HAIL 4 = ICE PELLETS
TOTAL MONTH: T 5 = HAIL
GRTST 24HR T ON 15-15 6 = FREEZING RAIN OR DRIZZLE
GRTST DEPTH: M ON M 7 = DUSTSTORM OR SANDSTORM:
VSBY 1/2 MILE OR LESS
8 = SMOKE OR HAZE
[NO. OF DAYS WITH] [WEATHER - DAYS WITH] 9 = BLOWING SNOW
X = TORNADO
MAX 32 OR BELOW: 2 0.01 INCH OR MORE: 7
MAX 90 OR ABOVE: 0 0.10 INCH OR MORE: 6
MIN 32 OR BELOW: 7 0.50 INCH OR MORE: 3
MIN 0 OR BELOW: 0 1.00 INCH OR MORE: 1
[HDD (BASE 65) ]
TOTAL THIS MO. 434 CLEAR (SCALE 0-3) 7
DPTR FM NORMAL 155 PTCLDY (SCALE 4-7) 9
TOTAL FM JUL 1 1264 CLOUDY (SCALE 8-10) 12
DPTR FM NORMAL 48
[CDD (BASE 65) ]
TOTAL THIS MO. 32
DPTR FM NORMAL 13 [PRESSURE DATA]
TOTAL FM JAN 1 41 HIGHEST SLP 30.46 ON 20
DPTR FM NORMAL 5 LOWEST SLP 29.78 ON 6
[REMARKS]
#FINAL-02-21#