000
CXUS51 KBUF 190805
CF6ART
PRELIMINARY LOCAL CLIMATOLOGICAL DATA (WS FORM: F-6)
STATION: WATERTOWN NY
MONTH: APRIL
YEAR: 2024
LATITUDE: 43 59 N
LONGITUDE: 76 2 W
TEMPERATURE IN F: :PCPN: SNOW: WIND :SUNSHINE: SKY :PK WND
================================================================================
1 2 3 4 5 6A 6B 7 8 9 10 11 12 13 14 15 16 17 18
12Z AVG MX 2MIN
DY MAX MIN AVG DEP HDD CDD WTR SNW DPTH SPD SPD DIR MIN PSBL S-S WX SPD DR
================================================================================
1 56 30 43 6 22 0 0.00 M M 5.2 17 20 M M 3 23 30
2 57 34 46 9 19 0 0.02 M M 10.1 18 80 M M 5 26 60
3 47 33 40 2 25 0 1.46 M M 9.2 23 100 M M 10 1 42 90
4 39 33 36 -2 29 0 0.04 M M 14.2 23 40 M M 10 1 32 40
5 42 33 38 0 27 0 0.13 M M 8.1 17 300 M M 10 1 22 290
6 53 36 45 6 20 0 T M M 7.5 20 60 M M 8 27 340
7 57 28 43 4 22 0 0.00 M M 5.6 20 20 M M 1 28 30
8 61 24 43 3 22 0 0.00 M M 2.7 12 280 M M 1 14 290
9 73 31 52 12 13 0 0.14 M M 4.5 14 30 M M 1 3 19 40
10 61 42 52 11 13 0 0.21 M M 6.0 13 270 M M 7 13 18 210
11 67 42 55 14 10 0 0.99 M M 8.8 22 150 M M 9 1 40 130
12 70 42 56 14 9 0 0.75 M M 15.7 25 250 M M 8 1 43 190
13 48 39 44 2 21 0 0.23 M M 17.2 28 270 M M 8 1 42 260
14 52 37 45 3 20 0 0.06 M M 5.4 16 200 M M 7 1 26 200
15 54 35 45 2 20 0 0.00 M M 5.9 17 260 M M 5 1 24 280
16 58 33 46 3 19 0 0.00 M M 5.3 14 280 M M 0 19 260
17 59 34 47 3 18 0 0.15 M M 10.0 21 40 M M 4 1 27 30
18 53 47 50 6 15 0 0.34 M M 6.1 14 170 M M 10 1 23 160
================================================================================
SM 1007 633 344 0 4.52 M 147.5 M 107
================================================================================
AV 55.9 35.2 8.2 FASTST M M 6 MAX(MPH)
MISC ----> 28 270 43 190
================================================================================
NOTES:
# LAST OF SEVERAL OCCURRENCES
COLUMN 17 PEAK WIND IN M.P.H.
PRELIMINARY LOCAL CLIMATOLOGICAL DATA (WS FORM: F-6) , PAGE 2
STATION: WATERTOWN NY
MONTH: APRIL
YEAR: 2024
LATITUDE: 43 59 N
LONGITUDE: 76 2 W
[TEMPERATURE DATA] [PRECIPITATION DATA] SYMBOLS USED IN COLUMN 16
AVERAGE MONTHLY: 45.6 TOTAL FOR MONTH: 4.52 1 = FOG OR MIST
DPTR FM NORMAL: 5.1 DPTR FM NORMAL: 2.70 2 = FOG REDUCING VISIBILITY
HIGHEST: 73 ON 9 GRTST 24HR 1.49 ON 3- 4 TO 1/4 MILE OR LESS
LOWEST: 24 ON 8 3 = THUNDER
SNOW, ICE PELLETS, HAIL 4 = ICE PELLETS
TOTAL MONTH: M 5 = HAIL
GRTST 24HR M ON M 6 = FREEZING RAIN OR DRIZZLE
GRTST DEPTH: M ON M 7 = DUSTSTORM OR SANDSTORM:
VSBY 1/2 MILE OR LESS
8 = SMOKE OR HAZE
[NO. OF DAYS WITH] [WEATHER - DAYS WITH] 9 = BLOWING SNOW
X = TORNADO
MAX 32 OR BELOW: 0 0.01 INCH OR MORE: 12
MAX 90 OR ABOVE: 0 0.10 INCH OR MORE: 9
MIN 32 OR BELOW: 4 0.50 INCH OR MORE: 3
MIN 0 OR BELOW: 0 1.00 INCH OR MORE: 1
[HDD (BASE 65) ]
TOTAL THIS MO. 344 CLEAR (SCALE 0-3) 4
DPTR FM NORMAL -100 PTCLDY (SCALE 4-7) 7
TOTAL FM JUL 1 5645 CLOUDY (SCALE 8-10) 7
DPTR FM NORMAL -1238
[CDD (BASE 65) ]
TOTAL THIS MO. 0
DPTR FM NORMAL 0 [PRESSURE DATA]
TOTAL FM JAN 1 0 HIGHEST SLP M ON M
DPTR FM NORMAL 0 LOWEST SLP 29.02 ON 12
[REMARKS]