000
CXUS51 KBUF 010805
CF6ART
PRELIMINARY LOCAL CLIMATOLOGICAL DATA (WS FORM: F-6)
STATION: WATERTOWN NY
MONTH: OCTOBER
YEAR: 2021
LATITUDE: 43 59 N
LONGITUDE: 76 2 W
TEMPERATURE IN F: :PCPN: SNOW: WIND :SUNSHINE: SKY :PK WND
================================================================================
1 2 3 4 5 6A 6B 7 8 9 10 11 12 13 14 15 16 17 18
12Z AVG MX 2MIN
DY MAX MIN AVG DEP HDD CDD WTR SNW DPTH SPD SPD DIR MIN PSBL S-S WX SPD DR
================================================================================
1 61 36 49 -5 16 0 0.00 M M 5.2 14 260 M M 2 1 19 260
2 67 54 61 7 4 0 0.04 M M 5.9 15 220 M M 8 20 210
3 63 58 61 7 4 0 0.17 M M 6.4 13 60 M M 9 1 16 60
4 62 55 59 6 6 0 0.01 M M 9.1 16 40 M M 10 19 50
5 64 57 61 8 4 0 0.00 M M 5.3 10 10 M M 10 13 30
6 72 48 60 8 5 0 0.00 M M 2.2 10 270 M M 5 12 14 270
7 74 47 61 9 4 0 0.00 M M 2.3 10 280 M M 7 1 12 280
8 74 55 65 13 0 0 0.00 M M 3.6 10 50 M M 3 13 350
9 71 62 67 16 0 2 0.00 M M 6.3 15 140 M M 0 21 160
10 71 55 63 12 2 0 0.01 M M 4.7 14 160 M M 0 19 150
11 77 50 64 14 1 0 0.00 M M 3.3 13 160 M M 0 17 140
12 78 53 66 16 0 1 0.00 M M 3.8 15 270 M M 0 17 270
13 70 58 64 14 1 0 0.03 M M 6.0 12 220 M M 0 1 17 260
14 71 57 64 15 1 0 0.00 M M 2.7 12 280 M M 0 12 14 280
15 70 60 65 16 0 0 0.59 M M 4.5 13 230 M M 0 138 16 260
16 70 52 61 12 4 0 1.02 M M 10.3 21 270 M M 0 1 29 260
17 57 41 49 1 16 0 0.02 M M 5.6 18 310 M M 0 24 280
18 M M M M M M M M M M M M M M M 1 M M
19 M M M M M M 0.00 M M M M M M M 0 M M
20 M M M M M M M M M M M M M M M M M
21 69 57 63 16 2 0 0.34 M M 7.7 16 270 M M 4 1 27 170
22 60 38 49 2 16 0 0.14 M M 7.6 23 330 M M 9 1 31 340
23 51 31 41 -5 24 0 0.00 M M 4.6 12 280 M M 2 14 290
24 57 29 43 -3 22 0 T M M 3.8 13 280 M M 3 18 17 280
25 48 45 47 1 18 0 0.31 M M 12.1 22 40 M M 10 1 27 40
26 49 45 47 2 18 0 1.28 M M 13.0 21 30 M M 10 1 28 30
27 56 39 48 3 17 0 0.00 M M 11.0 21 40 M M 0 26 20
28 52 34 43 -2 22 0 0.00 M M 8.1 16 40 M M 1 20 60
29 61 31 46 2 19 0 T M M 6.1 20 80 M M 2 24 80
30 55 44 50 6 15 0 0.93 M M 7.5 14 40 M M 10 1 17 40
31 56 46 51 7 14 0 T M M 8.3 21 260 M M 9 12 30 230
================================================================================
SM 1786 1337 255 3 4.89 M 177.0 M 114
================================================================================
AV 63.8 47.8 6.3 FASTST M M 4 MAX(MPH)
MISC ----> 23 330 31 340
================================================================================
NOTES:
# LAST OF SEVERAL OCCURRENCES
COLUMN 17 PEAK WIND IN M.P.H.
PRELIMINARY LOCAL CLIMATOLOGICAL DATA (WS FORM: F-6) , PAGE 2
STATION: WATERTOWN NY
MONTH: OCTOBER
YEAR: 2021
LATITUDE: 43 59 N
LONGITUDE: 76 2 W
[TEMPERATURE DATA] [PRECIPITATION DATA] SYMBOLS USED IN COLUMN 16
AVERAGE MONTHLY: 55.8 TOTAL FOR MONTH: 4.89 1 = FOG OR MIST
DPTR FM NORMAL: 7.0 DPTR FM NORMAL: 0.67 2 = FOG REDUCING VISIBILITY
HIGHEST: 78 ON 12 GRTST 24HR 1.61 ON 15-16 TO 1/4 MILE OR LESS
LOWEST: 29 ON 24 3 = THUNDER
SNOW, ICE PELLETS, HAIL 4 = ICE PELLETS
TOTAL MONTH: M 5 = HAIL
GRTST 24HR M ON M 6 = FREEZING RAIN OR DRIZZLE
GRTST DEPTH: M ON M 7 = DUSTSTORM OR SANDSTORM:
VSBY 1/2 MILE OR LESS
8 = SMOKE OR HAZE
[NO. OF DAYS WITH] [WEATHER - DAYS WITH] 9 = BLOWING SNOW
X = TORNADO
MAX 32 OR BELOW: 0 0.01 INCH OR MORE: 13
MAX 90 OR ABOVE: 0 0.10 INCH OR MORE: 8
MIN 32 OR BELOW: 3 0.50 INCH OR MORE: 4
MIN 0 OR BELOW: 0 1.00 INCH OR MORE: 2
[HDD (BASE 65) ]
TOTAL THIS MO. 255 CLEAR (SCALE 0-3) 17
DPTR FM NORMAL -251 PTCLDY (SCALE 4-7) 3
TOTAL FM JUL 1 408 CLOUDY (SCALE 8-10) 11
DPTR FM NORMAL -348
[CDD (BASE 65) ]
TOTAL THIS MO. 3
DPTR FM NORMAL -1 [PRESSURE DATA]
TOTAL FM JAN 1 546 HIGHEST SLP 30.13 ON 24
DPTR FM NORMAL 161 LOWEST SLP 29.49 ON 31
[REMARKS]
#FINAL-10-21#