000
CXUS51 KBUF 011034
CLMART
CLIMATE REPORT
NATIONAL WEATHER SERVICE BUFFALO NY
634 AM EDT SAT APR 01 2023
...................................
...THE WATERTOWN NY CLIMATE SUMMARY FOR THE MONTH OF MARCH 2023...
CLIMATE NORMAL PERIOD: 1991 TO 2020
CLIMATE RECORD PERIOD: 1949 TO 2023
WEATHER OBSERVED NORMAL DEPART LAST YEAR`S
VALUE DATE(S) VALUE FROM VALUE DATE(S)
NORMAL
................................................................
TEMPERATURE (F)
RECORD
HIGH 84 03/30/1977
LOW -24 03/12/1984
HIGHEST 53 03/22 66 03/06
03/29
03/17
03/31
LOWEST 8 03/12 -19 03/04
AVG. MAXIMUM 39.9 40.0 -0.1 43.2
AVG. MINIMUM 22.5 20.7 1.8 23.1
MEAN 31.2 30.4 0.8 33.2
DAYS MAX >= 90 0 0.0 0.0 0
DAYS MAX <= 32 2 7.5 -5.5 6
DAYS MIN <= 32 29 25.3 3.7 21
DAYS MIN <= 0 0 2.6 -2.6 2
PRECIPITATION (INCHES)
RECORD
MAXIMUM 5.72 1999
MINIMUM 0.15 2004
TOTALS 2.37 2.37 0.00 2.66
DAYS >= .01 13 12.5 0.5 19
DAYS >= .10 9 6.3 2.7 9
DAYS >= .50 0 1.2 -1.2 1
DAYS >= 1.00 0 0.2 -0.2 0
GREATEST
24 HR. TOTAL 0.50 03/25 TO 03/26 0.97 03/19 TO 03/20
DEGREE DAYS
HEATING TOTAL 1038 1074 -36 982
SINCE 7/1 5702 6440 -738 MM
COOLING TOTAL 0 0 0 0
SINCE 1/1 0 0 0 MM
................................................................
WIND (MPH)
AVERAGE WIND SPEED 8.3
HIGHEST WIND SPEED/DIRECTION 36/260
36/280
HIGHEST GUST SPEED/DIRECTION 53/250 DATE 03/19
SKY COVER
POSSIBLE SUNSHINE (PERCENT) MM
AVERAGE SKY COVER 0.60
NUMBER OF DAYS FAIR 7
NUMBER OF DAYS PC 12
NUMBER OF DAYS CLOUDY 12
AVERAGE RH (PERCENT) 73
WEATHER CONDITIONS. NUMBER OF DAYS WITH
THUNDERSTORM 0 MIXED PRECIP 0
HEAVY RAIN 2 RAIN 4
LIGHT RAIN 9 FREEZING RAIN 0
LT FREEZING RAIN 0 HAIL 0
HEAVY SNOW 2 SNOW 3
LIGHT SNOW 13 SLEET 0
FOG 18 FOG W/VIS <= 1/4 MILE 2
HAZE 2
- INDICATES NEGATIVE NUMBERS.
R INDICATES RECORD WAS SET OR TIED.
MM INDICATES DATA IS MISSING.
T INDICATES TRACE AMOUNT.
$$