000
CXUS55 KGJT 011707
CF6ASE
PRELIMINARY LOCAL CLIMATOLOGICAL DATA (WS FORM: F-6)
STATION: ASPEN CO
MONTH: FEBRUARY
YEAR: 2024
LATITUDE: 39 13 N
LONGITUDE: 106 52 W
TEMPERATURE IN F: :PCPN: SNOW: WIND :SUNSHINE: SKY :PK WND
================================================================================
1 2 3 4 5 6A 6B 7 8 9 10 11 12 13 14 15 16 17 18
12Z AVG MX 2MIN
DY MAX MIN AVG DEP HDD CDD WTR SNW DPTH SPD SPD DIR MIN PSBL S-S WX SPD DR
================================================================================
1 47 20 34 11 31 0 0.00 M M 6.1 12 150 M M 2 17 140
2 45 30 38 15 27 0 0.21 M M 6.3 18 190 M M 6 18 24 170
3 30 22 26 3 39 0 0.13 M M 5.6 14 10 M M 10 1 20 10
4 32 8 20 -3 45 0 0.02 M M 4.6 14 310 M M 5 1 18 310
5 40 7 24 1 41 0 0.00 M M 4.6 10 190 M M 0 12 190
6 48 21 35 11 30 0 0.00 M M 10.0 29 150 M M 4 40 130
7 38 24 31 7 34 0 0.02 M M 5.1 17 330 M M 8 18 28 320
8 35 13 24 0 41 0 0.06 M M 3.6 13 360 M M 7 18 19 10
9 31 14 23 -1 42 0 0.06 M M 3.6 14 320 M M 8 1 17 320
10 29 10 20 -4 45 0 0.02 M M 4.1 12 350 M M 7 1 17 350
11 29 6 18 -6 47 0 0.00 M M 4.7 13 330 M M 3 17 320
12 38 4 21 -3 44 0 0.00 M M 5.0 10 210 M M 4 14 290
13 42 10 26 1 39 0 0.00 M M 6.9 12 190 M M 0 8 15 190
14 39 19 29 4 36 0 0.02 M M 5.0 13 250 M M 8 18 23 230
15 44 17 31 6 34 0 0.03 M M 4.6 16 330 M M 8 18 26 330
16 34 17 26 1 39 0 0.12 M M 5.6 20 320 M M 10 128 36 340
17 32 7 20 -5 45 0 0.04 M M 4.8 12 320 M M 4 18 18 230
18 32 2 17 -9 48 0 T M M 3.4 13 200 M M 7 1 15 200
19 47 16 32 6 33 0 0.00 M M 5.7 13 330 M M 2 16 330
20 44 28 36 10 29 0 T M M 5.8 24 170 M M 9 32 170
21 45 24 35 9 30 0 0.00 M M 6.4 15 190 M M 5 36 190
22 36 23 30 3 35 0 0.08 M M 4.5 17 320 M M 9 18 24 320
23 39 17 28 1 37 0 0.00 M M 6.6 13 350 M M 4 17 190
24 44 9 27 0 38 0 0.00 M M 6.0 13 330 M M 0 16 320
25 48 13 31 3 34 0 0.00 M M 6.0 18 230 M M 2 29 230
26 46 32 39 11 26 0 T M M 9.0 24 200 M M 6 43 210
27 37 2 20 -8 45 0 0.08 M M 8.1 22 330 M M 10 1 39 320
28 35 -7 14 -14 51 0 0.00 M M 5.6 13 210 M M 0 8 19 210
29 47 9 28 -1 37 0 0.00 M M 5.0 13 190 M M 0 20 210
================================================================================
SM 1133 417 1102 0 0.89 M 162.3 M 148
================================================================================
AV 39.1 14.4 5.6 FASTST M M 5 MAX(MPH)
MISC ----> 29 150 43 210
================================================================================
NOTES:
# LAST OF SEVERAL OCCURRENCES
COLUMN 17 PEAK WIND IN M.P.H.
PRELIMINARY LOCAL CLIMATOLOGICAL DATA (WS FORM: F-6) , PAGE 2
STATION: ASPEN CO
MONTH: FEBRUARY
YEAR: 2024
LATITUDE: 39 13 N
LONGITUDE: 106 52 W
[TEMPERATURE DATA] [PRECIPITATION DATA] SYMBOLS USED IN COLUMN 16
AVERAGE MONTHLY: 26.7 TOTAL FOR MONTH: 0.89 1 = FOG OR MIST
DPTR FM NORMAL: 1.5 DPTR FM NORMAL: -0.01 2 = FOG REDUCING VISIBILITY
HIGHEST: 48 ON 25, 6 GRTST 24HR 0.24 ON 2- 3 TO 1/4 MILE OR LESS
LOWEST: -7 ON 28 3 = THUNDER
SNOW, ICE PELLETS, HAIL 4 = ICE PELLETS
TOTAL MONTH: M 5 = HAIL
GRTST 24HR M ON M 6 = FREEZING RAIN OR DRIZZLE
GRTST DEPTH: M ON M 7 = DUSTSTORM OR SANDSTORM:
VSBY 1/2 MILE OR LESS
8 = SMOKE OR HAZE
[NO. OF DAYS WITH] [WEATHER - DAYS WITH] 9 = BLOWING SNOW
X = TORNADO
MAX 32 OR BELOW: 7 0.01 INCH OR MORE: 13
MAX 90 OR ABOVE: 0 0.10 INCH OR MORE: 3
MIN 32 OR BELOW: 29 0.50 INCH OR MORE: 0
MIN 0 OR BELOW: 1 1.00 INCH OR MORE: 0
[HDD (BASE 65) ]
TOTAL THIS MO. 1102 CLEAR (SCALE 0-3) 8
DPTR FM NORMAL -12 PTCLDY (SCALE 4-7) 15
TOTAL FM JUL 1 5583 CLOUDY (SCALE 8-10) 6
DPTR FM NORMAL -309
[CDD (BASE 65) ]
TOTAL THIS MO. 0
DPTR FM NORMAL 0 [PRESSURE DATA]
TOTAL FM JAN 1 0 HIGHEST SLP 30.45 ON 28
DPTR FM NORMAL 0 LOWEST SLP 29.31 ON 2
[REMARKS]
#FINAL-02-24#