000
CXUS55 KGJT 010910
CF6ASE
PRELIMINARY LOCAL CLIMATOLOGICAL DATA (WS FORM: F-6)
STATION: ASPEN CO
MONTH: JULY
YEAR: 2021
LATITUDE: 39 13 N
LONGITUDE: 106 52 W
TEMPERATURE IN F: :PCPN: SNOW: WIND :SUNSHINE: SKY :PK WND
================================================================================
1 2 3 4 5 6A 6B 7 8 9 10 11 12 13 14 15 16 17 18
12Z AVG MX 2MIN
DY MAX MIN AVG DEP HDD CDD WTR SNW DPTH SPD SPD DIR MIN PSBL S-S WX SPD DR
================================================================================
1 73 50 62 -2 3 0 0.02 M M 4.4 15 300 M M 4 3 24 320
2 82 48 65 1 0 0 T M M 6.3 18 120 M M 1 3 25 300
3 84 48 66 2 0 1 T M M 6.4 21 330 M M 1 3 39 330
4 88 51 70 6 0 5 0.00 M M 6.7 17 20 M M 0 25 320
5 86 51 69 5 0 4 0.07 M M 6.7 20 120 M M 3 3 27 120
6 84 49 67 2 0 2 0.01 M M 6.3 15 340 M M 1 24 340
7 87 51 69 4 0 4 0.00 M M 6.1 13 220 M M 0 19 250
8 91 56 74 9 0 9 0.00 M M 7.1 22 330 M M 0 3 33 320
9 92 57 75 10 0 10 T M M 6.9 16 340 M M 1 23 280
10 86 47 67 2 0 2 0.00 M M 6.9 16 330 M M 0 28 340
11 83 46 65 0 0 0 0.00 M M 5.7 13 310 M M 0 8 25 350
12 88 49 69 4 0 4 T M M 6.6 21 300 M M 0 8 33 310
13 85 57 71 5 0 6 0.15 M M 8.4 30 320 M M 3 38 44 310
14 65 47 56 -10 9 0 0.12 M M 6.0 24 310 M M 5 36 310
15 83 42 63 -3 2 0 0.00 M M 5.8 16 20 M M 1 25 30
16 83 48 66 0 0 1 0.00 M M 5.1 14 350 M M 2 23 340
17 86 51 69 3 0 4 0.00 M M 7.0 16 340 M M 2 27 340
18 90 48 69 3 0 4 0.00 M M 5.6 14 330 M M 1 20 350
19 89 57 73 7 0 8 T M M 6.5 15 130 M M 1 22 130
20 88 56 72 6 0 7 0.10 M M 7.1 23 160 M M 3 3 33 160
21 85 55 70 4 0 5 T M M 6.5 22 130 M M 2 3 35 160
22 83 53 68 2 0 3 T M M 5.6 20 80 M M 2 3 28 80
23 86 52 69 3 0 4 T M M 5.1 16 30 M M 4 3 25 320
24 81 56 69 3 0 4 T M M 6.8 18 150 M M 4 38 27 150
25 84 53 69 3 0 4 0.09 M M 6.4 29 130 M M 5 38 40 120
26 85 52 69 3 0 4 0.00 M M 7.1 17 130 M M 2 24 130
27 89 52 71 5 0 6 0.00 M M 5.9 12 210 M M 1 17 10
28 88 54 71 5 0 6 0.12 M M 5.5 22 330 M M 2 37 200
29 90 53 72 6 0 7 T M M 5.0 14 320 M M 3 3 23 270
30 84 54 69 4 0 4 0.40 M M 5.8 22 160 M M 5 3 30 180
31 77 50 64 -1 1 0 T M M 5.9 20 160 M M 5 3 29 160
================================================================================
SM 2625 1593 15 118 1.08 M 193.2 M 64
================================================================================
AV 84.7 51.4 6.2 FASTST M M 2 MAX(MPH)
MISC ----> 30 320 44 310
================================================================================
NOTES:
# LAST OF SEVERAL OCCURRENCES
COLUMN 17 PEAK WIND IN M.P.H.
PRELIMINARY LOCAL CLIMATOLOGICAL DATA (WS FORM: F-6) , PAGE 2
STATION: ASPEN CO
MONTH: JULY
YEAR: 2021
LATITUDE: 39 13 N
LONGITUDE: 106 52 W
[TEMPERATURE DATA] [PRECIPITATION DATA] SYMBOLS USED IN COLUMN 16
AVERAGE MONTHLY: 68.0 TOTAL FOR MONTH: 1.08 1 = FOG OR MIST
DPTR FM NORMAL: 2.8 DPTR FM NORMAL: -0.56 2 = FOG REDUCING VISIBILITY
HIGHEST: 92 ON 9 GRTST 24HR 0.40 ON 30-30 TO 1/4 MILE OR LESS
LOWEST: 42 ON 15 3 = THUNDER
SNOW, ICE PELLETS, HAIL 4 = ICE PELLETS
TOTAL MONTH: M 5 = HAIL
GRTST 24HR M ON M 6 = FREEZING RAIN OR DRIZZLE
GRTST DEPTH: M ON M 7 = DUSTSTORM OR SANDSTORM:
VSBY 1/2 MILE OR LESS
8 = SMOKE OR HAZE
[NO. OF DAYS WITH] [WEATHER - DAYS WITH] 9 = BLOWING SNOW
X = TORNADO
MAX 32 OR BELOW: 0 0.01 INCH OR MORE: 9
MAX 90 OR ABOVE: 4 0.10 INCH OR MORE: 5
MIN 32 OR BELOW: 0 0.50 INCH OR MORE: 0
MIN 0 OR BELOW: 0 1.00 INCH OR MORE: 0
[HDD (BASE 65) ]
TOTAL THIS MO. 15 CLEAR (SCALE 0-3) 24
DPTR FM NORMAL -25 PTCLDY (SCALE 4-7) 7
TOTAL FM JUL 1 15 CLOUDY (SCALE 8-10) 0
DPTR FM NORMAL -24
[CDD (BASE 65) ]
TOTAL THIS MO. 118
DPTR FM NORMAL 71 [PRESSURE DATA]
TOTAL FM JAN 1 150 HIGHEST SLP M ON M
DPTR FM NORMAL 90 LOWEST SLP 29.78 ON 4
[REMARKS]
#FINAL-07-21#