000
CXUS52 KFFC 011010
CF6ATL
PRELIMINARY LOCAL CLIMATOLOGICAL DATA (WS FORM: F-6)
STATION: ATLANTA
MONTH: OCTOBER
YEAR: 2023
LATITUDE: 33 39 N
LONGITUDE: 84 26 W
TEMPERATURE IN F: :PCPN: SNOW: WIND :SUNSHINE: SKY :PK WND
================================================================================
1 2 3 4 5 6A 6B 7 8 9 10 11 12 13 14 15 16 17 18
12Z AVG MX 2MIN
DY MAX MIN AVG DEP HDD CDD WTR SNW DPTH SPD SPD DIR MIN PSBL S-S WX SPD DR
================================================================================
1 83 66 75 5 0 10 0.00 0.0 M 7.7 16 90 M M 3 23 90
2 84 65 75 5 0 10 0.00 0.0 M 8.3 16 70 M M 1 22 120
3 84 65 75 5 0 10 0.00 0.0 M 7.2 15 80 M M 1 21 120
4 84 65 75 6 0 10 0.00 0.0 M 6.3 16 90 M M 4 8 24 90
5 82 63 73 4 0 8 0.00 0.0 M 6.4 13 100 M M 7 18 70
6 79 66 73 5 0 8 0.01 0.0 0 7.1 15 320 M M 8 21 350
7 72 53 63 -5 2 0 0.00 0.0 0 15.0 24 320 M M 2 33 310
8 69 47 58 -10 7 0 0.00 0.0 0 8.4 18 330 M M 0 26 340
9 75 47 61 -6 4 0 0.00 0.0 0 6.6 17 220 M M 0 26 220
10 83 54 69 2 0 4 0.00 0.0 0 8.3 18 230 M M 5 27 230
11 74 60 67 0 0 2 0.70 0.0 M 4.3 18 100 M M 9 1 27 90
12 69 59 64 -2 1 0 0.55 0.0 M 15.1 24 60 M M 10 1 33 70
13 67 60 64 -2 1 0 0.14 0.0 M 9.8 16 90 M M 10 18 22 60
14 76 60 68 3 0 3 0.01 0.0 0 9.4 21 280 M M 7 1 32 270
15 65 51 58 -7 7 0 T 0.0 0 12.7 21 310 M M 7 30 310
16 60 46 53 -12 12 0 0.00 0.0 M 12.8 22 330 M M 5 29 320
17 68 45 57 -7 8 0 0.00 0.0 M 6.1 12 330 M M 1 15 320
18 71 47 59 -5 6 0 0.00 0.0 M 3.3 9 160 M M 1 13 180
19 72 51 62 -2 3 0 T 0.0 M 3.6 14 210 M M 5 18 21 180
20 76 57 67 4 0 2 0.37 0.0 M 10.5 21 260 M M 5 13 31 260
21 76 50 63 0 2 0 0.00 0.0 0 8.4 16 260 M M 2 22 320
22 79 58 69 7 0 4 0.00 0.0 0 9.6 18 320 M M 7 32 340
23 73 53 63 1 2 0 0.00 0.0 0 7.5 14 100 M M 6 21 100
24 74 50 62 0 3 0 0.00 0.0 M 8.0 14 100 M M 3 8 20 110
25 76 53 65 4 0 0 0.00 0.0 M 7.1 13 110 M M 4 18 70
26 79 61 70 9 0 5 0.00 0.0 M 6.6 15 120 M M 4 21 130
27 79 60 70 10 0 5 0.00 0.0 0 3.5 10 160 M M 5 18 160
28 82 59 71 11 0 6 0.00 0.0 0 2.2 9 150 M M 2 15 190
29 83 61 72 12 0 7 0.00 0.0 0 3.9 14 260 M M 3 18 250
30 85 53 69 10 0 4 0.00 0.0 0 9.3 23 330 M M 4 30 310
31 64 45 55 -4 10 0 0.00 0.0 M 14.0 21 350 M M 7 30 330
================================================================================
SM 2343 1730 68 98 1.78 0.0 249.0 M 138
================================================================================
AV 75.6 55.8 8.0 FASTST M M 4 MAX(MPH)
MISC ----> # 24 320 # 33 310
================================================================================
NOTES:
# LAST OF SEVERAL OCCURRENCES
COLUMN 17 PEAK WIND IN M.P.H.
PRELIMINARY LOCAL CLIMATOLOGICAL DATA (WS FORM: F-6) , PAGE 2
STATION: ATLANTA
MONTH: OCTOBER
YEAR: 2023
LATITUDE: 33 39 N
LONGITUDE: 84 26 W
[TEMPERATURE DATA] [PRECIPITATION DATA] SYMBOLS USED IN COLUMN 16
AVERAGE MONTHLY: 65.7 TOTAL FOR MONTH: 1.78 1 = FOG OR MIST
DPTR FM NORMAL: 1.0 DPTR FM NORMAL: -1.50 2 = FOG REDUCING VISIBILITY
HIGHEST: 85 ON 30 GRTST 24HR 1.25 ON 11-12 TO 1/4 MILE OR LESS
LOWEST: 45 ON 31,17 3 = THUNDER
SNOW, ICE PELLETS, HAIL 4 = ICE PELLETS
TOTAL MONTH: 0.0 INCH 5 = HAIL
GRTST 24HR 0.0 6 = FREEZING RAIN OR DRIZZLE
GRTST DEPTH: 0 7 = DUSTSTORM OR SANDSTORM:
VSBY 1/2 MILE OR LESS
8 = SMOKE OR HAZE
[NO. OF DAYS WITH] [WEATHER - DAYS WITH] 9 = BLOWING SNOW
X = TORNADO
MAX 32 OR BELOW: 0 0.01 INCH OR MORE: 6
MAX 90 OR ABOVE: 0 0.10 INCH OR MORE: 4
MIN 32 OR BELOW: 0 0.50 INCH OR MORE: 2
MIN 0 OR BELOW: 0 1.00 INCH OR MORE: 0
[HDD (BASE 65) ]
TOTAL THIS MO. 68 CLEAR (SCALE 0-3) 10
DPTR FM NORMAL -31 PTCLDY (SCALE 4-7) 18
TOTAL FM JUL 1 68 CLOUDY (SCALE 8-10) 3
DPTR FM NORMAL -35
[CDD (BASE 65) ]
TOTAL THIS MO. 98
DPTR FM NORMAL 10 [PRESSURE DATA]
TOTAL FM JAN 1 2213 HIGHEST SLP 30.37 ON 25
DPTR FM NORMAL 175 LOWEST SLP 29.67 ON 20
[REMARKS]
#FINAL-10-23#