000
CXUS54 KEWX 201342
CF6ATT
PRELIMINARY LOCAL CLIMATOLOGICAL DATA (WS FORM: F-6)
STATION: AUSTIN CAMP MABRY
MONTH: SEPTEMBER
YEAR: 2020
LATITUDE: 30 17 N
LONGITUDE: 97 42 W
TEMPERATURE IN F: :PCPN: SNOW: WIND :SUNSHINE: SKY :PK WND
================================================================================
1 2 3 4 5 6A 6B 7 8 9 10 11 12 13 14 15 16 17 18
12Z AVG MX 2MIN
DY MAX MIN AVG DEP HDD CDD WTR SNW DPTH SPD SPD DIR MIN PSBL S-S WX SPD DR
================================================================================
1 100 83 92 8 0 27 T 0.0 0 7.1 17 150 M M 5 29 180
2 85 73 79 -5 0 14 0.16 0.0 0 4.5 10 120 M M 8 1 24 40
3 94 72 83 -1 0 18 1.43 0.0 0 3.1 12 20 M M 7 123 22 310
4 83 72 78 -5 0 13 1.48 0.0 0 1.1 12 110 M M 6 1238 20 140
5 92 74 83 0 0 18 0.00 0.0 0 1.7 8 80 M M 1 3 21 90
6 94 73 84 1 0 19 0.00 0.0 0 1.6 7 150 M M 1 12 160
7 97 73 85 3 0 20 0.00 0.0 0 3.9 12 140 M M 0 20 140
8 91 77 84 2 0 19 T 0.0 0 6.1 17 160 M M 4 31 150
9 81 60 71 -11 0 6 2.29 0.0 0 4.7 15 120 M M 8 123 27 180
10 67 58 63 -19 2 0 0.06 0.0 0 5.3 10 340 M M 10 20 10
11 87 63 75 -6 0 10 0.00 0.0 0 3.8 8 10 M M 7 1 15 360
12 93 68 81 0 0 16 0.00 0.0 0 1.9 7 30 M M 1 11 50
13 94 75 85 4 0 20 0.00 0.0 0 5.6 13 20 M M 1 22 30
14 92 74 83 3 0 18 0.00 0.0 0 7.1 14 10 M M 2 26 10
15 93 74 84 4 0 19 0.00 0.0 0 4.5 10 20 M M 3 17 340
16 94 74 84 4 0 19 0.00 0.0 0 3.1 12 360 M M 2 17 350
17 90 74 82 2 0 17 0.00 0.0 0 4.1 14 10 M M 2 3 25 60
18 89 71 80 1 0 15 0.00 0.0 0 5.3 14 10 M M 1 24 360
19 85 69 77 -2 0 12 0.00 0.0 0 6.6 13 10 M M 0 8 22 360
20 86 64 75 -4 0 10 0.16 0.0 0 6.9 14 10 M M 2 1 25 360
21 73 68 71 -7 0 6 0.18 0.0 0 8.1 14 20 M M 10 18 26 20
22 75 69 72 -6 0 7 0.20 0.0 0 7.4 13 10 M M 10 1 24 20
23 77 70 74 -4 0 9 0.00 0.0 0 5.0 10 350 M M 10 1 17 10
24 82 65 74 -3 0 9 0.00 0.0 0 2.4 9 360 M M 6 17 10
25 89 61 75 -2 0 10 0.00 0.0 0 2.1 8 150 M M 0 12 170
26 91 68 80 3 0 15 0.00 0.0 0 4.7 12 160 M M 3 1 24 190
27 93 76 85 8 0 20 0.00 0.0 0 6.7 12 200 M M 6 25 190
28 81 64 73 -3 0 8 T 0.0 0 8.6 20 10 M M 7 37 10
29 85 56 71 -5 0 6 0.00 0.0 0 2.6 12 10 M M 0 20 350
30 90 53 72 -4 0 7 0.00 0.0 0 1.6 9 140 M M 0 16 150
================================================================================
SM 2623 2071 2 407 5.96 0.0 137.2 M 123
================================================================================
AV 87.4 69.0 4.6 FASTST M M 4 MAX(MPH)
MISC ----> # 20 10 # 37 10
================================================================================
NOTES:
# LAST OF SEVERAL OCCURRENCES
COLUMN 17 PEAK WIND IN M.P.H.
PRELIMINARY LOCAL CLIMATOLOGICAL DATA (WS FORM: F-6) , PAGE 2
STATION: AUSTIN CAMP MABRY
MONTH: SEPTEMBER
YEAR: 2020
LATITUDE: 30 17 N
LONGITUDE: 97 42 W
[TEMPERATURE DATA] [PRECIPITATION DATA] SYMBOLS USED IN COLUMN 16
AVERAGE MONTHLY: 78.2 TOTAL FOR MONTH: 5.96 1 = FOG OR MIST
DPTR FM NORMAL: -1.8 DPTR FM NORMAL: 2.97 2 = FOG REDUCING VISIBILITY
HIGHEST: 100 ON 1 GRTST 24HR 2.29 ON 9- 9 TO 1/4 MILE OR LESS
LOWEST: 53 ON 30 3 = THUNDER
SNOW, ICE PELLETS, HAIL 4 = ICE PELLETS
TOTAL MONTH: 0.0 INCH 5 = HAIL
GRTST 24HR 0.0 6 = FREEZING RAIN OR DRIZZLE
GRTST DEPTH: 0 7 = DUSTSTORM OR SANDSTORM:
VSBY 1/2 MILE OR LESS
8 = SMOKE OR HAZE
[NO. OF DAYS WITH] [WEATHER - DAYS WITH] 9 = BLOWING SNOW
X = TORNADO
MAX 32 OR BELOW: 0 0.01 INCH OR MORE: 8
MAX 90 OR ABOVE: 15 0.10 INCH OR MORE: 7
MIN 32 OR BELOW: 0 0.50 INCH OR MORE: 3
MIN 0 OR BELOW: 0 1.00 INCH OR MORE: 3
[HDD (BASE 65) ]
TOTAL THIS MO. 2 CLEAR (SCALE 0-3) 16
DPTR FM NORMAL 0 PTCLDY (SCALE 4-7) 9
TOTAL FM JUL 1 2 CLOUDY (SCALE 8-10) 5
DPTR FM NORMAL 0
[CDD (BASE 65) ]
TOTAL THIS MO. 407
DPTR FM NORMAL -43 [PRESSURE DATA]
TOTAL FM JAN 1 3284 HIGHEST SLP 30.23 ON 29
DPTR FM NORMAL 440 LOWEST SLP 29.65 ON 27
[REMARKS]
#FINAL-09-20#