000
CXUS51 KGYX 030338
CF6AUG
PRELIMINARY LOCAL CLIMATOLOGICAL DATA (WS FORM: F-6)
STATION: AUGUSTA
MONTH: JANUARY
YEAR: 2023
LATITUDE: 44 18 N
LONGITUDE: 69 48 W
TEMPERATURE IN F: :PCPN: SNOW: WIND :SUNSHINE: SKY :PK WND
================================================================================
1 2 3 4 5 6A 6B 7 8 9 10 11 12 13 14 15 16 17 18
12Z AVG MX 2MIN
DY MAX MIN AVG DEP HDD CDD WTR SNW DPTH SPD SPD DIR MIN PSBL S-S WX SPD DR
================================================================================
1 52 40 46 23 19 0 0.12 M M 7.6 20 280 M M 6 12 30 290
2 45 32 39 17 26 0 0.00 M M 3.9 13 280 M M 6 17 290
3 40 30 35 13 30 0 0.05 M M 4.3 10 340 M M 6 18 13 10
4 42 35 39 17 26 0 0.25 M M 4.7 13 40 M M 9 12 17 90
5 36 26 31 9 34 0 0.08 M M 10.7 17 30 M M 10 16 22 30
6 30 25 28 6 37 0 0.10 M M 5.7 14 350 M M 10 1 19 10
7 37 24 31 10 34 0 0.00 M M 4.9 18 320 M M 8 1 25 330
8 32 13 23 2 42 0 0.00 M M 5.4 18 330 M M 1 24 320
9 32 19 26 5 39 0 0.00 M M 2.9 9 30 M M 3 11 30
10 32 14 23 2 42 0 T M M 10.0 21 300 M M 4 32 310
11 26 9 18 -3 47 0 0.00 M M 3.0 8 10 M M 0 9 10
12 33 17 25 5 40 0 0.23 M M 4.8 12 40 M M 10 16 13 50
13 52 32 42 22 23 0 1.17 M M 8.5 18 360 M M 10 126 28 360
14 33 27 30 10 35 0 0.01 M M 15.5 23 350 M M 10 1 31 350
15 31 22 27 7 38 0 0.04 M M 17.3 26 30 M M 5 16 37 10
16 32 24 28 8 37 0 0.19 M M 17.1 26 350 M M 10 168 34 350
17 39 29 34 14 31 0 T M M 6.0 15 330 M M 6 1 20 320
18 47 32 40 20 25 0 0.01 M M 7.0 17 300 M M 6 26 290
19 37 30 34 14 31 0 T M M 7.2 16 320 M M 1 22 280
20 31 21 26 6 39 0 0.22 M M 9.9 18 20 M M 10 1 23 30
21 28 14 21 1 44 0 0.00 M M 5.3 16 360 M M 2 8 20 350
22 28 7 18 -2 47 0 0.13 M M 2.2 8 330 M M 7 1 13 200
23 31 26 29 9 36 0 0.25 M M 13.8 24 340 M M 8 128 32 340
24 39 25 32 12 33 0 T M M 6.2 16 280 M M 8 22 300
25 31 19 25 5 40 0 0.12 M M 7.0 13 10 M M 5 1 16 360
26 40 20 30 10 35 0 1.15 M M 8.9 21 280 M M 8 126 32 270
27 34 22 28 8 37 0 0.00 M M 5.6 17 280 M M 2 27 280
28 42 20 31 11 34 0 0.00 M M 6.0 13 220 M M 4 21 210
29 41 23 32 12 33 0 0.03 M M 2.7 14 160 M M 6 1 19 160
30 38 24 31 11 34 0 0.03 M M 6.7 14 10 M M 7 1 19 330
31 27 12 20 0 45 0 0.03 M M 8.6 21 310 M M 4 18 29 310
================================================================================
SM 1118 713 1093 0 4.21 M 229.4 M 192
================================================================================
AV 36.1 23.0 7.4 FASTST M M 6 MAX(MPH)
MISC ----> # 26 30 37 10
================================================================================
NOTES:
# LAST OF SEVERAL OCCURRENCES
COLUMN 17 PEAK WIND IN M.P.H.
PRELIMINARY LOCAL CLIMATOLOGICAL DATA (WS FORM: F-6) , PAGE 2
STATION: AUGUSTA
MONTH: JANUARY
YEAR: 2023
LATITUDE: 44 18 N
LONGITUDE: 69 48 W
[TEMPERATURE DATA] [PRECIPITATION DATA] SYMBOLS USED IN COLUMN 16
AVERAGE MONTHLY: 29.5 TOTAL FOR MONTH: 4.21 1 = FOG OR MIST
DPTR FM NORMAL: 9.1 DPTR FM NORMAL: 1.59 2 = FOG REDUCING VISIBILITY
HIGHEST: 52 ON 13, 1 GRTST 24HR 1.17 ON 13-13 TO 1/4 MILE OR LESS
LOWEST: 7 ON 22 3 = THUNDER
SNOW, ICE PELLETS, HAIL 4 = ICE PELLETS
TOTAL MONTH: M 5 = HAIL
GRTST 24HR M ON M 6 = FREEZING RAIN OR DRIZZLE
GRTST DEPTH: M ON M 7 = DUSTSTORM OR SANDSTORM:
VSBY 1/2 MILE OR LESS
8 = SMOKE OR HAZE
[NO. OF DAYS WITH] [WEATHER - DAYS WITH] 9 = BLOWING SNOW
X = TORNADO
MAX 32 OR BELOW: 13 0.01 INCH OR MORE: 19
MAX 90 OR ABOVE: 0 0.10 INCH OR MORE: 11
MIN 32 OR BELOW: 29 0.50 INCH OR MORE: 2
MIN 0 OR BELOW: 0 1.00 INCH OR MORE: 2
[HDD (BASE 65) ]
TOTAL THIS MO. 1093 CLEAR (SCALE 0-3) 6
DPTR FM NORMAL -288 PTCLDY (SCALE 4-7) 15
TOTAL FM JUL 1 3289 CLOUDY (SCALE 8-10) 10
DPTR FM NORMAL -755
[CDD (BASE 65) ]
TOTAL THIS MO. 0
DPTR FM NORMAL 0 [PRESSURE DATA]
TOTAL FM JAN 1 0 HIGHEST SLP 30.39 ON 11
DPTR FM NORMAL 0 LOWEST SLP 29.21 ON 26
[REMARKS]
#FINAL-01-23#