000
CXUS51 KGYX 020440
CF6AUG
PRELIMINARY LOCAL CLIMATOLOGICAL DATA (WS FORM: F-6)
STATION: AUGUSTA
MONTH: MARCH
YEAR: 2020
LATITUDE: 44 18 N
LONGITUDE: 69 48 W
TEMPERATURE IN F: :PCPN: SNOW: WIND :SUNSHINE: SKY :PK WND
================================================================================
1 2 3 4 5 6A 6B 7 8 9 10 11 12 13 14 15 16 17 18
12Z AVG MX 2MIN
DY MAX MIN AVG DEP HDD CDD WTR SNW DPTH SPD SPD DIR MIN PSBL S-S WX SPD DR
================================================================================
1 30 13 22 -5 43 0 0.00 0.0 M 8.5 18 340 M M 2 25 320
2 39 12 26 -1 39 0 0.05 M M 4.6 17 190 M M 6 1 27 200
3 55 32 44 16 21 0 0.12 M M 4.3 13 120 M M 6 12 16 170
4 46 36 41 13 24 0 0.10 M M 13.8 30 270 M M 7 12 49 260
5 46 30 38 10 27 0 0.00 0.0 M 9.3 23 330 M M 1 35 320
6 41 27 34 5 31 0 0.00 0.0 M 8.5 26 20 M M 3 36 20
7 39 19 29 0 36 0 0.00 0.0 M 17.4 31 350 M M 0 44 10
8 48 26 37 8 28 0 0.00 0.0 M 7.3 18 300 M M 1 26 270
9 61 34 48 18 17 0 0.00 0.0 M 4.4 17 40 M M 3 21 40
10 51 30 41 11 24 0 0.01 M M 4.2 13 50 M M 6 1 16 50
11 46 29 38 8 27 0 0.00 0.0 M 9.0 21 310 M M 2 28 330
12 42 26 34 4 31 0 0.00 0.0 M 5.0 12 160 M M 8 14 50
13 48 33 41 10 24 0 0.65 M M 9.3 21 250 M M 8 1 33 260
14 46 34 40 9 25 0 0.00 0.0 M 12.6 28 280 M M 3 40 280
15 38 20 29 -2 36 0 0.00 0.0 M 9.9 20 340 M M 0 26 300
16 34 15 25 -7 40 0 0.00 0.0 M 6.1 14 20 M M 0 20 190
17 38 25 32 0 33 0 0.15 M M 6.5 16 170 M M 9 168 25 160
18 47 31 39 7 26 0 T M M 5.8 16 280 M M 3 32 320
19 40 33 37 4 28 0 0.11 M M 8.3 15 140 M M 8 168 21 180
20 53 33 43 10 22 0 0.03 0.0 M 7.8 24 300 M M 8 12 37 310
21 46 22 34 0 31 0 0.00 0.0 M 13.2 29 300 M M 0 40 300
22 35 16 26 -8 39 0 0.00 0.0 M 6.5 17 350 M M 0 23 330
23 36 18 27 -7 38 0 0.41 M M 6.0 17 150 M M 6 12 25 150
24 43 29 36 1 29 0 0.06 M M 10.4 20 350 M M 7 1 26 340
25 45 23 34 -1 31 0 0.00 0.0 M 5.7 14 140 M M 1 19 140
26 52 27 40 5 25 0 0.00 0.0 M 6.4 13 30 M M 1 1 17 10
27 50 34 42 6 23 0 T 0.0 M 10.6 28 330 M M 4 35 340
28 54 29 42 6 23 0 0.00 0.0 M 4.7 12 260 M M 0 16 250
29 48 32 40 4 25 0 0.50 M M 4.7 17 130 M M 10 12 25 100
30 35 31 33 -4 32 0 0.32 M M 7.9 15 40 M M 10 12 19 40
31 44 27 36 -1 29 0 0.00 0.0 M 9.9 20 10 M M 6 27 30
================================================================================
SM 1376 826 907 0 2.51 0.0 248.6 M 129
================================================================================
AV 44.4 26.7 8.0 FASTST M M 4 MAX(MPH)
MISC ----> # 31 350 # 49 260
================================================================================
NOTES:
# LAST OF SEVERAL OCCURRENCES
COLUMN 17 PEAK WIND IN M.P.H.
PRELIMINARY LOCAL CLIMATOLOGICAL DATA (WS FORM: F-6) , PAGE 2
STATION: AUGUSTA
MONTH: MARCH
YEAR: 2020
LATITUDE: 44 18 N
LONGITUDE: 69 48 W
[TEMPERATURE DATA] [PRECIPITATION DATA] SYMBOLS USED IN COLUMN 16
AVERAGE MONTHLY: 35.5 TOTAL FOR MONTH: 2.51 1 = FOG OR MIST
DPTR FM NORMAL: 3.6 DPTR FM NORMAL: -0.86 2 = FOG REDUCING VISIBILITY
HIGHEST: 61 ON 9 GRTST 24HR 0.65 ON 13-13 TO 1/4 MILE OR LESS
LOWEST: 12 ON 2 3 = THUNDER
SNOW, ICE PELLETS, HAIL 4 = ICE PELLETS
TOTAL MONTH: 0.0 INCH 5 = HAIL
GRTST 24HR 0.0 6 = FREEZING RAIN OR DRIZZLE
GRTST DEPTH: M ON M 7 = DUSTSTORM OR SANDSTORM:
VSBY 1/2 MILE OR LESS
8 = SMOKE OR HAZE
[NO. OF DAYS WITH] [WEATHER - DAYS WITH] 9 = BLOWING SNOW
X = TORNADO
MAX 32 OR BELOW: 1 0.01 INCH OR MORE: 12
MAX 90 OR ABOVE: 0 0.10 INCH OR MORE: 8
MIN 32 OR BELOW: 24 0.50 INCH OR MORE: 2
MIN 0 OR BELOW: 0 1.00 INCH OR MORE: 0
[HDD (BASE 65) ]
TOTAL THIS MO. 907 CLEAR (SCALE 0-3) 16
DPTR FM NORMAL -119 PTCLDY (SCALE 4-7) 10
TOTAL FM JUL 1 5980 CLOUDY (SCALE 8-10) 5
DPTR FM NORMAL -389
[CDD (BASE 65) ]
TOTAL THIS MO. 0
DPTR FM NORMAL 0 [PRESSURE DATA]
TOTAL FM JAN 1 0 HIGHEST SLP M ON M
DPTR FM NORMAL 0 LOWEST SLP 29.18 ON 4
[REMARKS]
#FINAL-03-20#