000
CXUS53 KGID 011245
CF6AUH
PRELIMINARY LOCAL CLIMATOLOGICAL DATA (WS FORM: F-6)
STATION: AURORA NE
MONTH: NOVEMBER
YEAR: 2023
LATITUDE: 40 54 N
LONGITUDE: 97 59 W
TEMPERATURE IN F: :PCPN: SNOW: WIND :SUNSHINE: SKY :PK WND
================================================================================
1 2 3 4 5 6A 6B 7 8 9 10 11 12 13 14 15 16 17 18
12Z AVG MX 2MIN
DY MAX MIN AVG DEP HDD CDD WTR SNW DPTH SPD SPD DIR MIN PSBL S-S WX SPD DR
================================================================================
1 53 22 38 M 27 0 0.00 M M 7.1 15 230 M M 0 22 230
2 63 20 42 M 23 0 0.00 M M 4.5 10 190 M M 0 M M
3 60 34 47 M 18 0 0.00 M M 7.5 14 340 M M 4 21 350
4 59 33 46 M 19 0 T M M 4.5 10 200 M M 5 M M
5 66 39 53 M 12 0 0.00 M M 12.6 21 200 M M 0 31 200
6 64 38 51 M 14 0 0.00 M M 4.6 8 310 M M 0 M M
7 73 38 56 M 9 0 0.00 M M 7.1 14 170 M M 3 12 20 170
8 64 31 48 M 17 0 0.00 M M 13.1 25 350 M M 4 12 35 350
9 61 25 43 M 22 0 0.00 M M 11.0 23 260 M M 0 29 260
10 55 18 37 M 28 0 0.00 M M 6.8 14 170 M M 1 17 180
11 62 38 50 M 15 0 0.00 M M 14.6 24 200 M M 2 32 210
12 69 34 52 M 13 0 0.00 M M 9.6 15 210 M M 0 21 310
13 68 29 49 M 16 0 0.00 M M 9.1 20 170 M M 0 27 170
14 69 38 54 M 11 0 0.00 M M 13.4 27 220 M M 0 35 220
15 71 30 51 M 14 0 0.00 M M 6.9 13 190 M M 0 M M
16 62 38 50 M 15 0 0.00 M M 14.6 22 350 M M 3 29 350
17 53 23 38 M 27 0 0.00 M M 7.0 17 10 M M 1 16 240
18 65 28 47 M 18 0 0.00 M M 5.1 8 190 M M 0 M M
19 51 38 45 M 20 0 0.49 M M 12.9 21 130 M M 8 1 27 120
20 44 41 43 M 22 0 0.11 M M 14.3 20 10 M M 10 1 24 10
21 43 27 35 M 30 0 0.01 M M 15.2 25 340 M M 1 32 340
22 64 25 45 M 20 0 0.00 M M 9.7 17 230 M M 0 24 230
23 41 25 33 M 32 0 0.00 M M 17.6 23 40 M M 0 29 30
24 26 20 23 M 42 0 0.00 M M 13.6 16 50 M M 9 25 40
25 26 20 23 M 42 0 M M M 4.2 9 280 M M 10 1 M M
26 38 17 28 M 37 0 0.00 M M 14.5 28 310 M M 4 37 310
27 43 15 29 M 36 0 0.00 M M 9.8 20 320 M M 1 24 340
28 49 17 33 M 32 0 0.00 M M 10.4 17 220 M M 0 24 220
29 58 22 40 M 25 0 0.00 M M 8.4 16 190 M M 0 20 180
30 44 25 35 M 30 0 0.00 M M 13.2 23 20 M M 0 27 20
================================================================================
SM 1664 848 686 0 M M 302.9 M 66
================================================================================
AV 55.5 28.3 10.1 FASTST M M 2 MAX(MPH)
MISC ----> 28 310 M M
================================================================================
NOTES:
# LAST OF SEVERAL OCCURRENCES
COLUMN 17 PEAK WIND IN M.P.H.
PRELIMINARY LOCAL CLIMATOLOGICAL DATA (WS FORM: F-6) , PAGE 2
STATION: AURORA NE
MONTH: NOVEMBER
YEAR: 2023
LATITUDE: 40 54 N
LONGITUDE: 97 59 W
[TEMPERATURE DATA] [PRECIPITATION DATA] SYMBOLS USED IN COLUMN 16
AVERAGE MONTHLY: 41.9 TOTAL FOR MONTH: M 1 = FOG OR MIST
DPTR FM NORMAL: M DPTR FM NORMAL: M 2 = FOG REDUCING VISIBILITY
HIGHEST: 73 ON 7 GRTST 24HR M ON M TO 1/4 MILE OR LESS
LOWEST: 15 ON 27 3 = THUNDER
SNOW, ICE PELLETS, HAIL 4 = ICE PELLETS
TOTAL MONTH: M 5 = HAIL
GRTST 24HR M ON M 6 = FREEZING RAIN OR DRIZZLE
GRTST DEPTH: M ON M 7 = DUSTSTORM OR SANDSTORM:
VSBY 1/2 MILE OR LESS
8 = SMOKE OR HAZE
[NO. OF DAYS WITH] [WEATHER - DAYS WITH] 9 = BLOWING SNOW
X = TORNADO
MAX 32 OR BELOW: 2 0.01 INCH OR MORE: M
MAX 90 OR ABOVE: 0 0.10 INCH OR MORE: M
MIN 32 OR BELOW: 19 0.50 INCH OR MORE: M
MIN 0 OR BELOW: 0 1.00 INCH OR MORE: M
[HDD (BASE 65) ]
TOTAL THIS MO. 686 CLEAR (SCALE 0-3) 21
DPTR FM NORMAL M PTCLDY (SCALE 4-7) 5
TOTAL FM JUL 1 1129 CLOUDY (SCALE 8-10) 4
DPTR FM NORMAL M
[CDD (BASE 65) ]
TOTAL THIS MO. 0
DPTR FM NORMAL M [PRESSURE DATA]
TOTAL FM JAN 1 997 HIGHEST SLP M ON M
DPTR FM NORMAL M LOWEST SLP M ON M
[REMARKS]
#FINAL-11-23#