000
CXUS54 KBMX 011010
CF6AUO
PRELIMINARY LOCAL CLIMATOLOGICAL DATA (WS FORM: F-6)
STATION: AUBURN AWOS
MONTH: MARCH
YEAR: 2023
LATITUDE: 32 34 N
LONGITUDE: 85 30 W
TEMPERATURE IN F: :PCPN: SNOW: WIND :SUNSHINE: SKY :PK WND
================================================================================
1 2 3 4 5 6A 6B 7 8 9 10 11 12 13 14 15 16 17 18
12Z AVG MX 2MIN
DY MAX MIN AVG DEP HDD CDD WTR SNW DPTH SPD SPD DIR MIN PSBL S-S WX SPD DR
================================================================================
1 79 65 72 M 0 7 T 0.0 0 8.8 16 200 M M 7 1 22 200
2 71 59 65 M 0 0 M 0.0 M 9.2 20 40 M M 10 1 28 40
3 78 59 69 M 0 4 M 0.0 M 13.9 29 190 M M 9 41 210
4 74 48 61 M 4 0 M M M 4.6 12 330 M M 0 M M
5 76 51 64 M 1 0 M 0.0 0 5.6 12 30 M M 0 M M
6 81 50 66 M 0 1 M M M 5.2 13 280 M M 0 M M
7 83 65 74 M 0 9 M 0.0 0 8.5 15 320 M M 5 1 16 260
8 71 54 63 M 2 0 M 0.0 M 8.6 15 90 M M 2 8 18 90
9 67 57 62 M 3 0 M 0.0 0 7.2 14 130 M M 10 17 130
10 64 47 56 M 9 0 1.30 0.0 0 6.3 14 310 M M 7 13 18 310
11 69 41 55 M 10 0 M 0.0 0 4.7 9 30 M M 3 M M
12 67 56 62 M 3 0 M 0.0 M 9.6 17 230 M M 10 1 36 210
13 61 43 52 M 13 0 M M M 11.4 18 310 M M 2 25 320
14 55 32 44 M 21 0 M 0.0 0 9.6 16 10 M M 0 21 350
15 63 31 47 M 18 0 0.00 0.0 0 4.4 13 10 M M 0 M M
16 70 37 54 M 11 0 0.00 0.0 0 7.5 13 170 M M 0 17 180
17 65 46 56 M 9 0 M 0.0 0 9.5 15 210 M M 10 1 31 10
18 55 37 46 M 19 0 0.00 0.0 0 10.6 17 350 M M 3 41 360
19 48 32 40 M 25 0 0.01 M M 10.7 18 340 M M 0 44 20
20 55 25 40 M 25 0 0.00 0.0 0 7.2 12 70 M M 0 17 20
21 63 34 49 M 16 0 M 0.0 0 5.6 14 100 M M 0 84 40
22 75 48 62 M 3 0 M 0.0 0 5.4 9 160 M M 3 1 16 160
23 79 53 66 M 0 1 M 0.0 0 6.6 12 220 M M 2 12 50 190
24 80 56 68 M 0 3 0.00 0.0 0 9.2 16 190 M M 4 12 24 180
25 85 58 72 M 0 7 M 0.0 M 10.2 18 180 M M 6 1 24 180
26 80 65 73 M 0 8 M 0.0 M 7.4 24 230 M M 9 1 35 220
27 74 62 68 M 0 3 M 0.0 0 7.3 16 210 M M 7 13 23 210
28 76 56 66 M 0 1 M 0.0 0 6.9 16 350 M M 2 1 23 350
29 67 44 56 M 9 0 M M M 5.1 13 340 M M 0 8 58 10
30 73 43 58 M 7 0 M M M 3.9 8 150 M M 0 M M
31 81 54 68 M 0 3 0.00 0.0 0 12.6 21 190 M M 2 25 180
================================================================================
SM 2185 1508 208 47 1.31 0.0 243.3 M 113
================================================================================
AV 70.5 48.6 7.8 FASTST M M 4 MAX(MPH)
MISC ----> 29 190 84 40
================================================================================
NOTES:
# LAST OF SEVERAL OCCURRENCES
COLUMN 17 PEAK WIND IN M.P.H.
PRELIMINARY LOCAL CLIMATOLOGICAL DATA (WS FORM: F-6) , PAGE 2
STATION: AUBURN AWOS
MONTH: MARCH
YEAR: 2023
LATITUDE: 32 34 N
LONGITUDE: 85 30 W
[TEMPERATURE DATA] [PRECIPITATION DATA] SYMBOLS USED IN COLUMN 16
AVERAGE MONTHLY: 59.6 TOTAL FOR MONTH: 1.31 1 = FOG OR MIST
DPTR FM NORMAL: 0.0 DPTR FM NORMAL: M 2 = FOG REDUCING VISIBILITY
HIGHEST: 85 ON 25 GRTST 24HR 1.30 ON 10-10 TO 1/4 MILE OR LESS
LOWEST: 25 ON 20 3 = THUNDER
SNOW, ICE PELLETS, HAIL 4 = ICE PELLETS
TOTAL MONTH: 0.0 INCH 5 = HAIL
GRTST 24HR 0.0 6 = FREEZING RAIN OR DRIZZLE
GRTST DEPTH: 0 7 = DUSTSTORM OR SANDSTORM:
VSBY 1/2 MILE OR LESS
8 = SMOKE OR HAZE
[NO. OF DAYS WITH] [WEATHER - DAYS WITH] 9 = BLOWING SNOW
X = TORNADO
MAX 32 OR BELOW: 0 0.01 INCH OR MORE: 2
MAX 90 OR ABOVE: 0 0.10 INCH OR MORE: 1
MIN 32 OR BELOW: 4 0.50 INCH OR MORE: 1
MIN 0 OR BELOW: 0 1.00 INCH OR MORE: 1
[HDD (BASE 65) ]
TOTAL THIS MO. 208 CLEAR (SCALE 0-3) 18
DPTR FM NORMAL M PTCLDY (SCALE 4-7) 7
TOTAL FM JUL 1 1169 CLOUDY (SCALE 8-10) 6
DPTR FM NORMAL M
[CDD (BASE 65) ]
TOTAL THIS MO. 47
DPTR FM NORMAL M [PRESSURE DATA]
TOTAL FM JAN 1 94 HIGHEST SLP M ON M
DPTR FM NORMAL M LOWEST SLP M ON M
[REMARKS]
#FINAL-03-23#