000
CXUS54 KEWX 011246
CLMAUS
CLIMATE REPORT
NATIONAL WEATHER SERVICE AUSTIN/SAN ANTONIO
741 AM CDT TUE AUG 01 2023
...................................
...THE AUSTIN BERGSTROM CLIMATE SUMMARY FOR THE MONTH OF JULY 2023...
CLIMATE NORMAL PERIOD: 1991 TO 2020
CLIMATE RECORD PERIOD: 1943 TO 2023
WEATHER OBSERVED NORMAL DEPART LAST YEAR`S
VALUE DATE(S) VALUE FROM VALUE DATE(S)
NORMAL
................................................................
TEMPERATURE (F)
HIGHEST 105 07/12 106 07/10
07/11
07/12
LOWEST 70 07/24 69 07/15
07/29
AVG. MAXIMUM 100.2 96.1 4.1 101.5
AVG. MINIMUM 74.6 73.0 1.6 74.0
MEAN 87.4 84.5 2.9 87.7
DAYS MAX >= 90 30 31
DAYS MAX <= 32 0 0
DAYS MIN <= 32 0 0
DAYS MIN <= 0 0 0
PRECIPITATION (INCHES)
TOTALS 0.16 2.16 -2.00 0.01
DAILY AVG. 0.01 0.07 -0.06 0.00
DAYS >= .01 1 1
DAYS >= .10 1 0
DAYS >= .50 0 0
DAYS >= 1.00 0 0
GREATEST
24 HR. TOTAL 0.16 07/06 TO 07/06
SNOWFALL (INCHES)
TOTALS 0.0 0.0 0.0 0.0
SINCE 7/1 0.0 0.0 0.0 MM
DEGREE DAYS
HEATING TOTAL 0 0 0 0
SINCE 7/1 0 0 0 MM
COOLING TOTAL 702 606 96 711
SINCE 1/1 1783 1702 81 MM
................................................................
WIND (MPH)
AVERAGE WIND SPEED 8.6
HIGHEST WIND SPEED/DIRECTION 26/170 DATE 07/12
HIGHEST GUST SPEED/DIRECTION 35/150 DATE 07/06
35/170 07/12
SKY COVER
POSSIBLE SUNSHINE (PERCENT) MM
AVERAGE SKY COVER 0.35
NUMBER OF DAYS FAIR 19
NUMBER OF DAYS PC 11
NUMBER OF DAYS CLOUDY 1
AVERAGE RH (PERCENT) 64
WEATHER CONDITIONS. NUMBER OF DAYS WITH
THUNDERSTORM 3 MIXED PRECIP 0
HEAVY RAIN 0 RAIN 0
LIGHT RAIN 1 FREEZING RAIN 0
LT FREEZING RAIN 0 HAIL 0
HEAVY SNOW 0 SNOW 0
LIGHT SNOW 0 SLEET 0
FOG 0 FOG W/VIS <= 1/4 MILE 0
HAZE 0
- INDICATES NEGATIVE NUMBERS.
R INDICATES RECORD WAS SET OR TIED.
MM INDICATES DATA IS MISSING.
T INDICATES TRACE AMOUNT.
&&
MONTHLY CLIMATE SUMMARY:
JULY 2023 WAS TIED FOR THE 8TH WARMEST AND TIED FOR
THE 44TH DRIEST JULY ON RECORD.
SEA LEVEL PRESSURE DATA:
HIGHEST SLP 30.11 ON THE 25TH
LOWEST SLP 29.73 ON THE 13TH
PRELIMINARY LOCAL CLIMATOLOGICAL DATA (WS FORM: F-6)
STATION: AUSTIN BERGSTROM
MONTH: JULY
YEAR: 2023
LATITUDE: 30 13 N
LONGITUDE: 97 40 W
TEMPERATURE IN F: :PCPN: SNOW: WIND :SUNSHINE: SKY :PK WND
================================================================================
1 2 3 4 5 6A 6B 7 8 9 10 11 12 13 14 15 16 17 18
12Z AVG MX 2MIN
DY MAX MIN AVG DEP HDD CDD WTR SNW DPTH SPD SPD DIR MIN PSBL S-S WX SPD DR
================================================================================
1 99 75 87 3 0 22 0.00 0.0 0 7.8 20 10 M M 6 24 10
2 95 75 85 1 0 20 0.00 0.0 0 5.6 14 140 M M 8 20 140
3 96 74 85 1 0 20 0.00 0.0 0 7.4 17 140 M M 7 24 120
4 94 73 84 0 0 19 T 0.0 0 8.1 16 110 M M 7 19 120
5 95 76 86 2 0 21 0.00 0.0 0 10.1 20 150 M M 6 26 160
6 88 72 80 -4 0 15 0.16 0.0 0 8.7 24 150 M M 5 3 35 150
7 92 71 82 -2 0 17 0.00 0.0 0 8.1 18 160 M M 5 25 190
8 99 74 87 3 0 22 0.00 0.0 0 8.1 16 180 M M 4 24 180
9 100 77 89 5 0 24 0.00 0.0 0 10.5 18 170 M M 3 27 190
10 101 77 89 5 0 24 0.00 0.0 0 10.2 18 180 M M 2 26 190
11 101 77 89 5 0 24 0.00 0.0 0 10.6 22 150 M M 5 32 150
12 105 79 92 8 0 27 0.00 0.0 0 14.1 26 170 M M 3 35 170
13 104 77 91 7 0 26 0.00 0.0 0 12.2 21 160 M M 3 29 160
14 103 78 91 7 0 26 0.00 0.0 0 13.8 21 170 M M 5 31 170
15 104 76 90 6 0 25 0.00 0.0 0 9.2 17 200 M M 3 24 210
16 103 77 90 6 0 25 0.00 0.0 0 8.6 17 160 M M 4 25 160
17 103 73 88 3 0 23 0.00 0.0 0 9.2 16 180 M M 0 22 200
18 103 76 90 5 0 25 0.00 0.0 0 10.7 20 170 M M 1 27 190
19 103 76 90 5 0 25 0.00 0.0 0 11.3 24 170 M M 1 32 170
20 102 78 90 5 0 25 0.00 0.0 0 9.0 18 180 M M 2 24 180
21 101 72 87 2 0 22 0.00 0.0 0 7.4 14 130 M M 1 24 100
22 103 75 89 4 0 24 0.00 0.0 0 5.1 21 60 M M 3 3 27 70
23 103 77 90 5 0 25 T 0.0 0 5.8 17 60 M M 5 3 25 40
24 101 70 86 1 0 21 0.00 0.0 0 5.6 17 150 M M 2 23 150
25 101 72 87 2 0 22 0.00 0.0 0 7.2 16 140 M M 2 25 170
26 101 76 89 4 0 24 0.00 0.0 0 9.2 22 140 M M 3 27 150
27 99 72 86 1 0 21 0.00 0.0 M 8.2 16 170 M M 2 23 170
28 99 71 85 -1 0 20 0.00 0.0 M 6.4 17 150 M M 2 24 140
29 101 70 86 0 0 21 0.00 0.0 0 5.8 16 160 M M 2 23 160
30 102 73 88 2 0 23 0.00 0.0 0 5.3 14 140 M M 2 19 140
31 104 73 89 3 0 24 0.00 0.0 0 6.5 17 140 M M 3 24 150
================================================================================
SM 3105 2312 0 702 0.16 0.0 265.8 M 107
================================================================================
AV100.2 74.6 8.6 FASTST M M 3 MAX(MPH)
MISC ----> 26 170 # 35 150
================================================================================
NOTES:
# LAST OF SEVERAL OCCURRENCES
COLUMN 17 PEAK WIND IN M.P.H.
SYMBOLS USED IN COLUMN 16
1 = FOG OR MIST
2 = FOG REDUCING VISIBILITY TO 1/4 MILE OR LESS
3 = THUNDER
4 = ICE PELLETS
5 = HAIL
6 = FREEZING RAIN OR DRIZZLE
7 = DUSTSTORM OR SANDSTORM: VSBY 1/2 MILE OR LESS
8 = SMOKE OR HAZE
9 = BLOWING SNOW
X = TORNADO
$$