000
CXUS53 KGRB 011027
CLSAUW
CLIMATE REPORT
NATIONAL WEATHER SERVICE GREEN BAY
427 AM CST FRI MAR 01 2024
...................................
...THE WAUSAU WI CLIMATE SUMMARY FOR THE SEASON, FROM
12/1/2023 TO 2/29/2024...
CLIMATE NORMAL PERIOD: 1991 TO 2020
CLIMATE RECORD PERIOD: 1896 TO 2024
WEATHER OBSERVED NORMAL DEPART LAST YEAR`S
VALUE DATE(S) VALUE FROM VALUE DATE(S)
NORMAL
................................................................
TEMPERATURE (F)
RECORD
HIGH 68 02/27/2024
LOW -40 01/30/1951
01/18/1948
02/10/1899
HIGHEST 68R 02/27 49 19 45 02/08
LOWEST -9 01/16 -22 13 -15 01/31
AVG. MAXIMUM 35.7 26.1 9.6 28.9
AVG. MINIMUM 21.5 9.9 11.6 15.4
MEAN 28.6 18.0 10.6 22.2
DAYS MAX >= 90 0 0.0 0.0 MM
DAYS MAX <= 32 32 63.0 -31.0 MM
DAYS MIN <= 32 81 87.4 -6.4 MM
DAYS MIN <= 0 8 22.5 -14.5 MM
PRECIPITATION (INCHES)
RECORD
MAXIMUM 6.60 2017
MINIMUM 1.07 1963
TOTALS 2.02 3.82 -1.80 5.18
DAILY AVG. 0.02 NAN NAN 0.06
DAYS >= .01 14 29.4 -15.4 MM
DAYS >= .10 4 11.6 -7.6 MM
DAYS >= .50 0 1.2 -1.2 MM
DAYS >= 1.00 0 0.2 -0.2 MM
SNOWFALL (INCHES)
RECORDS
TOTAL 64.5 2014
24 HR TOTAL 5.5
TOTALS 15.1 41.9 -26.8 47.1
SINCE 7/1 19.3 49.3 -30.0 MM
DAYS >= TRACE 13 30.6 -17.6 MM
DAYS >= 1.0 3 13.3 -10.3 MM
GREATEST
SNOW DEPTH 6 01/19 17 02/25
01/20
01/21
24 HR TOTAL MM
DEGREE DAYS
HEATING TOTAL 3290 4234 -944 3836
SINCE 7/1 4835 6133 -1298 MM
COOLING TOTAL 0 0 0 0
SINCE 1/1 0 0 0 MM
FREEZE DATES
RECORD
EARLIEST 08/30/1915
LATEST 06/12/1903
EARLIEST 10/16
LATEST 05/03
................................................................
WIND (MPH)
AVERAGE WIND SPEED 7.3
RESULTANT WIND SPEED/DIRECTION 2/270
HIGHEST WIND SPEED/DIRECTION 34/250 DATE 02/09
HIGHEST GUST SPEED/DIRECTION 44/270 DATE 12/18
SKY COVER
POSSIBLE SUNSHINE (PERCENT) MM
AVERAGE SKY COVER 0.57
NUMBER OF DAYS FAIR 30
NUMBER OF DAYS PC 16
NUMBER OF DAYS CLOUDY 39
AVERAGE RH (PERCENT) 72
WEATHER CONDITIONS. NUMBER OF DAYS WITH
THUNDERSTORM 0 MIXED PRECIP 0
HEAVY RAIN 0 RAIN 1
LIGHT RAIN 11 FREEZING RAIN 0
LT FREEZING RAIN 2 HAIL 0
HEAVY SNOW 0 SNOW 1
LIGHT SNOW 22 SLEET 0
FOG 44 FOG W/VIS <= 1/4 MILE 9
HAZE 30
- INDICATES NEGATIVE NUMBERS.
R INDICATES RECORD WAS SET OR TIED.
MM INDICATES DATA IS MISSING.
T INDICATES TRACE AMOUNT.
$$