000
CXUS52 KGSP 011552
CF6AVL
PRELIMINARY LOCAL CLIMATOLOGICAL DATA (WS FORM: F-6)
STATION: ASHEVILLE NC
MONTH: JULY
YEAR: 2021
LATITUDE: 35 25 N
LONGITUDE: 82 33 W
TEMPERATURE IN F: :PCPN: SNOW: WIND :SUNSHINE: SKY :PK WND
================================================================================
1 2 3 4 5 6A 6B 7 8 9 10 11 12 13 14 15 16 17 18
12Z AVG MX 2MIN
DY MAX MIN AVG DEP HDD CDD WTR SNW DPTH SPD SPD DIR MIN PSBL S-S WX SPD DR
================================================================================
1 85 65 75 1 0 10 0.16 0.0 0 5.8 21 190 M M 4 138 26 190
2 80 64 72 -3 0 7 0.45 0.0 0 7.0 20 340 M M 5 1 26 350
3 77 59 68 -7 0 3 0.00 0.0 0 7.9 20 330 M M 0 26 340
4 82 53 68 -7 0 3 0.00 0.0 0 3.9 15 340 M M 1 18 340
5 85 59 72 -3 0 7 0.00 0.0 0 3.0 10 180 M M 1 18 15 160
6 86 60 73 -2 0 8 0.00 0.0 0 3.5 14 160 M M 1 8 18 160
7 82 63 73 -2 0 8 T 0.0 0 2.4 12 170 M M 4 8 15 170
8 83 68 76 1 0 11 0.18 0.0 0 5.3 20 330 M M 6 1 23 340
9 83 64 74 -1 0 9 0.24 0.0 0 4.4 14 340 M M 3 1238 19 350
10 85 63 74 -1 0 9 0.52 0.0 0 3.7 15 230 M M 2 138 20 220
11 85 65 75 0 0 10 0.02 0.0 0 5.6 18 200 M M 6 123 22 200
12 84 64 74 -1 0 9 0.12 0.0 0 7.0 30 200 M M 6 18 41 200
13 81 63 72 -3 0 7 T 0.0 0 6.2 17 200 M M 5 8 29 180
14 82 66 74 -1 0 9 1.86 0.0 0 2.2 21 290 M M 4 123 26 290
15 84 63 74 -1 0 9 0.14 0.0 0 3.9 15 300 M M 6 12 19 300
16 87 63 75 0 0 10 0.00 0.0 0 4.5 13 190 M M 2 12 16 210
17 86 67 77 2 0 12 0.31 0.0 0 2.5 17 210 M M 3 138 24 210
18 83 67 75 0 0 10 0.81 0.0 0 3.5 18 320 M M 7 1238 27 340
19 79 65 72 -3 0 7 0.06 0.0 0 3.7 14 180 M M 9 1 17 190
20 77 64 71 -4 0 6 0.14 0.0 0 2.3 9 150 M M 8 1 13 160
21 84 59 72 -3 0 7 0.00 0.0 0 6.1 15 330 M M 0 18 20 340
22 85 59 72 -3 0 7 0.00 0.0 0 3.3 15 330 M M 1 18 20 340
23 86 62 74 -1 0 9 0.23 0.0 0 2.3 14 220 M M 4 138 16 210
24 86 68 77 2 0 12 0.00 0.0 0 4.3 15 180 M M 6 1 18 180
25 87 66 77 2 0 12 0.00 0.0 0 4.7 17 180 M M 4 1238 20 180
26 89 67 78 3 0 13 0.13 0.0 0 2.6 13 310 M M 3 13 15 270
27 90 67 79 4 0 14 0.01 0.0 0 3.2 10 90 M M 5 13 21 100
28 90 67 79 4 0 14 T 0.0 0 5.8 17 330 M M 1 18 23 320
29 90 62 76 1 0 11 0.00 0.0 0 2.5 12 340 M M 0 18 14 340
30 88 67 78 3 0 13 T 0.0 0 6.3 16 340 M M 1 1 22 340
31 86 65 76 1 0 11 0.00 0.0 0 2.9 16 330 M M 1 8 20 330
================================================================================
SM 2617 1974 0 287 5.38 0.0 132.3 M 109
================================================================================
AV 84.4 63.7 4.3 FASTST M M 4 MAX(MPH)
MISC ----> 30 200 41 200
================================================================================
NOTES:
# LAST OF SEVERAL OCCURRENCES
COLUMN 17 PEAK WIND IN M.P.H.
PRELIMINARY LOCAL CLIMATOLOGICAL DATA (WS FORM: F-6) , PAGE 2
STATION: ASHEVILLE NC
MONTH: JULY
YEAR: 2021
LATITUDE: 35 25 N
LONGITUDE: 82 33 W
[TEMPERATURE DATA] [PRECIPITATION DATA] SYMBOLS USED IN COLUMN 16
AVERAGE MONTHLY: 74.0 TOTAL FOR MONTH: 5.38 1 = FOG OR MIST
DPTR FM NORMAL: -1.1 DPTR FM NORMAL: 0.71 2 = FOG REDUCING VISIBILITY
HIGHEST: 90 ON 29,28 GRTST 24HR 1.86 ON 14-14 TO 1/4 MILE OR LESS
LOWEST: 53 ON 4 3 = THUNDER
SNOW, ICE PELLETS, HAIL 4 = ICE PELLETS
TOTAL MONTH: 0.0 INCH 5 = HAIL
GRTST 24HR 0.0 6 = FREEZING RAIN OR DRIZZLE
GRTST DEPTH: 0 7 = DUSTSTORM OR SANDSTORM:
VSBY 1/2 MILE OR LESS
8 = SMOKE OR HAZE
[NO. OF DAYS WITH] [WEATHER - DAYS WITH] 9 = BLOWING SNOW
X = TORNADO
MAX 32 OR BELOW: 0 0.01 INCH OR MORE: 16
MAX 90 OR ABOVE: 3 0.10 INCH OR MORE: 13
MIN 32 OR BELOW: 0 0.50 INCH OR MORE: 3
MIN 0 OR BELOW: 0 1.00 INCH OR MORE: 1
[HDD (BASE 65) ]
TOTAL THIS MO. 0 CLEAR (SCALE 0-3) 14
DPTR FM NORMAL 0 PTCLDY (SCALE 4-7) 16
TOTAL FM JUL 1 0 CLOUDY (SCALE 8-10) 1
DPTR FM NORMAL 0
[CDD (BASE 65) ]
TOTAL THIS MO. 287
DPTR FM NORMAL -26 [PRESSURE DATA]
TOTAL FM JAN 1 548 HIGHEST SLP 30.31 ON 13
DPTR FM NORMAL -68 LOWEST SLP 29.80 ON 2
[REMARKS]
#FINAL-07-21#