000
CXUS51 KBGM 021825
CF6AVP
PRELIMINARY LOCAL CLIMATOLOGICAL DATA (WS FORM: F-6)
STATION: AVOCA PA
MONTH: JULY
YEAR: 2021
LATITUDE: 41 19 N
LONGITUDE: 75 44 W
TEMPERATURE IN F: :PCPN: SNOW: WIND :SUNSHINE: SKY :PK WND
================================================================================
1 2 3 4 5 6A 6B 7 8 9 10 11 12 13 14 15 16 17 18
12Z AVG MX 2MIN
DY MAX MIN AVG DEP HDD CDD WTR SNW DPTH SPD SPD DIR MIN PSBL S-S WX SPD DR
================================================================================
1 74 68 71 -2 0 6 0.32 0.0 M 4.4 9 260 M M 8 1 12 230
2 75 58 67 -6 0 2 0.01 0.0 M 5.0 16 240 M M 7 1 21 240
3 74 59 67 -6 0 2 0.27 0.0 M 3.2 16 330 M M 8 123 20 340
4 81 54 68 -5 0 3 0.00 0.0 M 3.7 13 320 M M 4 12 15 320
5 87 59 73 0 0 8 0.00 0.0 M 6.7 20 250 M M 0 25 250
6 93 67 80 7 0 15 0.30 0.0 M 6.5 33 300 M M 2 13 45 300
7 92 67 80 6 0 15 0.01 0.0 M 6.3 26 280 M M 1 138 41 270
8 82 68 75 1 0 10 0.11 0.0 M 1.8 10 210 M M 4 1 17 200
9 83 68 76 2 0 11 0.02 0.0 M 4.1 18 320 M M 9 1 24 320
10 81 64 73 -1 0 8 0.00 0.0 M 5.5 12 320 M M 6 14 10
11 81 63 72 -2 0 7 0.50 0.0 M 3.5 15 230 M M 4 13 21 230
12 88 69 79 5 0 14 0.55 0.0 M 3.4 13 20 M M 5 13 17 20
13 82 68 75 1 0 10 0.53 0.0 M 3.0 28 280 M M 9 13 40 300
14 85 68 77 3 0 12 0.44 0.0 M 4.6 16 360 M M 5 13 20 260
15 88 65 77 3 0 12 0.00 0.0 M 4.7 16 260 M M 2 1 20 280
16 88 68 78 4 0 13 0.24 0.0 M 3.5 18 350 M M 2 13 24 340
17 91 69 80 6 0 15 0.65 0.0 M 2.8 21 270 M M 4 13 30 280
18 76 68 72 -2 0 7 0.08 0.0 M 4.9 13 320 M M 10 1 17 290
19 85 62 74 0 0 9 0.00 0.0 M 4.5 12 240 M M 3 138 15 330
20 85 64 75 1 0 10 0.01 0.0 M 3.4 15 40 M M 3 138 20 30
21 78 61 70 -4 0 5 0.01 0.0 M 5.0 17 340 M M 5 138 23 340
22 78 55 67 -7 0 2 0.00 0.0 M 4.3 15 330 M M 1 19 330
23 81 54 68 -6 0 3 0.00 0.0 M 4.3 13 290 M M 0 17 290
24 82 58 70 -4 0 5 0.00 0.0 M 6.4 13 220 M M 2 21 210
25 88 70 79 5 0 14 T 0.0 M 6.4 18 270 M M 7 24 280
26 87 66 77 3 0 12 0.00 0.0 M 4.7 16 290 M M 2 18 20 290
27 89 63 76 2 0 11 0.30 0.0 M 3.5 26 360 M M 2 138 40 360
28 80 61 71 -3 0 6 0.00 0.0 M 5.1 14 350 M M 4 1 18 350
29 76 59 68 -6 0 3 0.50 0.0 M 4.4 21 310 M M 7 13 31 300
30 79 57 68 -6 0 3 0.00 0.0 M 6.6 20 300 M M 5 28 300
31 74 50 62 -11 3 0 0.00 0.0 M 3.3 10 340 M M 2 15 320
================================================================================
SM 2563 1950 3 253 4.85 0.0 139.5 M 133
================================================================================
AV 82.7 62.9 4.5 FASTST M M 4 MAX(MPH)
MISC ----> 33 300 45 300
================================================================================
NOTES:
# LAST OF SEVERAL OCCURRENCES
COLUMN 17 PEAK WIND IN M.P.H.
PRELIMINARY LOCAL CLIMATOLOGICAL DATA (WS FORM: F-6) , PAGE 2
STATION: AVOCA PA
MONTH: JULY
YEAR: 2021
LATITUDE: 41 19 N
LONGITUDE: 75 44 W
[TEMPERATURE DATA] [PRECIPITATION DATA] SYMBOLS USED IN COLUMN 16
AVERAGE MONTHLY: 72.8 TOTAL FOR MONTH: 4.85 1 = FOG OR MIST
DPTR FM NORMAL: -0.9 DPTR FM NORMAL: 1.24 2 = FOG REDUCING VISIBILITY
HIGHEST: 93 ON 6 GRTST 24HR 0.97 ON 13-14 TO 1/4 MILE OR LESS
LOWEST: 50 ON 31 3 = THUNDER
SNOW, ICE PELLETS, HAIL 4 = ICE PELLETS
TOTAL MONTH: 0.0 INCH 5 = HAIL
GRTST 24HR 0.0 6 = FREEZING RAIN OR DRIZZLE
GRTST DEPTH: M ON M 7 = DUSTSTORM OR SANDSTORM:
VSBY 1/2 MILE OR LESS
8 = SMOKE OR HAZE
[NO. OF DAYS WITH] [WEATHER - DAYS WITH] 9 = BLOWING SNOW
X = TORNADO
MAX 32 OR BELOW: 0 0.01 INCH OR MORE: 18
MAX 90 OR ABOVE: 3 0.10 INCH OR MORE: 12
MIN 32 OR BELOW: 0 0.50 INCH OR MORE: 5
MIN 0 OR BELOW: 0 1.00 INCH OR MORE: 0
[HDD (BASE 65) ]
TOTAL THIS MO. 3 CLEAR (SCALE 0-3) 13
DPTR FM NORMAL 0 PTCLDY (SCALE 4-7) 14
TOTAL FM JUL 1 3 CLOUDY (SCALE 8-10) 4
DPTR FM NORMAL 3
[CDD (BASE 65) ]
TOTAL THIS MO. 253
DPTR FM NORMAL -18 [PRESSURE DATA]
TOTAL FM JAN 1 528 HIGHEST SLP 30.22 ON 13
DPTR FM NORMAL 46 LOWEST SLP 29.72 ON 2
[REMARKS]
#FINAL-07-21#