000
CXUS54 KEWX 011110
CF6BAZ
PRELIMINARY LOCAL CLIMATOLOGICAL DATA (WS FORM: F-6)
STATION: NEW BRAUNFELS
MONTH: NOVEMBER
YEAR: 2021
LATITUDE: 29 43 N
LONGITUDE: 98 3 W
TEMPERATURE IN F: :PCPN: SNOW: WIND :SUNSHINE: SKY :PK WND
================================================================================
1 2 3 4 5 6A 6B 7 8 9 10 11 12 13 14 15 16 17 18
12Z AVG MX 2MIN
DY MAX MIN AVG DEP HDD CDD WTR SNW DPTH SPD SPD DIR MIN PSBL S-S WX SPD DR
================================================================================
1 82 52 67 1 0 2 0.00 M M 5.4 13 150 M M 0 23 140
2 81 58 70 4 0 5 0.00 M M 5.8 14 150 M M 6 12 19 150
3 70 51 61 -4 4 0 1.08 M M 10.6 23 10 M M 10 13 30 30
4 58 47 53 -12 12 0 0.00 M M 11.2 20 30 M M 7 27 30
5 65 42 54 -10 11 0 0.00 M M 4.5 12 20 M M 2 15 10
6 71 41 56 -8 9 0 0.00 M M 2.3 8 100 M M 0 10 90
7 74 43 59 -5 6 0 0.00 M M 4.3 12 220 M M 0 18 210
8 78 46 62 -1 3 0 0.00 M M 4.7 14 200 M M 2 12 19 160
9 77 52 65 2 0 0 0.00 M M 4.3 14 150 M M 4 12 18 130
10 82 63 73 10 0 8 T M M 8.4 23 190 M M 7 30 170
11 77 51 64 2 1 0 T M M 9.8 20 30 M M 1 1 26 30
12 80 44 62 0 3 0 0.00 M M 6.6 18 20 M M 1 24 20
13 71 42 57 -5 8 0 0.00 M M 6.0 12 20 M M 0 13 220
14 79 45 62 1 3 0 0.00 M M 6.3 18 220 M M 0 25 230
15 82 51 67 6 0 2 0.00 M M 6.8 18 220 M M 2 12 25 210
16 82 58 70 9 0 5 0.00 M M 10.2 23 180 M M 5 12 30 180
17 83 58 71 11 0 6 0.00 M M 8.4 22 210 M M 2 12 31 210
18 67 53 60 0 5 0 T 0.0 0 16.2 28 10 M M 6 36 360
19 68 45 57 -3 8 0 0.00 0.0 0 5.8 15 40 M M 1 20 40
20 72 46 59 -1 6 0 0.00 M M 4.8 17 210 M M 6 128 23 210
21 77 61 69 10 0 4 T M M 8.9 23 10 M M 9 30 10
22 71 43 57 -2 8 0 0.00 M M 10.0 20 10 M M 1 28 10
23 71 37 54 -5 11 0 0.00 0.0 0 6.2 13 150 M M 0 17 170
24 79 50 65 7 0 0 0.03 0.0 0 9.2 21 170 M M 7 1 29 160
25 71 53 62 4 3 0 0.02 0.0 M 12.7 25 10 M M 5 1 37 340
26 61 46 54 -4 11 0 0.00 M M 9.0 20 10 M M 0 26 10
27 53 47 50 -7 15 0 0.42 M M 4.0 10 240 M M 9 1 16 240
28 71 43 57 0 8 0 0.00 M M 6.0 17 10 M M 2 12 23 20
29 72 40 56 -1 9 0 0.00 M M 5.0 10 210 M M 0 15 210
30 75 41 58 1 7 0 0.00 M M 5.7 16 190 M M 0 21 190
================================================================================
SM 2200 1449 151 32 1.55 0.0 219.1 M 95
================================================================================
AV 73.3 48.3 7.3 FASTST M M 3 MAX(MPH)
MISC ----> 28 10 37 340
================================================================================
NOTES:
# LAST OF SEVERAL OCCURRENCES
COLUMN 17 PEAK WIND IN M.P.H.
PRELIMINARY LOCAL CLIMATOLOGICAL DATA (WS FORM: F-6) , PAGE 2
STATION: NEW BRAUNFELS
MONTH: NOVEMBER
YEAR: 2021
LATITUDE: 29 43 N
LONGITUDE: 98 3 W
[TEMPERATURE DATA] [PRECIPITATION DATA] SYMBOLS USED IN COLUMN 16
AVERAGE MONTHLY: 60.8 TOTAL FOR MONTH: 1.55 1 = FOG OR MIST
DPTR FM NORMAL: -0.2 DPTR FM NORMAL: -0.91 2 = FOG REDUCING VISIBILITY
HIGHEST: 83 ON 17 GRTST 24HR 1.08 ON 3- 3 TO 1/4 MILE OR LESS
LOWEST: 37 ON 23 3 = THUNDER
SNOW, ICE PELLETS, HAIL 4 = ICE PELLETS
TOTAL MONTH: 0.0 INCH 5 = HAIL
GRTST 24HR 0.0 6 = FREEZING RAIN OR DRIZZLE
GRTST DEPTH: 0 7 = DUSTSTORM OR SANDSTORM:
VSBY 1/2 MILE OR LESS
8 = SMOKE OR HAZE
[NO. OF DAYS WITH] [WEATHER - DAYS WITH] 9 = BLOWING SNOW
X = TORNADO
MAX 32 OR BELOW: 0 0.01 INCH OR MORE: 4
MAX 90 OR ABOVE: 0 0.10 INCH OR MORE: 2
MIN 32 OR BELOW: 0 0.50 INCH OR MORE: 1
MIN 0 OR BELOW: 0 1.00 INCH OR MORE: 1
[HDD (BASE 65) ]
TOTAL THIS MO. 151 CLEAR (SCALE 0-3) 18
DPTR FM NORMAL -30 PTCLDY (SCALE 4-7) 9
TOTAL FM JUL 1 161 CLOUDY (SCALE 8-10) 3
DPTR FM NORMAL -54
[CDD (BASE 65) ]
TOTAL THIS MO. 32
DPTR FM NORMAL -29 [PRESSURE DATA]
TOTAL FM JAN 1 3111 HIGHEST SLP 30.44 ON 19
DPTR FM NORMAL -18 LOWEST SLP 29.78 ON 10
[REMARKS]
#FINAL-11-21#