000
CXUS51 KOKX 020022 RRA
CLSBDR
CLIMATE REPORT
NATIONAL WEATHER SERVICE NEW YORK, NY
714 PM EST WED DEC 01 2021
...................................
...THE BRIDGEPORT CT CLIMATE SUMMARY FOR THE SEASON, FROM
9/1/2021 TO 11/30/2021...
CLIMATE NORMAL PERIOD 1991 TO 2020
CLIMATE RECORD PERIOD 1948 TO 2021
WEATHER OBSERVED NORMAL DEPART LAST YEAR`S
VALUE DATE(S) VALUE FROM VALUE
NORMAL
..............................................................
TEMPERATURE (F)
RECORD
HIGH 99 09/02/1953
LOW 13 11/23/2018
HIGHEST 86 09/13 MM MM
LOWEST 25 11/30 MM MM
AVG. MAXIMUM 66.4 64.5 1.9
AVG. MINIMUM 50.3 48.8 1.5
MEAN 58.4 56.6 1.8
DAYS MAX >= 90 0 0.0 0.0
DAYS MAX <= 32 0 0.0 0.0
DAYS MIN <= 32 10 7.8 2.2
DAYS MIN <= 0 0 0.0 0.0
PRECIPITATION (INCHES)
RECORD
MAXIMUM 22.19 2018
MINIMUM 3.68 1964
TOTALS 14.61 10.91 3.70 MM
DAILY AVG. 0.16 0.12 0.04
DAYS >= .01 31 27.5 3.5
DAYS >= .10 18 17.2 0.8
DAYS >= .50 6 7.4 -1.4
DAYS >= 1.00 3 2.8 0.2
GREATEST
24 HR. TOTAL 5.94 09/01 TO 09/02
STORM TOTAL 5.77
(MM/DD(HH))
SNOWFALL (INCHES)
RECORDS
TOTAL 8.4 2012
24 HR TOTAL MM
TOTALS T 1.0 -1.0
LIQUID EQUIV T 0.10 -0.10
SINCE 7/1 T 1.0 -1.0
LIQUID 7/1 -0.10
DAYS >= TRACE 2 1.0 1.0
DAYS >= 1.0 0 0.0 0.0
GREATEST
SNOW DEPTH 0
24 HR TOTAL MM
STORM TOTAL 0.0
(MM/DD(HH))
DEGREE DAYS
HEATING TOTAL 752 898 -146
SINCE 7/1 755 899 -144
COOLING TOTAL 177 138 39
SINCE 1/1 1101 954 147
..............................................................
WIND (MPH)
AVERAGE WIND SPEED 8.6
HIGHEST WIND SPEED/DIRECTION 37/100 DATE 10/26
HIGHEST GUST SPEED/DIRECTION 49/100 DATE 10/26
SKY COVER
POSSIBLE SUNSHINE (PERCENT) MM
AVERAGE SKY COVER 0.39
NUMBER OF DAYS FAIR 46
NUMBER OF DAYS PC 27
NUMBER OF DAYS CLOUDY 18
AVERAGE RH (PERCENT) 69
WEATHER CONDITIONS. NUMBER OF DAYS WITH
THUNDERSTORM 6 MIXED PRECIP 0
HEAVY RAIN 9 RAIN 15
LIGHT RAIN 40 FREEZING RAIN 0
LT FREEZING RAIN 0 HAIL 0
HEAVY SNOW 0 SNOW 0
LIGHT SNOW 1 SLEET 0
FOG 22 FOG W/VIS <= 1/4 MILE 0
HAZE 2
- INDICATES NEGATIVE NUMBERS.
R INDICATES RECORD WAS SET OR TIED.
MM INDICATES DATA IS MISSING.
T INDICATES TRACE AMOUNT.
$$