000
CXUS51 KOKX 022252 RRA
CLSBDR
CLIMATE REPORT
NATIONAL WEATHER SERVICE NEW YORK, NY
652 PM EDT FRI SEP 02 2022
...................................
...THE BRIDGEPORT CT CLIMATE SUMMARY FOR THE SEASON, FROM
6/1/2022 TO 8/31/2022...
CLIMATE NORMAL PERIOD 1991 TO 2020
CLIMATE RECORD PERIOD 1948 TO 2022
WEATHER OBSERVED NORMAL DEPART LAST YEAR`S
VALUE DATE(S) VALUE FROM VALUE
NORMAL
..............................................................
TEMPERATURE (F)
RECORD
HIGH 103 07/22/2011
07/22/1957
07/22/1957
LOW 41 06/01/1967
HIGHEST 94 07/20 MM MM
07/24
08/09
LOWEST 52 06/05 MM MM
AVG. MAXIMUM 82.3 81.0 1.3
AVG. MINIMUM 66.5 65.5 1.0
MEAN 74.4 73.3 1.1
DAYS MAX >= 90 10 8.7 1.3
DAYS MAX <= 32 0 0.0 0.0
DAYS MIN <= 32 0 0.0 0.0
DAYS MIN <= 0 0 0.0 0.0
PRECIPITATION (INCHES)
RECORD
MAXIMUM 20.23 1972
MINIMUM 4.13 1995
TOTALS 6.96 11.07 -4.11 12.31
DAILY AVG. 0.08 0.12 -0.04
DAYS >= .01 24 29.3 -5.3
DAYS >= .10 14 18.5 -4.5
DAYS >= .50 3 7.2 -4.2
DAYS >= 1.00 1 2.6 -1.6
GREATEST
24 HR. TOTAL 1.79 07/18 TO 07/18
STORM TOTAL 1.79
(MM/DD(HH))
SNOWFALL (INCHES)
RECORDS
TOTAL T 2008
1992
1991
24 HR TOTAL T
TOTALS 0.0 0.0 0.0
LIQUID EQUIV 0.00 0.00 0.00
SINCE 7/1 0.0 0.0 0.0
LIQUID 7/1 0.00
DAYS >= TRACE 0 0.0 0.0
DAYS >= 1.0 0 0.0 0.0
GREATEST
SNOW DEPTH 0
24 HR TOTAL 0.0
STORM TOTAL 0.0
(MM/DD(HH))
DEGREE DAYS
HEATING TOTAL 12 26 -14
SINCE 7/1 0 0 0
COOLING TOTAL 909 787 122
SINCE 1/1 952 817 135
..............................................................
WIND (MPH)
AVERAGE WIND SPEED 7.7
HIGHEST WIND SPEED/DIRECTION 26/060 DATE 06/01
HIGHEST GUST SPEED/DIRECTION 37/340 DATE 06/19
SKY COVER
POSSIBLE SUNSHINE (PERCENT) MM
AVERAGE SKY COVER 0.25
NUMBER OF DAYS FAIR 64
NUMBER OF DAYS PC 22
NUMBER OF DAYS CLOUDY 6
AVERAGE RH (PERCENT) 69
WEATHER CONDITIONS. NUMBER OF DAYS WITH
THUNDERSTORM 11 MIXED PRECIP 0
HEAVY RAIN 8 RAIN 11
LIGHT RAIN 30 FREEZING RAIN 0
LT FREEZING RAIN 0 HAIL 0
HEAVY SNOW 0 SNOW 0
LIGHT SNOW 0 SLEET 0
FOG 18 FOG W/VIS <= 1/4 MILE 2
HAZE 5
- INDICATES NEGATIVE NUMBERS.
R INDICATES RECORD WAS SET OR TIED.
MM INDICATES DATA IS MISSING.
T INDICATES TRACE AMOUNT.
$$