000
CXUS55 KBOU 010900
CF6BDU
PRELIMINARY LOCAL CLIMATOLOGICAL DATA (WS FORM: F-6)
STATION: BOULDER AIRPORT
MONTH: MARCH
YEAR: 2022
LATITUDE: 40 2 N
LONGITUDE: 105 14 W
TEMPERATURE IN F: :PCPN: SNOW: WIND :SUNSHINE: SKY :PK WND
================================================================================
1 2 3 4 5 6A 6B 7 8 9 10 11 12 13 14 15 16 17 18
12Z AVG MX 2MIN
DY MAX MIN AVG DEP HDD CDD WTR SNW DPTH SPD SPD DIR MIN PSBL S-S WX SPD DR
================================================================================
1 70 37 54 M 11 0 M M M 5.4 12 230 M M 0 M M
2 64 41 53 M 12 0 M M M 3.7 9 240 M M 0 M M
3 68 41 55 M 10 0 M M M 2.8 6 80 M M 0 M M
4 64 32 48 M 17 0 M M M 3.5 13 260 M M 3 22 280
5 43 27 35 M 30 0 M M M 4.7 9 70 M M 10 M M
6 27 19 23 M 42 0 M M M 4.7 13 360 M M 10 M M
7 32 12 22 M 43 0 M M M 1.8 6 160 M M 2 M M
8 41 19 30 M 35 0 M M M 4.5 10 340 M M 2 17 250
9 23 9 16 M 49 0 M M M 7.7 14 10 M M 10 21 10
10 23 7 15 M 50 0 M M M 2.4 7 40 M M 6 M M
11 34 5 20 M 45 0 M M M 2.7 9 20 M M 0 M M
12 54 19 37 M 28 0 M M M 8.2 26 270 M M 0 38 270
13 63 32 48 M 17 0 M M M 5.5 20 260 M M 1 26 170
14 55 32 44 M 21 0 M M M 3.2 7 240 M M 0 M M
15 70 32 51 M 14 0 M M M 7.0 24 270 M M 0 35 270
16 54 32 43 M 22 0 M M M 4.3 14 270 M M 8 16 0
17 36 32 34 M 31 0 M M M 6.0 16 20 M M 10 23 20
18 54 27 41 M 24 0 M M M 5.4 21 290 M M 0 31 290
19 61 32 47 M 18 0 M M M 3.5 12 140 M M 0 16 140
20 64 34 49 M 16 0 M M M 4.0 10 280 M M 3 M M
21 50 32 41 M 24 0 M M M 5.2 14 50 M M 9 17 130
22 45 28 37 M 28 0 M M M 9.4 20 10 M M 6 26 10
23 57 28 43 M 22 0 M M M 9.9 30 340 M M 0 38 340
24 66 34 50 M 15 0 M M M 9.7 23 280 M M 0 28 280
25 61 41 51 M 14 0 M M M 3.4 7 50 M M 3 M M
26 77 36 57 M 8 0 M M M 8.5 21 290 M M 0 33 270
27 63 34 49 M 16 0 M M M 2.6 8 350 M M 0 M M
28 79 41 60 M 5 0 M M M 3.1 9 250 M M 0 37 190
29 61 36 49 M 16 0 M M M 5.4 10 150 M M 9 22 220
30 50 32 41 M 24 0 M M M 7.2 22 300 M M 7 33 300
31 63 30 47 M 18 0 M M M 3.6 8 70 M M 1 M M
================================================================================
SM 1672 893 725 0 M M 159.2 M 100
================================================================================
AV 53.9 28.8 5.1 FASTST M M 3 MAX(MPH)
MISC ----> 30 340 38 340
================================================================================
NOTES:
# LAST OF SEVERAL OCCURRENCES
COLUMN 17 PEAK WIND IN M.P.H.
PRELIMINARY LOCAL CLIMATOLOGICAL DATA (WS FORM: F-6) , PAGE 2
STATION: BOULDER AIRPORT
MONTH: MARCH
YEAR: 2022
LATITUDE: 40 2 N
LONGITUDE: 105 14 W
[TEMPERATURE DATA] [PRECIPITATION DATA] SYMBOLS USED IN COLUMN 16
AVERAGE MONTHLY: 41.4 TOTAL FOR MONTH: M 1 = FOG OR MIST
DPTR FM NORMAL: 0.0 DPTR FM NORMAL: M 2 = FOG REDUCING VISIBILITY
HIGHEST: 79 ON 28 GRTST 24HR M ON M TO 1/4 MILE OR LESS
LOWEST: 5 ON 11 3 = THUNDER
SNOW, ICE PELLETS, HAIL 4 = ICE PELLETS
TOTAL MONTH: M 5 = HAIL
GRTST 24HR M ON M 6 = FREEZING RAIN OR DRIZZLE
GRTST DEPTH: M ON M 7 = DUSTSTORM OR SANDSTORM:
VSBY 1/2 MILE OR LESS
8 = SMOKE OR HAZE
[NO. OF DAYS WITH] [WEATHER - DAYS WITH] 9 = BLOWING SNOW
X = TORNADO
MAX 32 OR BELOW: 4 0.01 INCH OR MORE: 0
MAX 90 OR ABOVE: 0 0.10 INCH OR MORE: 0
MIN 32 OR BELOW: 21 0.50 INCH OR MORE: 0
MIN 0 OR BELOW: 0 1.00 INCH OR MORE: 0
[HDD (BASE 65) ]
TOTAL THIS MO. 725 CLEAR (SCALE 0-3) 20
DPTR FM NORMAL M PTCLDY (SCALE 4-7) 5
TOTAL FM JUL 1 4224 CLOUDY (SCALE 8-10) 6
DPTR FM NORMAL M
[CDD (BASE 65) ]
TOTAL THIS MO. 0
DPTR FM NORMAL M [PRESSURE DATA]
TOTAL FM JAN 1 0 HIGHEST SLP M ON M
DPTR FM NORMAL M LOWEST SLP M ON M
[REMARKS]
#FINAL-03-22#