000
CXUS51 KCTP 010800
CF6BFD
PRELIMINARY LOCAL CLIMATOLOGICAL DATA (WS FORM: F-6)
STATION: BRADFORD
MONTH: SEPTEMBER
YEAR: 2020
LATITUDE: 41 47 N
LONGITUDE: 78 38 W
TEMPERATURE IN F: :PCPN: SNOW: WIND :SUNSHINE: SKY :PK WND
================================================================================
1 2 3 4 5 6A 6B 7 8 9 10 11 12 13 14 15 16 17 18
12Z AVG MX 2MIN
DY MAX MIN AVG DEP HDD CDD WTR SNW DPTH SPD SPD DIR MIN PSBL S-S WX SPD DR
================================================================================
1 69 62 66 5 0 1 0.02 M M 8.3 15 150 M M 10 1 21 140
2 77 65 71 10 0 6 0.70 M M 6.5 15 280 M M 9 1 26 280
3 73 57 65 4 0 0 0.01 M M 3.9 12 190 M M 6 12 17 250
4 73 47 60 -1 5 0 0.02 M M 6.0 17 290 M M 5 12 22 300
5 71 43 57 -3 8 0 0.08 M M 3.3 17 10 M M 4 18 26 20
6 75 51 63 3 2 0 T M M 2.7 8 280 M M 4 12 13 190
7 66 56 61 1 4 0 0.21 M M 6.5 22 190 M M 3 1 35 200
8 84 55 70 11 0 5 T M M 3.6 12 160 M M 3 1 19 130
9 85 56 71 12 0 6 0.00 M M 3.9 10 150 M M 1 128 14 150
10 83 56 70 11 0 5 0.00 M M 5.1 13 320 M M 4 18 17 320
11 70 48 59 1 6 0 0.00 M M 5.8 12 340 M M 6 18 16 10
12 70 44 57 -1 8 0 0.00 M M 8.9 17 150 M M 6 18 24 190
13 70 57 64 6 1 0 0.35 M M 6.4 14 150 M M 8 12 23 140
14 64 39 52 -5 13 0 0.00 M M 7.1 16 340 M M 3 12 21 330
15 65 33 49 -8 16 0 0.00 M M 2.5 10 140 M M 0 1 14 150
16 72 39 56 -1 9 0 0.00 M M 3.8 13 210 M M 0 1 19 210
17 65 44 55 -1 10 0 0.00 M M 2.5 9 360 M M 5 128 12 300
18 61 35 48 -8 17 0 0.00 M M 5.8 16 350 M M 6 22 350
19 61 28 45 -11 20 0 0.00 M M 2.8 13 330 M M 0 17 90
20 62 32 47 -8 18 0 0.00 M M 3.6 16 120 M M 1 21 110
21 64 29 47 -8 18 0 0.00 M M 2.8 12 140 M M 0 8 19 150
22 68 30 49 -5 16 0 0.00 M M 3.5 12 310 M M 0 16 290
23 76 39 58 4 7 0 0.00 M M 5.3 16 320 M M 1 18 24 310
24 74 47 61 7 4 0 0.00 M M 2.8 14 280 M M 3 128 18 280
25 78 44 61 8 4 0 0.00 M M 1.8 10 230 M M 4 128 14 210
26 74 44 59 6 6 0 0.00 M M 4.7 14 200 M M 3 128 20 180
27 77 56 67 14 0 2 0.00 M M 6.1 16 190 M M 3 1 24 170
28 77 55 66 14 0 1 T M M 6.9 16 170 M M 5 1 25 210
29 69 51 60 8 5 0 0.84 M M 3.8 20 240 M M 10 1 28 270
30 59 48 54 2 11 0 0.16 M M 8.7 17 210 M M 8 1 29 210
================================================================================
SM 2132 1390 208 26 2.39 M 145.4 M 121
================================================================================
AV 71.1 46.3 4.8 FASTST M M 4 MAX(MPH)
MISC ----> 22 190 35 200
================================================================================
NOTES:
# LAST OF SEVERAL OCCURRENCES
COLUMN 17 PEAK WIND IN M.P.H.
PRELIMINARY LOCAL CLIMATOLOGICAL DATA (WS FORM: F-6) , PAGE 2
STATION: BRADFORD
MONTH: SEPTEMBER
YEAR: 2020
LATITUDE: 41 47 N
LONGITUDE: 78 38 W
[TEMPERATURE DATA] [PRECIPITATION DATA] SYMBOLS USED IN COLUMN 16
AVERAGE MONTHLY: 58.7 TOTAL FOR MONTH: 2.39 1 = FOG OR MIST
DPTR FM NORMAL: 2.0 DPTR FM NORMAL: -1.53 2 = FOG REDUCING VISIBILITY
HIGHEST: 85 ON 9 GRTST 24HR 0.84 ON 29-29 TO 1/4 MILE OR LESS
LOWEST: 28 ON 19 3 = THUNDER
SNOW, ICE PELLETS, HAIL 4 = ICE PELLETS
TOTAL MONTH: M 5 = HAIL
GRTST 24HR M ON M 6 = FREEZING RAIN OR DRIZZLE
GRTST DEPTH: M ON M 7 = DUSTSTORM OR SANDSTORM:
VSBY 1/2 MILE OR LESS
8 = SMOKE OR HAZE
[NO. OF DAYS WITH] [WEATHER - DAYS WITH] 9 = BLOWING SNOW
X = TORNADO
MAX 32 OR BELOW: 0 0.01 INCH OR MORE: 9
MAX 90 OR ABOVE: 0 0.10 INCH OR MORE: 5
MIN 32 OR BELOW: 4 0.50 INCH OR MORE: 2
MIN 0 OR BELOW: 0 1.00 INCH OR MORE: 0
[HDD (BASE 65) ]
TOTAL THIS MO. 208 CLEAR (SCALE 0-3) 12
DPTR FM NORMAL -56 PTCLDY (SCALE 4-7) 14
TOTAL FM JUL 1 239 CLOUDY (SCALE 8-10) 4
DPTR FM NORMAL -61
[CDD (BASE 65) ]
TOTAL THIS MO. 26
DPTR FM NORMAL 11 [PRESSURE DATA]
TOTAL FM JAN 1 394 HIGHEST SLP 30.61 ON 21
DPTR FM NORMAL 202 LOWEST SLP 29.62 ON 30
[REMARKS]
#FINAL-09-20#