000
CXUS51 KCTP 010629
CLMBFD
CLIMATE REPORT
NATIONAL WEATHER SERVICE STATE COLLEGE PA
229 AM EDT WED NOV 01 2023
...................................
...THE BRADFORD CLIMATE SUMMARY FOR THE MONTH OF OCTOBER 2023...
CLIMATE NORMAL PERIOD 1991 TO 2020
CLIMATE RECORD PERIOD 1957 TO 2023
WEATHER OBSERVED NORMAL DEPART LAST YEAR`S
VALUE DATE(S) VALUE FROM VALUE DATE(S)
NORMAL
................................................................
TEMPERATURE (F)
RECORD
HIGH 84 10/01/2019
LOW 10 10/29/1965
HIGHEST 82 10/03 74 10/25
10/04
LOWEST 29 10/31 26 10/21
AVG. MAXIMUM 60.7 58.4 2.3 59.7
AVG. MINIMUM 43.9 38.3 5.6 35.8
MEAN 52.3 48.3 4.0 47.8
DAYS MAX >= 90 0 0.0 0.0 0
DAYS MAX <= 32 0 0.1 -0.1 0
DAYS MIN <= 32 2 10.6 -8.6 10
DAYS MIN <= 0 0 0.0 0.0 0
PRECIPITATION (INCHES)
RECORD
MAXIMUM 7.85 2016
MINIMUM 0.70 1963
TOTALS 3.26 3.99 -0.73 1.82
DAILY AVG. 0.11 0.13 -0.02 0.06
DAYS >= .01 13 14.8 -1.8 7
DAYS >= .10 9 8.3 0.7 3
DAYS >= .50 2 2.9 -0.9 1
DAYS >= 1.00 0 0.6 -0.6 1
GREATEST
24 HR. TOTAL 0.70 10/07 TO 10/08 1.30 10/13 TO 10/13
DEGREE DAYS
HEATING TOTAL 397 519 -122 527
SINCE 7/1 580 830 -250 MM
COOLING TOTAL 14 3 11 0
SINCE 1/1 355 282 73 MM
................................................................
WIND (MPH)
AVERAGE WIND SPEED 6.2
HIGHEST WIND SPEED/DIRECTION 24/310 DATE 10/22
HIGHEST GUST SPEED/DIRECTION 32/300 DATE 10/22
SKY COVER
POSSIBLE SUNSHINE (PERCENT) MM
AVERAGE SKY COVER 0.64
NUMBER OF DAYS FAIR 10
NUMBER OF DAYS PC 3
NUMBER OF DAYS CLOUDY 18
AVERAGE RH (PERCENT) 70
WEATHER CONDITIONS. NUMBER OF DAYS WITH
THUNDERSTORM 0 MIXED PRECIP 0
HEAVY RAIN 4 RAIN 9
LIGHT RAIN 19 FREEZING RAIN 0
LT FREEZING RAIN 0 HAIL 0
HEAVY SNOW 0 SLEET 0
FOG 22 FOG W/VIS <= 1/4 MILE 4
HAZE 4
- INDICATES NEGATIVE NUMBERS.
R INDICATES RECORD WAS SET OR TIED.
MM INDICATES DATA IS MISSING.
T INDICATES TRACE AMOUNT.
$$