000
CXUS51 KCTP 010855
CLSBFD
CLIMATE REPORT
NATIONAL WEATHER SERVICE STATE COLLEGE PA
455 AM EDT THU JUN 01 2023
...................................
...THE BRADFORD CLIMATE SUMMARY FOR THE SEASON, FROM
3/1/2023 TO 5/31/2023...
CLIMATE NORMAL PERIOD 1991 TO 2020
CLIMATE RECORD PERIOD 1957 TO 2023
WEATHER OBSERVED NORMAL DEPART LAST YEAR`S
VALUE DATE(S) VALUE FROM VALUE DATE(S)
NORMAL
................................................................
TEMPERATURE (F)
RECORD
HIGH 88 05/29/2018
05/30/2006
05/30/2006
LOW -21 03/02/1980
HIGHEST 86 04/14 87 05/21
05/29
05/30
LOWEST 12 03/30 2 03/04
AVG. MAXIMUM 58.1 55.3 2.8 58.5
AVG. MINIMUM 33.9 33.5 0.4 35.9
MEAN 46.0 44.4 1.6 47.2
DAYS MAX >= 90 0 0.0 0.0 0
DAYS MAX <= 32 4 8.6 -4.6 4
DAYS MIN <= 32 47 46.1 0.9 37
DAYS MIN <= 0 0 1.0 -1.0 0
PRECIPITATION (INCHES)
RECORD
MAXIMUM 20.43 2011
MINIMUM 5.47 1999
TOTALS 7.45 10.80 -3.35 11.51
DAILY AVG. 0.08 0.12 -0.03 0.13
DAYS >= .01 35 43.8 -8.8 54
DAYS >= .10 20 26.4 -6.4 27
DAYS >= .50 5 6.5 -1.5 7
DAYS >= 1.00 0 1.4 -1.4 2
GREATEST
24 HR. TOTAL 0.76 0MM06 TO 03/07 1.10
STORM TOTAL 0.59 1.09
(MM/DD(HH)) MM
DEGREE DAYS
HEATING TOTAL 1742 1914 -172 1647
SINCE 7/1 6115 7115 -1000 MM
COOLING TOTAL 17 20 -3 39
SINCE 1/1 17 20 -3 MM
FREEZE DATES
RECORD
EARLIEST 08/05/1972
LATEST 06/30/1961
EARLIEST 09/30
LATEST 04/30
................................................................
WIND (MPH)
AVERAGE WIND SPEED 6.9
RESULTANT WIND SPEED/DIRECTION 2/270
HIGHEST WIND SPEED/DIRECTION 36/120 DATE 03/25
HIGHEST GUST SPEED/DIRECTION 47/120 DATE 03/25
SKY COVER
POSSIBLE SUNSHINE (PERCENT) MM
AVERAGE SKY COVER 0.46
NUMBER OF DAYS FAIR 43
NUMBER OF DAYS PC 20
NUMBER OF DAYS CLOUDY 29
AVERAGE RH (PERCENT) 61
WEATHER CONDITIONS. NUMBER OF DAYS WITH
THUNDERSTORM 4 MIXED PRECIP 0
HEAVY RAIN 9 RAIN 17
LIGHT RAIN 35 FREEZING RAIN 2
LT FREEZING RAIN 2 HAIL 0
HEAVY SNOW 3 SNOW 8
LIGHT SNOW 24 SLEET 0
FOG 39 FOG W/VIS <= 1/4 MILE 5
HAZE 20
- INDICATES NEGATIVE NUMBERS.
R INDICATES RECORD WAS SET OR TIED.
MM INDICATES DATA IS MISSING.
T INDICATES TRACE AMOUNT.
$$