000
CXUS55 KVEF 012144
CF6BIH
PRELIMINARY LOCAL CLIMATOLOGICAL DATA (WS FORM: F-6)
STATION: BISHOP CA
MONTH: APRIL
YEAR: 2022
LATITUDE: 37 22 N
LONGITUDE: 118 22 W
TEMPERATURE IN F: :PCPN: SNOW: WIND :SUNSHINE: SKY :PK WND
================================================================================
1 2 3 4 5 6A 6B 7 8 9 10 11 12 13 14 15 16 17 18
12Z AVG MX 2MIN
DY MAX MIN AVG DEP HDD CDD WTR SNW DPTH SPD SPD DIR MIN PSBL S-S WX SPD DR
================================================================================
1 74 37 56 4 9 0 0.00 0.0 0 7.4 15 160 M M 0 20 160
2 78 36 57 5 8 0 0.00 0.0 0 7.8 23 350 M M 2 31 360
3 77 49 63 10 2 0 0.00 0.0 0 6.3 17 160 M M 1 24 360
4 84 32 58 5 7 0 0.00 0.0 0 9.3 25 340 M M 0 36 320
5 83 48 66 13 0 1 0.00 0.0 0 12.8 25 330 M M 0 33 340
6 82 47 65 12 0 0 0.00 0.0 0 8.8 22 340 M M 0 27 10
7 85 39 62 9 3 0 0.00 0.0 0 8.1 17 140 M M 0 23 140
8 87 38 63 9 2 0 0.00 0.0 0 8.5 24 250 M M 0 31 240
9 85 47 66 12 0 1 0.00 0.0 0 14.2 31 340 M M 0 42 330
10 68 41 55 1 10 0 0.00 0.0 0 10.7 29 340 M M 0 35 340
11 71 30 51 -3 14 0 0.00 0.0 0 15.2 39 10 M M 1 52 360
12 58 25 42 -12 23 0 0.00 0.0 0 12.5 25 330 M M 0 35 10
13 64 20 42 -12 23 0 0.00 0.0 0 6.7 18 360 M M 3 24 160
14 72 31 52 -3 13 0 0.00 0.0 0 9.7 28 250 M M 2 33 250
15 75 31 53 -2 12 0 0.00 0.0 0 6.0 17 360 M M 0 22 360
16 72 36 54 -1 11 0 0.00 0.0 0 8.1 32 220 M M 2 41 220
17 79 29 54 -1 11 0 0.00 0.0 0 7.2 18 150 M M 0 23 150
18 86 32 59 3 6 0 0.00 0.0 0 12.2 33 240 M M 0 49 230
19 75 45 60 4 5 0 0.00 0.0 0 17.2 40 230 M M 0 48 220
20 80 32 56 0 9 0 0.00 0.0 0 7.8 23 250 M M 0 30 250
21 72 34 53 -3 12 0 T 0.0 0 11.2 30 240 M M 1 39 270
22 64 36 50 -6 15 0 0.00 0.0 0 14.8 28 330 M M 2 36 360
23 69 32 51 -6 14 0 0.00 0.0 0 7.5 17 10 M M 0 23 10
24 72 36 54 -3 11 0 0.00 0.0 0 6.5 14 110 M M 0 18 120
25 78 31 55 -2 10 0 0.00 0.0 0 10.9 25 150 M M 0 32 170
26 83 37 60 2 5 0 T 0.0 0 9.2 30 230 M M 2 42 240
27 82 46 64 6 1 0 0.00 0.0 0 7.7 18 20 M M 1 25 260
28 78 37 58 0 7 0 0.00 0.0 0 12.7 29 360 M M 0 36 350
29 80 38 59 1 6 0 0.00 0.0 0 7.6 20 340 M M 0 27 350
30 83 35 59 0 6 0 0.00 0.0 0 9.3 22 240 M M 0 29 350
================================================================================
SM 2296 1087 255 2 T 0.0 293.9 M 17
================================================================================
AV 76.5 36.2 9.8 FASTST M M 1 MAX(MPH)
MISC ----> 40 230 52 360
================================================================================
NOTES:
# LAST OF SEVERAL OCCURRENCES
COLUMN 17 PEAK WIND IN M.P.H.
PRELIMINARY LOCAL CLIMATOLOGICAL DATA (WS FORM: F-6) , PAGE 2
STATION: BISHOP CA
MONTH: APRIL
YEAR: 2022
LATITUDE: 37 22 N
LONGITUDE: 118 22 W
[TEMPERATURE DATA] [PRECIPITATION DATA] SYMBOLS USED IN COLUMN 16
AVERAGE MONTHLY: 56.4 TOTAL FOR MONTH: T 1 = FOG OR MIST
DPTR FM NORMAL: 1.2 DPTR FM NORMAL: -0.22 2 = FOG REDUCING VISIBILITY
HIGHEST: 87 ON 8 GRTST 24HR T ON 21-21 TO 1/4 MILE OR LESS
LOWEST: 20 ON 13 3 = THUNDER
SNOW, ICE PELLETS, HAIL 4 = ICE PELLETS
TOTAL MONTH: 0.0 INCH 5 = HAIL
GRTST 24HR 0.0 6 = FREEZING RAIN OR DRIZZLE
GRTST DEPTH: 0 7 = DUSTSTORM OR SANDSTORM:
VSBY 1/2 MILE OR LESS
8 = SMOKE OR HAZE
[NO. OF DAYS WITH] [WEATHER - DAYS WITH] 9 = BLOWING SNOW
X = TORNADO
MAX 32 OR BELOW: 0 0.01 INCH OR MORE: 0
MAX 90 OR ABOVE: 0 0.10 INCH OR MORE: 0
MIN 32 OR BELOW: 11 0.50 INCH OR MORE: 0
MIN 0 OR BELOW: 0 1.00 INCH OR MORE: 0
[HDD (BASE 65) ]
TOTAL THIS MO. 255 CLEAR (SCALE 0-3) 30
DPTR FM NORMAL -43 PTCLDY (SCALE 4-7) 0
TOTAL FM JUL 1 3489 CLOUDY (SCALE 8-10) 0
DPTR FM NORMAL -383
[CDD (BASE 65) ]
TOTAL THIS MO. 2
DPTR FM NORMAL -2 [PRESSURE DATA]
TOTAL FM JAN 1 2 HIGHEST SLP 30.30 ON 7
DPTR FM NORMAL -2 LOWEST SLP 29.44 ON 11
[REMARKS]
#FINAL-04-22#