000
CXUS55 KVEF 060408
CLABIH
CLIMATE REPORT
NATIONAL WEATHER SERVICE LAS VEGAS, NV
808 PM PST FRI JAN 05 2024
...................................
...THE BISHOP CA CLIMATE SUMMARY FOR THE YEAR OF 2023...
CLIMATE NORMAL PERIOD: 1991 TO 2020
CLIMATE RECORD PERIOD: 1943 TO 2024
WEATHER OBSERVED NORMAL DEPART LAST YEAR`S
VALUE DATE(S) VALUE FROM VALUE DATE(S)
NORMAL
................................................................
TEMPERATURE (F)
RECORD
HIGH 111 07/10/2021
LOW -8 12/22/1990
12/27/1988
HIGHEST 109 07/15 MM MM 107 09/05
07/16
09/06
09/07
LOWEST 10 02/16 MM MM 8 02/24
AVG. MAXIMUM 73.1 76.4 -3.3 77.2
AVG. MINIMUM 38.3 38.2 0.1 39.1
MEAN 55.7 57.3 -1.6 58.2
DAYS MAX >= 90 75 104.1 -29.1 108
DAYS MAX <= 32 0 0.3 -0.3 1
DAYS MIN <= 32 146 139.2 6.8 155
DAYS MIN <= 0 0 0.0 0.0 0
PRECIPITATION (INCHES)
RECORD
MAXIMUM 17.09 1969
MINIMUM 0.80 1947
TOTALS 14.55 4.84 9.71 5.25
DAILY AVG. 0.04 0.01 0.03 T
DAYS >= .01 41 25.9 15.1 20
DAYS >= .10 25 10.9 14.1 10
DAYS >= .50 8 2.7 5.3 5
DAYS >= 1.00 4 0.8 3.2 0
GREATEST
24 HR. TOTAL 3.23 1.50 12/10 TO 12/11
STORM TOTAL 3.02 0.89
(MM/DD(HH)) 12/10(17) TO 12/11(11)
SNOWFALL (INCHES)
RECORDS
TOTAL 57.1 1969
24 HR TOTAL 18.0 01/24/1969 TO 01/25/1969
SNOW DEPTH 22 01/25/1969
TOTALS 2.5 MM MM T
LIQUID EQUIV 0.30 MM MM T
SINCE 7/1 0.0 MM MM MM
LIQUID 7/1 0.00 MM MM MM
SNOWDEPTH AVG. 0 0
DAYS >= TRACE 2 MM MM 0
DAYS >= 1.0 1 MM MM 0
GREATEST
SNOW DEPTH 6 03/01 0 MM
24 HR TOTAL 2.5 0MM01 TO 03/01 0.0
STORM TOTAL 2.5 0.0
(MM/DD(HH)) MM
DEGREE DAYS
HEATING TOTAL 4337 4001 336 3887
SINCE 7/1 1529 1684 -155 MM
COOLING TOTAL 1024 1212 -188 1515
SINCE 1/1 1021 1211 -190 MM
FREEZE DATES
RECORD
EARLIEST 09/11/1952
LATEST 06/16/1944
EARLIEST 10/27
LATEST 05/08
................................................................
WIND (MPH)
AVERAGE WIND SPEED 8.1
RESULTANT WIND SPEED/DIRECTION 1/320
HIGHEST WIND SPEED/DIRECTION 45/350 DATE 02/14
HIGHEST GUST SPEED/DIRECTION 60/360 DATE 02/14
SKY COVER
POSSIBLE SUNSHINE (PERCENT) MM
AVERAGE SKY COVER 0.13
NUMBER OF DAYS FAIR 314
NUMBER OF DAYS PC 38
NUMBER OF DAYS CLOUDY 12
AVERAGE RH (PERCENT) 46
WEATHER CONDITIONS. NUMBER OF DAYS WITH
THUNDERSTORM 20 MIXED PRECIP 0
HEAVY RAIN 8 RAIN 15
LIGHT RAIN 64 FREEZING RAIN 0
LT FREEZING RAIN 0 HAIL 0
HEAVY SNOW 1 SNOW 4
LIGHT SNOW 12 SLEET 0
FOG 29 FOG W/VIS <= 1/4 MILE 2
HAZE 7
- INDICATES NEGATIVE NUMBERS.
R INDICATES RECORD WAS SET OR TIED.
MM INDICATES DATA IS MISSING.
T INDICATES TRACE AMOUNT.
$$