219
CXUS51 KRNK 011316
CLSBLF
CLIMATE REPORT
NATIONAL WEATHER SERVICE BLACKSBURG, VA
916 AM EDT TUE SEP 01 2020
...................................
...THE BLUEFIELD WV CLIMATE SUMMARY FOR THE SEASON, FROM
6/1/2020 TO 8/31/2020...
CLIMATE NORMAL PERIOD: 1981 TO 2010
CLIMATE RECORD PERIOD: 1909 TO 2020
WEATHER OBSERVED NORMAL DEPART LAST YEAR`S
VALUE DATE(S) VALUE FROM VALUE
NORMAL
..............................................................
TEMPERATURE (F)
RECORD
HIGH 99 08/09/1957
07/28/1952
LOW 31 06/17/1917
HIGHEST 87 07/21 87
LOWEST 43 06/01 45
AVG. MAXIMUM 77.3 80.2 -2.9 77.6
AVG. MINIMUM 61.1 63.2 -2.1 60.5
MEAN 69.2 71.7 -2.5 69.1
DAYS MAX >= 90 0 2.9 -2.9 0
DAYS MAX <= 32 0 0.0 0.0 0
DAYS MIN <= 32 0 0.0 0.0 0
DAYS MIN <= 0 0 0.0 0.0 0
PRECIPITATION (INCHES)
RECORD
MAXIMUM 19.16 2006
MINIMUM 6.12 1997
TOTALS 14.40 11.57 2.83 7.96
DAYS >= .01 46 36.7 9.3 32
DAYS >= .10 30 22.9 7.1 17
DAYS >= .50 9 8.0 1.0 6
DAYS >= 1.00 3 2.3 0.7 0
GREATEST
24 HR. TOTAL 2.18 0.92
SNOWFALL (INCHES)
TOTALS 0.0 0.0
DAYS >= TRACE 0 0
DAYS >= 1.0 0 0
GREATEST
24 HR TOTAL 0.0 0.0
DEGREE DAYS
HEATING TOTAL 56 29 27 68
COOLING TOTAL 477 644 -167 455
..............................................................
WIND (MPH)
AVERAGE WIND SPEED 4.8
RESULTANT WIND SPEED/DIRECTION 2/260
HIGHEST WIND SPEED/DIRECTION 26/240 DATE 08/02
HIGHEST GUST SPEED/DIRECTION 37/250 DATE 08/02
SKY COVER
AVERAGE SKY COVER 0.43
AVERAGE RH (PERCENT) 79
WEATHER CONDITIONS. NUMBER OF DAYS WITH
THUNDERSTORM 30 MIXED PRECIP 0
HEAVY RAIN 24 RAIN 33
LIGHT RAIN 58 FREEZING RAIN 0
LT FREEZING RAIN 0 HAIL 0
HEAVY SNOW 0 SNOW 0
LIGHT SNOW 0 SLEET 0
FOG 51 FOG W/VIS <= 1/4 MILE 11
HAZE 1
- INDICATES NEGATIVE NUMBERS.
R INDICATES RECORD WAS SET OR TIED.
MM INDICATES DATA IS MISSING.
T INDICATES TRACE AMOUNT.
$$