000
CXUS53 KIND 011516
CLMBMG
CLIMATE REPORT
NATIONAL WEATHER SERVICE INDIANAPOLIS IN
1116 AM EDT TUE AUG 01 2023
...................................
...THE BLOOMINGTON IN CLIMATE SUMMARY FOR THE MONTH OF JULY 2023...
CLIMATE NORMAL PERIOD 1991 TO 2020
CLIMATE RECORD PERIOD 9999 TO 9999
WEATHER OBSERVED NORMAL DEPART LAST YEAR`S
VALUE DATE(S) VALUE FROM VALUE DATE(S)
NORMAL
................................................................
TEMPERATURE (F)
HIGHEST 93 07/28 97 07/05
LOWEST 60 07/10 58 07/30
07/23
07/31
AVG. MAXIMUM 86.1 85.0 1.1 87.0
AVG. MINIMUM 66.8 64.3 2.5 68.5
MEAN 76.5 74.7 1.8 77.7
DAYS MAX >= 90 5 6.9 -1.9 9
DAYS MAX <= 32 0 0.0 0.0 0
DAYS MIN <= 32 0 0.0 0.0 0
DAYS MIN <= 0 0 0.0 0.0 0
PRECIPITATION (INCHES)
TOTALS 5.28 4.89 0.39 2.64
DAILY AVG. 0.17 0.16 0.01 0.09
DAYS >= .01 13 13.8 -0.8 13
DAYS >= .10 7 7.0 0.0 6
DAYS >= .50 4 3.1 0.9 2
DAYS >= 1.00 1 1.7 -0.7 0
GREATEST
24 HR. TOTAL 1.80 07/01 TO 07/01
DEGREE DAYS
HEATING TOTAL 0 2 -2 0
SINCE 7/1 0 0 0 MM
COOLING TOTAL 363 301 62 401
SINCE 1/1 622 630 -8 MM
................................................................
WIND (MPH)
AVERAGE WIND SPEED 4.7
HIGHEST WIND SPEED/DIRECTION 29/130 DATE 07/02
HIGHEST GUST SPEED/DIRECTION 42/130 DATE 07/02
SKY COVER
AVERAGE SKY COVER 0.24
AVERAGE RH (PERCENT) 74
WEATHER CONDITIONS. NUMBER OF DAYS WITH
THUNDERSTORM 15 MIXED PRECIP 0
HEAVY RAIN 6 RAIN 7
LIGHT RAIN 12 FREEZING RAIN 0
LT FREEZING RAIN 0 HAIL 0
HEAVY SNOW 0 SNOW 0
LIGHT SNOW 0 SLEET 0
FOG 26 FOG W/VIS <= 1/4 MILE 2
HAZE 9
- INDICATES NEGATIVE NUMBERS.
R INDICATES RECORD WAS SET OR TIED.
MM INDICATES DATA IS MISSING.
T INDICATES TRACE AMOUNT.
$$