000
CXUS53 KILX 010900
CF6BMI
PRELIMINARY LOCAL CLIMATOLOGICAL DATA (WS FORM: F-6)
STATION: BLOOMINGTON IL AIRPORT
MONTH: MAY
YEAR: 2021
LATITUDE: 40 28 N
LONGITUDE: 88 56 W
TEMPERATURE IN F: :PCPN: SNOW: WIND :SUNSHINE: SKY :PK WND
================================================================================
1 2 3 4 5 6A 6B 7 8 9 10 11 12 13 14 15 16 17 18
12Z AVG MX 2MIN
DY MAX MIN AVG DEP HDD CDD WTR SNW DPTH SPD SPD DIR MIN PSBL S-S WX SPD DR
================================================================================
1 82 46 64 M 1 0 0.00 M M 20.5 32 210 M M 2 38 240
2 78 59 69 M 0 4 T M M 18.4 29 190 M M 3 36 190
3 71 58 65 M 0 0 0.12 M M 9.8 17 290 M M 9 1 M M
4 60 46 53 M 12 0 0.09 M M 11.5 20 350 M M 8 1 24 350
5 64 44 54 M 11 0 0.00 M M 6.3 16 20 M M 2 20 360
6 62 45 54 M 11 0 0.01 M M 11.7 25 340 M M 8 33 330
7 66 38 52 M 13 0 0.00 0.0 0 13.6 24 300 M M 2 36 330
8 59 33 46 M 19 0 0.38 M M 9.7 23 70 M M 4 1 32 70
9 53 39 46 M 19 0 1.31 M M 19.1 31 50 M M 7 13 39 60
10 62 38 50 M 15 0 0.16 M M 8.4 14 70 M M 5 18 240
11 58 37 48 M 17 0 T M M 11.2 18 30 M M 4 24 30
12 61 34 48 M 17 0 0.00 M M 10.5 18 50 M M 0 25 60
13 67 39 53 M 12 0 0.00 M M 2.2 6 99 M M 0 M M
14 69 45 57 M 8 0 0.00 M M 5.5 12 180 M M 0 16 180
15 61 52 57 M 8 0 0.04 M M 8.2 14 210 M M 10 M M
16 71 53 62 M 3 0 0.13 M M 7.5 10 170 M M 8 17 120
17 62 58 60 M 5 0 0.86 M M 13.2 20 80 M M 10 1 27 90
18 67 60 64 M 1 0 0.20 M M 14.5 23 140 M M 10 1 32 140
19 76 63 70 M 0 5 0.02 M M 15.6 22 180 M M 7 31 170
20 83 66 75 M 0 10 0.00 M M 15.5 24 170 M M 2 29 180
21 83 63 73 M 0 8 0.00 M M 13.3 22 220 M M 1 36 190
22 83 65 74 M 0 9 0.00 M M 8.5 14 240 M M 1 17 240
23 84 66 75 M 0 10 0.00 M M 6.0 15 300 M M 2 M M
24 88 66 77 M 0 12 0.00 M M 8.6 20 200 M M 2 24 220
25 85 65 75 M 0 10 T M M 12.6 24 230 M M 4 35 230
26 84 66 75 M 0 10 0.46 M M 10.3 18 290 M M 3 13 23 300
27 76 58 67 M 0 2 0.29 M M 12.1 21 180 M M 4 33 180
28 58 46 52 M 13 0 0.84 M M 15.5 21 30 M M 10 1 31 30
29 63 44 54 M 11 0 0.00 M M 13.8 21 50 M M 3 23 50
30 71 41 56 M 9 0 0.00 M M 3.5 7 60 M M 0 M M
31 69 56 63 M 2 0 T M M 5.4 12 320 M M 6 M M
================================================================================
SM 2176 1589 207 80 4.91 0.0 342.5 M 137
================================================================================
AV 70.2 51.3 11.0 FASTST M M 4 MAX(MPH)
MISC ----> 32 210 39 60
================================================================================
NOTES:
# LAST OF SEVERAL OCCURRENCES
COLUMN 17 PEAK WIND IN M.P.H.
PRELIMINARY LOCAL CLIMATOLOGICAL DATA (WS FORM: F-6) , PAGE 2
STATION: BLOOMINGTON IL AIRPORT
MONTH: MAY
YEAR: 2021
LATITUDE: 40 28 N
LONGITUDE: 88 56 W
[TEMPERATURE DATA] [PRECIPITATION DATA] SYMBOLS USED IN COLUMN 16
AVERAGE MONTHLY: 60.7 TOTAL FOR MONTH: 4.91 1 = FOG OR MIST
DPTR FM NORMAL: 0.0 DPTR FM NORMAL: M 2 = FOG REDUCING VISIBILITY
HIGHEST: 88 ON 24 GRTST 24HR 1.31 ON 9- 9 TO 1/4 MILE OR LESS
LOWEST: 33 ON 8 3 = THUNDER
SNOW, ICE PELLETS, HAIL 4 = ICE PELLETS
TOTAL MONTH: 0.0 INCH 5 = HAIL
GRTST 24HR 0.0 6 = FREEZING RAIN OR DRIZZLE
GRTST DEPTH: 0 7 = DUSTSTORM OR SANDSTORM:
VSBY 1/2 MILE OR LESS
8 = SMOKE OR HAZE
[NO. OF DAYS WITH] [WEATHER - DAYS WITH] 9 = BLOWING SNOW
X = TORNADO
MAX 32 OR BELOW: 0 0.01 INCH OR MORE: 14
MAX 90 OR ABOVE: 0 0.10 INCH OR MORE: 10
MIN 32 OR BELOW: 0 0.50 INCH OR MORE: 3
MIN 0 OR BELOW: 0 1.00 INCH OR MORE: 1
[HDD (BASE 65) ]
TOTAL THIS MO. 207 CLEAR (SCALE 0-3) 15
DPTR FM NORMAL M PTCLDY (SCALE 4-7) 11
TOTAL FM JUL 1 5633 CLOUDY (SCALE 8-10) 5
DPTR FM NORMAL M
[CDD (BASE 65) ]
TOTAL THIS MO. 80
DPTR FM NORMAL M [PRESSURE DATA]
TOTAL FM JAN 1 91 HIGHEST SLP M ON M
DPTR FM NORMAL M LOWEST SLP M ON M
[REMARKS]
#FINAL-05-21#