000
CXUS55 KOHX 011110
CF6BNA
PRELIMINARY LOCAL CLIMATOLOGICAL DATA (WS FORM: F-6)
STATION: NASHVILLE
MONTH: JUNE
YEAR: 2023
LATITUDE: 36 7 N
LONGITUDE: 86 41 W
TEMPERATURE IN F: :PCPN: SNOW: WIND :SUNSHINE: SKY :PK WND
================================================================================
1 2 3 4 5 6A 6B 7 8 9 10 11 12 13 14 15 16 17 18
12Z AVG MX 2MIN
DY MAX MIN AVG DEP HDD CDD WTR SNW DPTH SPD SPD DIR MIN PSBL S-S WX SPD DR
================================================================================
1 88 67 78 4 0 13 0.00 0.0 0 2.7 13 120 M M 4 18 110
2 92 66 79 5 0 14 0.00 0.0 0 6.2 16 30 M M 2 1 26 30
3 93 63 78 4 0 13 0.00 0.0 0 5.2 14 40 M M 2 20 50
4 93 64 79 5 0 14 0.10 0.0 0 3.8 26 360 M M 3 3 39 350
5 92 66 79 4 0 14 0.00 0.0 0 4.8 14 350 M M 1 8 24 290
6 90 62 76 1 0 11 0.00 0.0 0 3.5 14 360 M M 1 8 22 330
7 84 61 73 -2 0 8 T 0.0 0 5.5 14 340 M M 6 8 26 300
8 84 63 74 -1 0 9 0.00 0.0 0 5.1 14 360 M M 3 18 M 320
9 84 54 69 -7 0 4 0.00 0.0 0 2.6 12 40 M M 0 8 21 290
10 89 56 73 -3 0 8 0.00 0.0 0 5.2 13 190 M M 6 8 20 270
11 89 67 78 2 0 13 0.39 0.0 0 10.5 24 300 M M 8 13 40 300
12 73 59 66 -10 0 1 0.00 0.0 0 7.1 16 340 M M 7 24 340
13 80 54 67 -10 0 2 0.00 0.0 0 5.5 13 250 M M 5 1 20 230
14 83 61 72 -5 0 7 T 0.0 0 5.1 14 310 M M 5 21 320
15 84 66 75 -2 0 10 T 0.0 0 3.6 15 190 M M 5 19 200
16 92 65 79 2 0 14 T 0.0 0 5.9 18 20 M M 4 13 30 340
17 88 65 77 -1 0 12 0.00 0.0 0 5.5 13 330 M M 2 28 290
18 87 63 75 -3 0 10 0.13 0.0 0 6.2 20 200 M M 7 18 25 200
19 81 69 75 -3 0 10 0.77 0.0 0 7.7 20 140 M M 8 138 27 290
20 84 70 77 -1 0 12 0.34 0.0 0 6.5 23 10 M M 8 138 34 10
21 81 68 75 -3 0 10 0.12 0.0 0 7.4 17 60 M M 8 1 25 70
22 78 66 72 -7 0 7 0.03 0.0 0 6.1 14 40 M M 8 18 30
23 85 62 74 -5 0 9 0.00 0.0 0 3.4 10 50 M M 5 29 320
24 93 63 78 -1 0 13 0.00 0.0 0 4.2 15 320 M M 3 1 24 20
25 95 70 83 4 0 18 0.00 0.0 0 8.3 17 180 M M 4 3 22 180
26 90 74 82 3 0 17 0.00 0.0 0 7.8 20 270 M M 3 28 300
27 89 67 78 -1 0 13 0.00 0.0 0 5.9 16 290 M M 2 8 28 20
28 93 67 80 0 0 15 0.00 0.0 0 3.4 10 70 M M 1 8 15 80
29 88 69 79 -1 0 14 0.81 0.0 0 7.0 31 30 M M 6 138 43 50
30 97 69 83 3 0 18 0.69 0.0 0 6.8 38 30 M M 5 13 50 50
================================================================================
SM 2619 1936 0 333 3.38 0.0 168.5 M 132
================================================================================
AV 87.3 64.5 5.6 FASTST M M 4 MAX(MPH)
MISC ----> 38 30 50 50
================================================================================
NOTES:
# LAST OF SEVERAL OCCURRENCES
COLUMN 17 PEAK WIND IN M.P.H.
PRELIMINARY LOCAL CLIMATOLOGICAL DATA (WS FORM: F-6) , PAGE 2
STATION: NASHVILLE
MONTH: JUNE
YEAR: 2023
LATITUDE: 36 7 N
LONGITUDE: 86 41 W
[TEMPERATURE DATA] [PRECIPITATION DATA] SYMBOLS USED IN COLUMN 16
AVERAGE MONTHLY: 75.9 TOTAL FOR MONTH: 3.38 1 = FOG OR MIST
DPTR FM NORMAL: -1.2 DPTR FM NORMAL: -0.98 2 = FOG REDUCING VISIBILITY
HIGHEST: 97 ON 30 GRTST 24HR 1.00 ON 19-20 TO 1/4 MILE OR LESS
LOWEST: 54 ON 13, 9 3 = THUNDER
SNOW, ICE PELLETS, HAIL 4 = ICE PELLETS
TOTAL MONTH: 0.0 INCH 5 = HAIL
GRTST 24HR 0.0 6 = FREEZING RAIN OR DRIZZLE
GRTST DEPTH: 0 7 = DUSTSTORM OR SANDSTORM:
VSBY 1/2 MILE OR LESS
8 = SMOKE OR HAZE
[NO. OF DAYS WITH] [WEATHER - DAYS WITH] 9 = BLOWING SNOW
X = TORNADO
MAX 32 OR BELOW: 0 0.01 INCH OR MORE: 9
MAX 90 OR ABOVE: 11 0.10 INCH OR MORE: 8
MIN 32 OR BELOW: 0 0.50 INCH OR MORE: 3
MIN 0 OR BELOW: 0 1.00 INCH OR MORE: 0
[HDD (BASE 65) ]
TOTAL THIS MO. 0 CLEAR (SCALE 0-3) 10
DPTR FM NORMAL -1 PTCLDY (SCALE 4-7) 19
TOTAL FM JUL 1 2762 CLOUDY (SCALE 8-10) 1
DPTR FM NORMAL -602
[CDD (BASE 65) ]
TOTAL THIS MO. 333
DPTR FM NORMAL -30 [PRESSURE DATA]
TOTAL FM JAN 1 577 HIGHEST SLP 30.14 ON 29
DPTR FM NORMAL -27 LOWEST SLP 29.60 ON 11
[REMARKS]
#FINAL-06-23#