000
CXUS55 KOHX 011110
CF6BNA
PRELIMINARY LOCAL CLIMATOLOGICAL DATA (WS FORM: F-6)
STATION: NASHVILLE
MONTH: OCTOBER
YEAR: 2023
LATITUDE: 36 7 N
LONGITUDE: 86 41 W
TEMPERATURE IN F: :PCPN: SNOW: WIND :SUNSHINE: SKY :PK WND
================================================================================
1 2 3 4 5 6A 6B 7 8 9 10 11 12 13 14 15 16 17 18
12Z AVG MX 2MIN
DY MAX MIN AVG DEP HDD CDD WTR SNW DPTH SPD SPD DIR MIN PSBL S-S WX SPD DR
================================================================================
1 88 62 75 7 0 10 0.00 0.0 0 2.4 8 40 M M 2 13 20
2 89 62 76 9 0 11 0.00 0.0 0 2.5 10 50 M M 2 14 20
3 88 61 75 8 0 10 0.00 0.0 0 3.5 13 190 M M 2 18 130
4 86 61 74 8 0 9 0.00 0.0 0 4.5 16 180 M M 7 22 180
5 79 66 73 7 0 8 0.30 0.0 0 4.4 15 180 M M 10 1 20 190
6 79 58 69 3 0 4 T 0.0 0 6.6 20 340 M M 6 1 27 350
7 66 46 56 -9 9 0 0.00 0.0 0 7.7 21 360 M M 3 34 340
8 69 42 56 -9 9 0 0.00 0.0 0 5.3 15 280 M M 2 21 280
9 73 48 61 -3 4 0 0.00 0.0 0 5.4 12 290 M M 6 18 220
10 76 52 64 0 1 0 0.00 0.0 0 3.6 14 300 M M 3 22 310
11 73 51 62 -2 3 0 0.00 0.0 0 3.1 10 180 M M 8 17 180
12 81 54 68 5 0 3 0.00 0.0 0 4.5 15 60 M M 4 1 21 60
13 77 56 67 4 0 2 T 0.0 0 7.5 16 190 M M 7 23 200
14 68 56 62 0 3 0 0.00 0.0 0 10.4 16 320 M M 8 8 29 290
15 58 51 55 -7 10 0 T 0.0 0 9.8 20 10 M M 10 28 340
16 58 49 54 -8 11 0 T 0.0 0 8.1 15 330 M M 10 8 21 320
17 60 45 53 -8 12 0 0.00 0.0 0 2.6 9 290 M M 8 12 330
18 73 41 57 -4 8 0 0.00 0.0 0 6.1 15 190 M M 2 20 200
19 74 51 63 3 2 0 T 0.0 0 12.3 28 200 M M 8 3 38 190
20 75 51 63 3 2 0 T 0.0 0 8.1 22 320 M M 4 31 320
21 83 45 64 4 1 0 0.00 0.0 0 6.2 21 270 M M 1 33 270
22 72 50 61 2 4 0 0.00 0.0 0 5.6 10 50 M M 2 15 360
23 79 47 63 4 2 0 0.00 0.0 0 3.8 9 160 M M 6 18 14 160
24 79 56 68 10 0 3 0.00 0.0 0 8.3 16 200 M M 7 8 23 180
25 81 53 67 9 0 2 0.00 0.0 0 7.5 18 170 M M 2 25 180
26 84 58 71 13 0 6 0.00 0.0 0 8.8 18 180 M M 5 28 170
27 81 66 74 17 0 9 0.00 0.0 0 6.1 15 210 M M 8 24 200
28 87 66 77 20 0 12 T 0.0 0 4.2 10 200 M M 8 16 190
29 80 59 70 14 0 5 0.00 0.0 M 6.3 17 310 M M 8 1 23 300
30 59 37 48 -8 17 0 0.43 0.0 0 9.1 18 320 M M 9 1 31 350
31 53 33 43 -13 22 0 0.00 0.0 M 9.8 22 330 M M 3 33 350
================================================================================
SM 2328 1633 120 94 0.73 0.0 194.1 M 171
================================================================================
AV 75.1 52.7 6.3 FASTST M M 6 MAX(MPH)
MISC ----> 28 200 38 190
================================================================================
NOTES:
# LAST OF SEVERAL OCCURRENCES
COLUMN 17 PEAK WIND IN M.P.H.
PRELIMINARY LOCAL CLIMATOLOGICAL DATA (WS FORM: F-6) , PAGE 2
STATION: NASHVILLE
MONTH: OCTOBER
YEAR: 2023
LATITUDE: 36 7 N
LONGITUDE: 86 41 W
[TEMPERATURE DATA] [PRECIPITATION DATA] SYMBOLS USED IN COLUMN 16
AVERAGE MONTHLY: 63.9 TOTAL FOR MONTH: 0.73 1 = FOG OR MIST
DPTR FM NORMAL: 2.2 DPTR FM NORMAL: -2.63 2 = FOG REDUCING VISIBILITY
HIGHEST: 89 ON 2 GRTST 24HR 0.43 ON 30-30 TO 1/4 MILE OR LESS
LOWEST: 33 ON 31 3 = THUNDER
SNOW, ICE PELLETS, HAIL 4 = ICE PELLETS
TOTAL MONTH: 0.0 INCH 5 = HAIL
GRTST 24HR 0.0 6 = FREEZING RAIN OR DRIZZLE
GRTST DEPTH: 0 7 = DUSTSTORM OR SANDSTORM:
VSBY 1/2 MILE OR LESS
8 = SMOKE OR HAZE
[NO. OF DAYS WITH] [WEATHER - DAYS WITH] 9 = BLOWING SNOW
X = TORNADO
MAX 32 OR BELOW: 0 0.01 INCH OR MORE: 2
MAX 90 OR ABOVE: 0 0.10 INCH OR MORE: 2
MIN 32 OR BELOW: 0 0.50 INCH OR MORE: 0
MIN 0 OR BELOW: 0 1.00 INCH OR MORE: 0
[HDD (BASE 65) ]
TOTAL THIS MO. 120 CLEAR (SCALE 0-3) 10
DPTR FM NORMAL -45 PTCLDY (SCALE 4-7) 15
TOTAL FM JUL 1 120 CLOUDY (SCALE 8-10) 6
DPTR FM NORMAL -58
[CDD (BASE 65) ]
TOTAL THIS MO. 94
DPTR FM NORMAL 32 [PRESSURE DATA]
TOTAL FM JAN 1 1935 HIGHEST SLP 30.37 ON 31
DPTR FM NORMAL 69 LOWEST SLP 29.71 ON 20
[REMARKS]
#FINAL-10-23#