000
CXUS56 KBOI 011002
CF6BNO
PRELIMINARY LOCAL CLIMATOLOGICAL DATA (WS FORM: F-6)
STATION: BURNS OR
MONTH: MAY
YEAR: 2023
LATITUDE: 43 34 N
LONGITUDE: 118 57 W
TEMPERATURE IN F: :PCPN: SNOW: WIND :SUNSHINE: SKY :PK WND
================================================================================
1 2 3 4 5 6A 6B 7 8 9 10 11 12 13 14 15 16 17 18
12Z AVG MX 2MIN
DY MAX MIN AVG DEP HDD CDD WTR SNW DPTH SPD SPD DIR MIN PSBL S-S WX SPD DR
================================================================================
1 70 45 58 10 7 0 0.08 M M 11.7 31 230 M M 5 13 44 230
2 68 36 52 3 13 0 0.00 M M 5.9 17 210 M M 0 24 330
3 77 44 61 12 4 0 0.00 M M 10.7 21 130 M M 0 28 130
4 69 48 59 10 6 0 0.01 M M 8.8 35 200 M M 6 3 45 200
5 49 39 44 -6 21 0 1.14 M M 12.1 22 320 M M 10 1 29 330
6 55 37 46 -4 19 0 0.20 M M 6.4 21 240 M M 9 27 240
7 54 38 46 -4 19 0 0.15 M M 8.5 18 240 M M 9 25 250
8 56 37 47 -4 18 0 0.10 M M 8.1 26 240 M M 6 34 250
9 57 35 46 -5 19 0 T M M 5.8 13 250 M M 4 17 240
10 63 35 49 -2 16 0 0.00 M M 5.7 22 340 M M 0 28 340
11 69 35 52 0 13 0 0.00 M M 4.1 12 250 M M 2 17 250
12 74 39 57 5 8 0 0.00 M M 4.8 10 310 M M 0 15 130
13 78 47 63 11 2 0 0.00 M M 9.8 23 80 M M 0 32 90
14 72 43 58 5 7 0 0.01 M M 11.8 28 70 M M 4 38 80
15 71 49 60 7 5 0 0.08 M M 5.5 12 260 M M 7 13 16 250
16 76 44 60 7 5 0 0.00 M M 5.6 22 320 M M 3 123 30 320
17 81 50 66 13 0 1 0.00 M M 6.0 16 180 M M 4 3 20 190
18 82 46 64 10 1 0 0.00 M M 5.7 14 50 M M 0 3 18 50
19 85 49 67 13 0 2 0.00 M M 8.3 22 310 M M 0 29 300
20 86 50 68 14 0 3 0.00 M M 7.5 28 270 M M 0 40 270
21 84 49 67 13 0 2 0.00 M M 7.2 20 320 M M 2 27 310
22 68 44 56 1 9 0 0.00 M M 10.1 20 310 M M 0 27 310
23 69 37 53 -2 12 0 0.00 M M 7.7 16 320 M M 0 23 310
24 74 33 54 -1 11 0 0.00 M M 6.7 16 10 M M 0 24 360
25 74 38 56 1 9 0 0.07 M M 6.4 17 10 M M 3 24 10
26 71 50 61 6 4 0 0.04 M M 4.3 21 320 M M 5 1 27 330
27 72 45 59 3 6 0 T M M 7.9 23 10 M M 4 30 310
28 76 41 59 3 6 0 0.00 M M 4.7 17 350 M M 4 23 350
29 80 42 61 5 4 0 0.10 M M 4.4 15 350 M M 3 26 300
30 78 55 67 11 0 2 T M M 7.1 18 130 M M 6 3 26 130
31 77 47 62 6 3 0 0.00 M M 6.8 17 310 M M 6 30 330
================================================================================
SM 2215 1327 247 10 1.98 M 226.1 M 102
================================================================================
AV 71.5 42.8 7.3 FASTST M M 3 MAX(MPH)
MISC ----> 35 200 45 200
================================================================================
NOTES:
# LAST OF SEVERAL OCCURRENCES
COLUMN 17 PEAK WIND IN M.P.H.
PRELIMINARY LOCAL CLIMATOLOGICAL DATA (WS FORM: F-6) , PAGE 2
STATION: BURNS OR
MONTH: MAY
YEAR: 2023
LATITUDE: 43 34 N
LONGITUDE: 118 57 W
[TEMPERATURE DATA] [PRECIPITATION DATA] SYMBOLS USED IN COLUMN 16
AVERAGE MONTHLY: 57.1 TOTAL FOR MONTH: 1.98 1 = FOG OR MIST
DPTR FM NORMAL: 4.3 DPTR FM NORMAL: 0.71 2 = FOG REDUCING VISIBILITY
HIGHEST: 86 ON 20 GRTST 24HR 1.14 ON 5- 5 TO 1/4 MILE OR LESS
LOWEST: 33 ON 24 3 = THUNDER
SNOW, ICE PELLETS, HAIL 4 = ICE PELLETS
TOTAL MONTH: M 5 = HAIL
GRTST 24HR M ON M 6 = FREEZING RAIN OR DRIZZLE
GRTST DEPTH: M ON M 7 = DUSTSTORM OR SANDSTORM:
VSBY 1/2 MILE OR LESS
8 = SMOKE OR HAZE
[NO. OF DAYS WITH] [WEATHER - DAYS WITH] 9 = BLOWING SNOW
X = TORNADO
MAX 32 OR BELOW: 0 0.01 INCH OR MORE: 11
MAX 90 OR ABOVE: 0 0.10 INCH OR MORE: 5
MIN 32 OR BELOW: 0 0.50 INCH OR MORE: 1
MIN 0 OR BELOW: 0 1.00 INCH OR MORE: 1
[HDD (BASE 65) ]
TOTAL THIS MO. 247 CLEAR (SCALE 0-3) 16
DPTR FM NORMAL -135 PTCLDY (SCALE 4-7) 12
TOTAL FM JUL 1 7867 CLOUDY (SCALE 8-10) 3
DPTR FM NORMAL 845
[CDD (BASE 65) ]
TOTAL THIS MO. 10
DPTR FM NORMAL 6 [PRESSURE DATA]
TOTAL FM JAN 1 10 HIGHEST SLP 30.23 ON 12
DPTR FM NORMAL 6 LOWEST SLP 29.47 ON 1
[REMARKS]
#FINAL-05-23#