000
CXUS56 KBOI 011736
CLMBNO
CLIMATE REPORT
NATIONAL WEATHER SERVICE BOISE ID
1136 AM MDT MON MAY 01 2023
...................................
...THE BURNS OR CLIMATE SUMMARY FOR THE MONTH OF APRIL 2023...
CLIMATE NORMAL PERIOD 1991 TO 2020
CLIMATE RECORD PERIOD 1938 TO 2023
WEATHER OBSERVED NORMAL DEPART
VALUE DATE(S) VALUE FROM
NORMAL
................................................
TEMPERATURE (F)
HIGHEST 85 04/29
LOWEST 13 04/05
AVG. MAXIMUM 55.7 58.1 -2.4
AVG. MINIMUM 29.0 29.8 -0.8
MEAN 42.4 43.9 -1.5
DAYS MAX >= 90 0
DAYS MAX <= 32 0
DAYS MIN <= 32 20
DAYS MIN <= 0 0
PRECIPITATION (INCHES)
RECORD
MAXIMUM 2.30 2019
TOTALS 0.92 0.94 -0.02
DAYS >= .01 10
DAYS >= .10 3
DAYS >= .50 0
DAYS >= 1.00 0
GREATEST
24 HR. TOTAL 0.48 04/07 TO 04/07
DEGREE DAYS
HEATING TOTAL 669 632 37
SINCE 7/1 7620 6640 980
COOLING TOTAL 0 0 0
SINCE 1/1 0 0 0
................................................
WIND (MPH)
AVERAGE WIND SPEED 7.3
HIGHEST WIND SPEED/DIRECTION 33/290 DATE 04/16
HIGHEST GUST SPEED/DIRECTION 46/270 DATE 04/16
AVERAGE RH (PERCENT) 60
- INDICATES NEGATIVE NUMBERS.
R INDICATES RECORD WAS SET OR TIED.
MM INDICATES DATA IS MISSING.
T INDICATES TRACE AMOUNT.
$$