000
CXUS55 KBOI 011002
CF6BOI
PRELIMINARY LOCAL CLIMATOLOGICAL DATA (WS FORM: F-6)
STATION: BOISE ID
MONTH: APRIL
YEAR: 2023
LATITUDE: 43 34 N
LONGITUDE: 116 13 W
TEMPERATURE IN F: :PCPN: SNOW: WIND :SUNSHINE: SKY :PK WND
================================================================================
1 2 3 4 5 6A 6B 7 8 9 10 11 12 13 14 15 16 17 18
12Z AVG MX 2MIN
DY MAX MIN AVG DEP HDD CDD WTR SNW DPTH SPD SPD DIR MIN PSBL S-S WX SPD DR
================================================================================
1 50 38 44 -4 21 0 0.18 0.0 0 9.1 30 310 M M 9 1 39 310
2 51 35 43 -5 22 0 T T 0 5.7 17 270 M M 8 28 140
3 46 30 38 -10 27 0 T T 0 14.0 30 310 M M 5 43 300
4 46 31 39 -9 26 0 0.01 0.1 0 14.4 26 310 M M 6 8 35 340
5 50 24 37 -12 28 0 0.00 0.0 0 6.5 15 120 M M 2 20 120
6 56 34 45 -4 20 0 0.00 0.0 0 17.1 28 140 M M 2 38 140
7 55 39 47 -2 18 0 T 0.0 0 13.8 26 110 M M 7 38 140
8 63 37 50 1 15 0 0.00 0.0 0 4.4 10 130 M M 3 15 160
9 73 42 58 9 7 0 0.00 0.0 0 10.2 20 120 M M 1 24 130
10 82 50 66 16 0 1 0.00 0.0 0 18.5 31 140 M M 0 42 120
11 66 42 54 4 11 0 0.00 0.0 0 11.4 26 310 M M 4 36 310
12 50 34 42 -8 23 0 0.00 0.0 0 10.7 21 300 M M 8 29 310
13 51 32 42 -8 23 0 0.08 1.0 1 10.5 21 320 M M 5 1 36 290
14 56 31 44 -6 21 0 0.00 0.0 0 5.6 18 340 M M 3 24 340
15 66 37 52 2 13 0 0.00 0.0 0 12.6 21 150 M M 0 28 110
16 74 42 58 7 7 0 0.00 0.0 0 14.9 29 320 M M 0 39 310
17 60 42 51 0 14 0 0.01 0.0 0 6.4 18 240 M M 3 30 200
18 47 30 39 -12 26 0 0.16 0.9 0 8.7 25 320 M M 7 1 33 280
19 51 27 39 -13 26 0 0.03 T 0 6.0 24 280 M M 2 1 35 270
20 52 28 40 -12 25 0 0.00 0.0 0 3.9 13 320 M M 5 12 19 310
21 53 39 46 -6 19 0 0.08 0.0 0 10.6 24 330 M M 8 32 340
22 59 40 50 -2 15 0 0.00 0.0 0 5.0 15 300 M M 6 20 300
23 61 41 51 -2 14 0 0.05 0.0 0 8.9 16 150 M M 4 20 140
24 58 41 50 -3 15 0 T 0.0 0 11.8 30 340 M M 5 41 330
25 65 37 51 -2 14 0 0.00 0.0 0 10.3 22 270 M M 0 32 260
26 72 40 56 2 9 0 0.00 0.0 0 6.1 14 320 M M 0 20 300
27 75 46 61 7 4 0 0.00 0.0 0 10.9 28 310 M M 0 35 300
28 78 46 62 8 3 0 0.00 0.0 0 7.5 16 140 M M 0 23 130
29 86 47 67 12 0 2 0.00 0.0 0 4.6 14 130 M M 0 17 140
30 90 52 71 16 0 6 0.01 0.0 M 7.1 24 240 M M 0 3 32 250
================================================================================
SM 1842 1134 466 9 0.61 2.0 287.2 M 103
================================================================================
AV 61.4 37.8 9.6 FASTST M M 3 MAX(MPH)
MISC ----> 31 140 43 300
================================================================================
NOTES:
# LAST OF SEVERAL OCCURRENCES
COLUMN 17 PEAK WIND IN M.P.H.
PRELIMINARY LOCAL CLIMATOLOGICAL DATA (WS FORM: F-6) , PAGE 2
STATION: BOISE ID
MONTH: APRIL
YEAR: 2023
LATITUDE: 43 34 N
LONGITUDE: 116 13 W
[TEMPERATURE DATA] [PRECIPITATION DATA] SYMBOLS USED IN COLUMN 16
AVERAGE MONTHLY: 49.6 TOTAL FOR MONTH: 0.61 1 = FOG OR MIST
DPTR FM NORMAL: -1.3 DPTR FM NORMAL: -0.62 2 = FOG REDUCING VISIBILITY
HIGHEST: 90 ON 30 GRTST 24HR 0.18 ON 1- 1 TO 1/4 MILE OR LESS
LOWEST: 24 ON 5 3 = THUNDER
SNOW, ICE PELLETS, HAIL 4 = ICE PELLETS
TOTAL MONTH: 2.0 INCHES 5 = HAIL
GRTST 24HR 1.0 ON 13-13 6 = FREEZING RAIN OR DRIZZLE
GRTST DEPTH: 1 ON 13 7 = DUSTSTORM OR SANDSTORM:
VSBY 1/2 MILE OR LESS
8 = SMOKE OR HAZE
[NO. OF DAYS WITH] [WEATHER - DAYS WITH] 9 = BLOWING SNOW
X = TORNADO
MAX 32 OR BELOW: 0 0.01 INCH OR MORE: 9
MAX 90 OR ABOVE: 1 0.10 INCH OR MORE: 2
MIN 32 OR BELOW: 8 0.50 INCH OR MORE: 0
MIN 0 OR BELOW: 0 1.00 INCH OR MORE: 0
[HDD (BASE 65) ]
TOTAL THIS MO. 466 CLEAR (SCALE 0-3) 14
DPTR FM NORMAL 42 PTCLDY (SCALE 4-7) 13
TOTAL FM JUL 1 5350 CLOUDY (SCALE 8-10) 3
DPTR FM NORMAL 293
[CDD (BASE 65) ]
TOTAL THIS MO. 9
DPTR FM NORMAL 6 [PRESSURE DATA]
TOTAL FM JAN 1 9 HIGHEST SLP 30.43 ON 20
DPTR FM NORMAL 6 LOWEST SLP 29.51 ON 30
[REMARKS]
#FINAL-04-23#