000
CXUS55 KRIW 011236
CLMBPI
CLIMATE REPORT
NATIONAL WEATHER SERVICE RIVERTON WY
636 AM MDT SAT APR 01 2023
...................................
...THE BIG PINEY WY CLIMATE SUMMARY FOR THE MONTH OF MARCH 2023...
CLIMATE NORMAL PERIOD: 1991 TO 2020
CLIMATE RECORD PERIOD: 1976 TO 2023
WEATHER OBSERVED NORMAL DEPART LAST YEAR`S
VALUE DATE(S) VALUE FROM VALUE
NORMAL
..............................................................
TEMPERATURE (F)
RECORD
HIGH 69 03/31/2015
LOW -23 03/08/1998
03/04/1993
HIGHEST 39 03/15
LOWEST -20 03/04
AVG. MAXIMUM 23.7 41.1 -17.4
AVG. MINIMUM -3.9 12.7 -16.6
MEAN 9.9 26.9 -17.0
DAYS MAX >= 90 0
DAYS MAX <= 32 27
DAYS MIN <= 32 31
DAYS MIN <= 0 19
PRECIPITATION (INCHES)
RECORD
MAXIMUM 2.81 1983
MINIMUM T 1979
TOTALS 0.34 0.42 -0.08 0.06
DAILY AVG. 0.01 0.01 -0.00
DAYS >= .01 8
DAYS >= .10 1
DAYS >= .50 0
DAYS >= 1.00 0
GREATEST
24 HR. TOTAL 0.10 03/10 TO 03/10
STORM TOTAL 0.10
SNOWFALL (INCHES)
TOTALS MM MM MM
SINCE 7/1 MM MM MM
SNOWDEPTH AVG. MM
DAYS >= 1.0 MM
DEGREE DAYS
HEATING TOTAL 1701 1181 520
SINCE 7/1 9369 8610 759
COOLING TOTAL 0 0 0
SINCE 1/1 0 0 0
..............................................................
WIND (MPH)
AVERAGE WIND SPEED 5.1
RESULTANT WIND SPEED/DIRECTION 2/020
HIGHEST WIND SPEED/DIRECTION 36/250 DATE 03/10
HIGHEST GUST SPEED/DIRECTION 45/250 DATE 03/10
SKY COVER
POSSIBLE SUNSHINE (PERCENT) MM
AVERAGE SKY COVER 0.50
NUMBER OF DAYS FAIR 10
NUMBER OF DAYS PC 13
NUMBER OF DAYS CLOUDY 8
AVERAGE RH (PERCENT) 82
WEATHER CONDITIONS. NUMBER OF DAYS WITH
THUNDERSTORM 0 MIXED PRECIP 0
HEAVY RAIN 0 RAIN 0
LIGHT RAIN 1 FREEZING RAIN 0
LT FREEZING RAIN 0 HAIL 0
HEAVY SNOW 1 SNOW 5
LIGHT SNOW 20 SLEET 0
FOG 24 FOG W/VIS <= 1/4 MILE 8
HAZE 1
- INDICATES NEGATIVE NUMBERS.
R INDICATES RECORD WAS SET OR TIED.
MM INDICATES DATA IS MISSING.
T INDICATES TRACE AMOUNT.
$$