000
CXUS54 KLCH 010830
CF6BPT
PRELIMINARY LOCAL CLIMATOLOGICAL DATA (WS FORM: F-6)
STATION: BEAUMONT PORT ARTHUR
MONTH: SEPTEMBER
YEAR: 2023
LATITUDE: 29 57 N
LONGITUDE: 94 1 W
TEMPERATURE IN F: :PCPN: SNOW: WIND :SUNSHINE: SKY :PK WND
================================================================================
1 2 3 4 5 6A 6B 7 8 9 10 11 12 13 14 15 16 17 18
12Z AVG MX 2MIN
DY MAX MIN AVG DEP HDD CDD WTR SNW DPTH SPD SPD DIR MIN PSBL S-S WX SPD DR
================================================================================
1 100 73 87 4 0 22 0.00 0.0 M 5.6 16 170 M M 1 19 170
2 99 74 87 5 0 22 0.00 0.0 M 5.9 21 50 M M 1 138 27 60
3 100 76 88 6 0 23 0.01 0.0 M 5.1 18 150 M M 1 13 25 160
4 98 77 88 6 0 23 T 0.0 M 6.6 17 160 M M 1 13 24 170
5 99 79 89 7 0 24 0.00 0.0 M 8.7 18 170 M M 1 26 180
6 101 77 89 7 0 24 0.00 0.0 M 6.3 17 160 M M 1 26 160
7 102 76 89 7 0 24 0.00 0.0 M 6.6 18 230 M M 1 3 26 230
8 103 76 90 8 0 25 0.25 0.0 M 7.7 30 50 M M 1 138 39 50
9 97 73 85 4 0 20 0.03 0.0 M 7.2 30 360 M M 3 3 41 350
10 96 72 84 3 0 19 0.00 0.0 M 7.3 15 20 M M 0 21 20
11 97 68 83 2 0 18 0.00 0.0 M 6.5 14 330 M M 0 28 350
12 98 71 85 4 0 20 0.00 0.0 M 5.2 16 170 M M 1 22 170
13 96 73 85 4 0 20 1.15 0.0 M 4.5 20 120 M M 2 138 23 260
14 85 75 80 0 0 15 0.17 0.0 M 6.6 13 10 M M 6 138 18 330
15 92 73 83 3 0 18 2.29 0.0 M 6.5 28 330 M M 3 123 36 310
16 94 71 83 3 0 18 0.00 0.0 M 5.1 10 310 M M 2 13 17 310
17 94 69 82 2 0 17 0.00 0.0 M 6.3 14 340 M M 2 19 360
18 94 66 80 0 0 15 0.00 0.0 M 6.0 14 180 M M 0 19 50
19 93 66 80 0 0 15 0.00 0.0 M 7.9 18 130 M M 2 25 120
20 93 72 83 4 0 18 0.00 0.0 M 8.6 17 140 M M 1 24 150
21 95 78 87 8 0 22 0.00 0.0 M 6.8 16 150 M M 2 1 21 130
22 95 75 85 6 0 20 0.00 0.0 M 6.7 16 170 M M 1 13 24 140
23 94 73 84 5 0 19 0.00 0.0 M 5.9 15 170 M M 0 1 21 160
24 94 73 84 6 0 19 0.00 0.0 M 6.6 17 180 M M 1 1 24 200
25 93 73 83 5 0 18 0.26 0.0 M 5.5 22 110 M M 3 13 27 110
26 93 72 83 5 0 18 0.04 0.0 M 3.7 10 270 M M 4 13 15 170
27 94 72 83 5 0 18 0.00 0.0 M 3.0 15 170 M M 1 13 19 180
28 94 73 84 7 0 19 T 0.0 M 5.0 14 110 M M 1 1 18 100
29 93 74 84 7 0 19 0.00 0.0 0 8.1 21 60 M M 1 28 70
30 95 72 84 7 0 19 0.00 0.0 0 8.4 18 110 M M 0 25 110
================================================================================
SM 2871 2192 0 591 4.20 0.0 189.9 M 44
================================================================================
AV 95.7 73.1 6.3 FASTST M M 1 MAX(MPH)
MISC ----> # 30 50 41 350
================================================================================
NOTES:
# LAST OF SEVERAL OCCURRENCES
COLUMN 17 PEAK WIND IN M.P.H.
PRELIMINARY LOCAL CLIMATOLOGICAL DATA (WS FORM: F-6) , PAGE 2
STATION: BEAUMONT PORT ARTHUR
MONTH: SEPTEMBER
YEAR: 2023
LATITUDE: 29 57 N
LONGITUDE: 94 1 W
[TEMPERATURE DATA] [PRECIPITATION DATA] SYMBOLS USED IN COLUMN 16
AVERAGE MONTHLY: 84.4 TOTAL FOR MONTH: 4.20 1 = FOG OR MIST
DPTR FM NORMAL: 4.4 DPTR FM NORMAL: -2.49 2 = FOG REDUCING VISIBILITY
HIGHEST: 103 ON 8 GRTST 24HR 2.32 ON 14-15 TO 1/4 MILE OR LESS
LOWEST: 66 ON 19,18 3 = THUNDER
SNOW, ICE PELLETS, HAIL 4 = ICE PELLETS
TOTAL MONTH: 0.0 INCH 5 = HAIL
GRTST 24HR 0.0 6 = FREEZING RAIN OR DRIZZLE
GRTST DEPTH: 0 7 = DUSTSTORM OR SANDSTORM:
VSBY 1/2 MILE OR LESS
8 = SMOKE OR HAZE
[NO. OF DAYS WITH] [WEATHER - DAYS WITH] 9 = BLOWING SNOW
X = TORNADO
MAX 32 OR BELOW: 0 0.01 INCH OR MORE: 8
MAX 90 OR ABOVE: 29 0.10 INCH OR MORE: 5
MIN 32 OR BELOW: 0 0.50 INCH OR MORE: 2
MIN 0 OR BELOW: 0 1.00 INCH OR MORE: 2
[HDD (BASE 65) ]
TOTAL THIS MO. 0 CLEAR (SCALE 0-3) 28
DPTR FM NORMAL 0 PTCLDY (SCALE 4-7) 2
TOTAL FM JUL 1 0 CLOUDY (SCALE 8-10) 0
DPTR FM NORMAL 0
[CDD (BASE 65) ]
TOTAL THIS MO. 591
DPTR FM NORMAL 139 [PRESSURE DATA]
TOTAL FM JAN 1 3460 HIGHEST SLP 30.06 ON 10
DPTR FM NORMAL 707 LOWEST SLP 29.83 ON 7
[REMARKS]
#FINAL-09-23#