000
CXUS53 KDLH 042154
CLMBRD
CLIMATE REPORT
NATIONAL WEATHER SERVICE DULUTH MN
354 PM CST MON DEC 04 2023
...................................
...THE BRAINERD CLIMATE SUMMARY FOR THE MONTH OF NOVEMBER 2023...
CLIMATE NORMAL PERIOD: 1991 TO 2020
CLIMATE RECORD PERIOD: 1899 TO 2023
WEATHER OBSERVED NORMAL DEPART LAST YEAR`S
VALUE DATE(S) VALUE FROM VALUE DATE(S)
NORMAL
................................................................
TEMPERATURE (F)
RECORD
HIGH 75 11/02/2022
11/06/2020
11/04/2020
LOW -24 11/30/1964
HIGHEST 61 11/16 MM MM 75 11/02
11/17
LOWEST 1 11/28 MM MM 7 11/19
11/20
AVG. MAXIMUM 42.9 39.5 3.4 39.3
AVG. MINIMUM 23.8 21.6 2.2 24.5
MEAN 33.3 30.6 2.7 31.9
DAYS MAX >= 90 0 0.0 0.0 0
DAYS MAX <= 32 6 9.1 -3.1 12
DAYS MIN <= 32 24 25.1 -1.1 25
DAYS MIN <= 0 0 1.0 -1.0 0
PRECIPITATION (INCHES)
RECORD
MAXIMUM 3.79 1996
MINIMUM T 1999
TOTALS 0.58 0.90 -0.32 2.55
DAILY AVG. 0.02 0.03 -0.01 0.09
DAYS >= .01 3 5.6 -2.6 13
DAYS >= .10 2 1.7 0.3 5
DAYS >= .50 0 0.4 -0.4 2
DAYS >= 1.00 0 0.2 -0.2 1
GREATEST
24 HR. TOTAL 0.49 11/05 TO 11/06
DEGREE DAYS
HEATING TOTAL 945 1034 -89 986
SINCE 7/1 1637 1929 -292 MM
COOLING TOTAL 0 0 0 0
SINCE 1/1 613 413 200 MM
................................................................
WIND (MPH)
AVERAGE WIND SPEED 8.3
HIGHEST WIND SPEED/DIRECTION 29/330 DATE 11/16
29/330 11/17
HIGHEST GUST SPEED/DIRECTION 52/310 DATE 11/26
SKY COVER
POSSIBLE SUNSHINE (PERCENT) MM
AVERAGE SKY COVER 0.41
NUMBER OF DAYS FAIR 17
NUMBER OF DAYS PC 6
NUMBER OF DAYS CLOUDY 7
AVERAGE RH (PERCENT) 67
WEATHER CONDITIONS. NUMBER OF DAYS WITH
THUNDERSTORM 0 MIXED PRECIP 0
HEAVY RAIN 1 RAIN 2
LIGHT RAIN 5 FREEZING RAIN 0
LT FREEZING RAIN 0 HAIL 0
HEAVY SNOW 0 SNOW 0
LIGHT SNOW 4 SLEET 0
FOG 12 FOG W/VIS <= 1/4 MILE 0
HAZE 9
- INDICATES NEGATIVE NUMBERS.
R INDICATES RECORD WAS SET OR TIED.
MM INDICATES DATA IS MISSING.
T INDICATES TRACE AMOUNT.
$$
NOTE: PRECIPITATION DATA FOR THIS MONTH HAS BEEN SUBSTITUTED WITH BRAM5 COOP STATION DATA DUE TO SUSPECTED UNDERESTIMATES FROM THE ASOS RAIN GAUGE IN BELOW-FREEZING TEMPERATURES. PRECIPITATION TOTALS FOR THESE DATES REFLECT VALUES FROM 7 AM UNTIL 7 AM.