000
CXUS55 KDVN 011000
CF6BRL
PRELIMINARY LOCAL CLIMATOLOGICAL DATA (WS FORM: F-6)
STATION: BURLINGTON IA
MONTH: MARCH
YEAR: 2022
LATITUDE: 40 46 N
LONGITUDE: 91 7 W
TEMPERATURE IN F: :PCPN: SNOW: WIND :SUNSHINE: SKY :PK WND
================================================================================
1 2 3 4 5 6A 6B 7 8 9 10 11 12 13 14 15 16 17 18
12Z AVG MX 2MIN
DY MAX MIN AVG DEP HDD CDD WTR SNW DPTH SPD SPD DIR MIN PSBL S-S WX SPD DR
================================================================================
1 61 37 49 15 16 0 0.00 M M 5.9 13 340 M M 0 18 310
2 69 35 52 17 13 0 T M M 6.6 22 20 M M 3 30 360
3 41 28 35 0 30 0 0.00 M M 10.0 18 40 M M 5 23 20
4 48 27 38 2 27 0 0.00 M M 11.0 17 130 M M 0 26 100
5 69 45 57 21 8 0 0.25 M M 14.5 30 260 M M 6 13 43 270
6 45 30 38 2 27 0 0.18 M M 11.5 26 260 M M 6 16 41 250
7 30 19 25 -12 40 0 0.04 M M 10.1 21 310 M M 7 168 34 320
8 36 14 25 -12 40 0 0.00 M M 4.7 14 210 M M 0 17 200
9 37 25 31 -7 34 0 0.00 M M 9.5 17 330 M M 1 26 320
10 25 18 22 -16 43 0 0.02 M M 9.8 20 10 M M 9 18 25 360
11 28 12 20 -19 45 0 0.01 M M 11.3 23 310 M M 2 1 36 310
12 24 8 16 -23 49 0 0.00 M M 11.6 18 310 M M 0 27 250
13 55 22 39 -1 26 0 0.00 M M 9.9 24 210 M M 2 35 230
14 62 37 50 10 15 0 0.00 M M 9.1 21 190 M M 2 31 210
15 62 40 51 11 14 0 0.00 M M 4.4 12 330 M M 3 15 340
16 70 40 55 14 10 0 0.00 M M 8.3 23 220 M M 2 1 30 220
17 70 45 58 17 7 0 0.00 M M 9.7 25 20 M M 1 35 20
18 49 36 43 1 22 0 0.41 M M 18.4 29 50 M M 10 1 38 50
19 54 35 45 3 20 0 0.01 M M 9.8 20 340 M M 4 32 340
20 69 34 52 10 13 0 0.00 M M 8.3 15 210 M M 0 8 20 230
21 74 46 60 17 5 0 0.19 M M 11.5 25 210 M M 1 1 33 210
22 58 49 54 11 11 0 0.40 M M 10.5 20 130 M M 10 1 29 140
23 51 38 45 1 20 0 0.35 M M 8.7 16 310 M M 10 1 25 320
24 42 34 38 -6 27 0 T M M 7.1 13 300 M M 10 1 19 300
25 51 38 45 1 20 0 0.00 M M 14.7 31 300 M M 7 51 300
26 40 29 35 -10 30 0 0.00 M M 15.7 28 310 M M 0 46 310
27 40 24 32 -13 33 0 0.00 M M 9.1 16 360 M M 0 22 290
28 44 25 35 -11 30 0 0.00 M M 9.5 15 110 M M 3 24 110
29 48 33 41 -5 24 0 0.00 M M 18.2 26 120 M M 7 39 120
30 55 33 44 -2 21 0 0.62 M M 11.5 25 260 M M 9 1 40 260
31 37 33 35 -12 30 0 0.03 M M 11.1 17 310 M M 10 1 27 310
================================================================================
SM 1544 969 750 0 2.51 M 322.0 M 130
================================================================================
AV 49.8 31.3 10.4 FASTST M M 4 MAX(MPH)
MISC ----> 31 300 51 300
================================================================================
NOTES:
# LAST OF SEVERAL OCCURRENCES
COLUMN 17 PEAK WIND IN M.P.H.
PRELIMINARY LOCAL CLIMATOLOGICAL DATA (WS FORM: F-6) , PAGE 2
STATION: BURLINGTON IA
MONTH: MARCH
YEAR: 2022
LATITUDE: 40 46 N
LONGITUDE: 91 7 W
[TEMPERATURE DATA] [PRECIPITATION DATA] SYMBOLS USED IN COLUMN 16
AVERAGE MONTHLY: 40.5 TOTAL FOR MONTH: 2.51 1 = FOG OR MIST
DPTR FM NORMAL: -0.2 DPTR FM NORMAL: 0.08 2 = FOG REDUCING VISIBILITY
HIGHEST: 74 ON 21 GRTST 24HR 0.62 ON 30-30 TO 1/4 MILE OR LESS
LOWEST: 8 ON 12 3 = THUNDER
SNOW, ICE PELLETS, HAIL 4 = ICE PELLETS
TOTAL MONTH: M 5 = HAIL
GRTST 24HR M ON M 6 = FREEZING RAIN OR DRIZZLE
GRTST DEPTH: M ON M 7 = DUSTSTORM OR SANDSTORM:
VSBY 1/2 MILE OR LESS
8 = SMOKE OR HAZE
[NO. OF DAYS WITH] [WEATHER - DAYS WITH] 9 = BLOWING SNOW
X = TORNADO
MAX 32 OR BELOW: 4 0.01 INCH OR MORE: 12
MAX 90 OR ABOVE: 0 0.10 INCH OR MORE: 7
MIN 32 OR BELOW: 13 0.50 INCH OR MORE: 1
MIN 0 OR BELOW: 0 1.00 INCH OR MORE: 0
[HDD (BASE 65) ]
TOTAL THIS MO. 750 CLEAR (SCALE 0-3) 17
DPTR FM NORMAL -7 PTCLDY (SCALE 4-7) 7
TOTAL FM JUL 1 5081 CLOUDY (SCALE 8-10) 7
DPTR FM NORMAL -192
[CDD (BASE 65) ]
TOTAL THIS MO. 0
DPTR FM NORMAL -2 [PRESSURE DATA]
TOTAL FM JAN 1 0 HIGHEST SLP 30.43 ON 3
DPTR FM NORMAL -2 LOWEST SLP 29.31 ON 30
[REMARKS]
#FINAL-03-22#