000
CXUS55 KDVN 011000
CF6BRL
PRELIMINARY LOCAL CLIMATOLOGICAL DATA (WS FORM: F-6)
STATION: BURLINGTON IA
MONTH: JUNE
YEAR: 2020
LATITUDE: 40 46 N
LONGITUDE: 91 7 W
TEMPERATURE IN F: :PCPN: SNOW: WIND :SUNSHINE: SKY :PK WND
================================================================================
1 2 3 4 5 6A 6B 7 8 9 10 11 12 13 14 15 16 17 18
12Z AVG MX 2MIN
DY MAX MIN AVG DEP HDD CDD WTR SNW DPTH SPD SPD DIR MIN PSBL S-S WX SPD DR
================================================================================
1 80 64 72 3 0 7 T M M 13.6 23 190 M M 3 34 190
2 90 65 78 9 0 13 0.00 M M 12.2 25 220 M M 0 32 200
3 86 69 78 8 0 13 0.44 M M 6.4 28 150 M M 3 138 36 150
4 87 67 77 7 0 12 0.00 M M 7.1 13 270 M M 0 8 19 280
5 88 67 78 8 0 13 0.04 M M 5.2 16 190 M M 1 138 21 200
6 90 70 80 9 0 15 0.00 M M 7.7 14 100 M M 1 8 22 90
7 90 64 77 6 0 12 0.00 M M 8.5 15 140 M M 0 22 100
8 91 72 82 11 0 17 0.00 M M 9.8 18 170 M M 0 25 120
9 79 70 75 3 0 10 1.52 M M 10.3 24 240 M M 6 1 36 240
10 72 61 67 -5 0 2 0.04 M M 10.1 24 300 M M 5 1 40 310
11 82 58 70 -2 0 5 0.00 M M 7.6 20 250 M M 1 8 30 240
12 86 58 72 0 0 7 0.00 M M 3.6 14 10 M M 0 8 20 10
13 81 57 69 -4 0 4 T M M 10.2 18 70 M M 1 27 70
14 79 57 68 -5 0 3 0.00 M M 10.2 18 70 M M 2 26 70
15 82 59 71 -2 0 6 0.00 M M 8.1 15 120 M M 1 20 140
16 83 54 69 -5 0 4 0.00 M M 6.6 16 190 M M 0 8 21 200
17 85 61 73 -1 0 8 0.00 M M 7.1 16 180 M M 0 23 170
18 87 63 75 1 0 10 0.00 M M 6.2 13 150 M M 0 8 19 170
19 85 66 76 2 0 11 0.58 M M 4.2 28 210 M M 4 138 40 200
20 83 67 75 0 0 10 0.27 M M 5.7 24 340 M M 5 138 33 340
21 86 66 76 1 0 11 1.36 M M 4.8 31 190 M M 4 123 47 180
22 80 60 70 -5 0 5 1.57 M M 7.5 18 360 M M 4 123 31 330
23 77 57 67 -8 0 2 0.00 M M 6.6 15 310 M M 4 23 330
24 80 59 70 -6 0 5 0.00 M M 5.4 13 310 M M 2 20 270
25 85 59 72 -4 0 7 0.00 M M 5.3 13 190 M M 0 18 200
26 89 70 80 4 0 15 0.08 M M 9.1 22 210 M M 2 3 33 310
27 85 69 77 1 0 12 0.02 M M 4.7 16 210 M M 4 3 23 200
28 85 67 76 0 0 11 0.01 M M 7.1 22 90 M M 1 1 30 80
29 89 76 83 7 0 18 0.00 M M 10.1 20 170 M M 2 26 180
30 78 70 74 -2 0 9 0.08 M M 7.4 14 120 M M 6 13 20 170
================================================================================
SM 2520 1922 0 277 6.01 M 228.4 M 62
================================================================================
AV 84.0 64.1 7.6 FASTST M M 2 MAX(MPH)
MISC ----> 31 190 47 180
================================================================================
NOTES:
# LAST OF SEVERAL OCCURRENCES
COLUMN 17 PEAK WIND IN M.P.H.
PRELIMINARY LOCAL CLIMATOLOGICAL DATA (WS FORM: F-6) , PAGE 2
STATION: BURLINGTON IA
MONTH: JUNE
YEAR: 2020
LATITUDE: 40 46 N
LONGITUDE: 91 7 W
[TEMPERATURE DATA] [PRECIPITATION DATA] SYMBOLS USED IN COLUMN 16
AVERAGE MONTHLY: 74.0 TOTAL FOR MONTH: 6.01 1 = FOG OR MIST
DPTR FM NORMAL: 0.7 DPTR FM NORMAL: 1.54 2 = FOG REDUCING VISIBILITY
HIGHEST: 91 ON 8 GRTST 24HR 2.91 ON 21-22 TO 1/4 MILE OR LESS
LOWEST: 54 ON 16 3 = THUNDER
SNOW, ICE PELLETS, HAIL 4 = ICE PELLETS
TOTAL MONTH: M 5 = HAIL
GRTST 24HR M ON M 6 = FREEZING RAIN OR DRIZZLE
GRTST DEPTH: M ON M 7 = DUSTSTORM OR SANDSTORM:
VSBY 1/2 MILE OR LESS
8 = SMOKE OR HAZE
[NO. OF DAYS WITH] [WEATHER - DAYS WITH] 9 = BLOWING SNOW
X = TORNADO
MAX 32 OR BELOW: 0 0.01 INCH OR MORE: 12
MAX 90 OR ABOVE: 4 0.10 INCH OR MORE: 6
MIN 32 OR BELOW: 0 0.50 INCH OR MORE: 4
MIN 0 OR BELOW: 0 1.00 INCH OR MORE: 3
[HDD (BASE 65) ]
TOTAL THIS MO. 0 CLEAR (SCALE 0-3) 21
DPTR FM NORMAL -13 PTCLDY (SCALE 4-7) 9
TOTAL FM JUL 1 5671 CLOUDY (SCALE 8-10) 0
DPTR FM NORMAL 75
[CDD (BASE 65) ]
TOTAL THIS MO. 277
DPTR FM NORMAL 17 [PRESSURE DATA]
TOTAL FM JAN 1 328 HIGHEST SLP 30.32 ON 15
DPTR FM NORMAL -35 LOWEST SLP 29.28 ON 9
[REMARKS]
#FINAL-06-20#