000
CXUS53 KDVN 010720
CLMBRL
CLIMATE REPORT
NATIONAL WEATHER SERVICE QUAD CITIES IA IL
220 AM CDT THU JUN 01 2023
...................................
...THE BURLINGTON IA CLIMATE SUMMARY FOR THE MONTH OF MAY 2023...
CLIMATE NORMAL PERIOD 1991 TO 2020
CLIMATE RECORD PERIOD 1897 TO 2023
WEATHER OBSERVED NORMAL DEPART LAST YEAR`S
VALUE DATE(S) VALUE FROM VALUE
NORMAL
..............................................................
TEMPERATURE (F)
RECORD
HIGH 103 05/31/1934
LOW 26 05/04/1907
HIGHEST 89 05/31 79 10
LOWEST 36 05/03 48 -12
AVG. MAXIMUM 76.7 73.1 3.6
AVG. MINIMUM 52.7 52.9 -0.2
MEAN 64.7 63.0 1.7
DAYS MAX >= 90 0
DAYS MAX <= 32 0
DAYS MIN <= 32 0
DAYS MIN <= 0 0
PRECIPITATION (INCHES)
TOTALS 2.97 4.93 -1.96
DAILY AVG. 0.10 0.16 -0.06
DAYS >= .01 7
DAYS >= .10 4
DAYS >= .50 2
DAYS >= 1.00 1
GREATEST
24 HR. TOTAL 2.07 05/07 TO 05/08
DEGREE DAYS
HEATING TOTAL 73 142 -69
SINCE 7/1 5490 5806 -316
COOLING TOTAL 71 80 -9
SINCE 1/1 76 93 -17
..............................................................
WIND (MPH)
AVERAGE WIND SPEED 7.5
HIGHEST WIND SPEED/DIRECTION 47/010 DATE 05/07
HIGHEST GUST SPEED/DIRECTION 62/010 DATE 05/07
SKY COVER
POSSIBLE SUNSHINE (PERCENT) MM
AVERAGE SKY COVER 0.21
NUMBER OF DAYS FAIR 22
NUMBER OF DAYS PC 7
NUMBER OF DAYS CLOUDY 2
AVERAGE RH (PERCENT) 60
WEATHER CONDITIONS. NUMBER OF DAYS WITH
THUNDERSTORM 4 HAIL 0
SLEET 0 FOG 7
FOG W/VIS <= 1/4 MILE 0 HAZE 14
- INDICATES NEGATIVE NUMBERS.
R INDICATES RECORD WAS SET OR TIED.
MM INDICATES DATA IS MISSING.
T INDICATES TRACE AMOUNT.
$$