000
CXAK59 PAFG 020126
CLMBRW
CLIMATE REPORT
NATIONAL WEATHER SERVICE FAIRBANKS AK
526 PM AKDT SAT APR 01 2023
...................................
...THE UTQIAGVIK (BARROW) AK CLIMATE SUMMARY FOR THE MONTH OF MARCH 2023...
CLIMATE NORMAL PERIOD 1991 TO 2020
CLIMATE RECORD PERIOD 1920 TO 2023
WEATHER OBSERVED NORMAL DEPART LAST YEAR`S
VALUE DATE(S) VALUE FROM VALUE DATE(S)
NORMAL
................................................................
TEMPERATURE (F)
RECORD
HIGH 34 03/21/1998
LOW -52 03/02/1971
03/06/1923
HIGHEST 31 03/07 MM MM 17 03/02
03/08
03/03
LOWEST -38 03/04 MM MM -33 03/21
AVG. MAXIMUM 5.1 -2.7 7.8 0.5
AVG. MINIMUM -10.9 -17.2 6.3 -12.6
MEAN -2.9 -9.9 7.0 -6.0
DAYS MAX >= 90 0 0.0 0.0 0
DAYS MAX <= 32 31 30.9 0.1 31
DAYS MIN <= 32 31 31.0 0.0 31
DAYS MIN <= 0 23 28.8 -5.8 28
PRECIPITATION (INCHES)
RECORD
MAXIMUM 1.50 1963
MINIMUM T
TOTALS 0.18 0.18 0.00 0.06
DAILY AVG. 0.01 0.01 0.00 0.00
DAYS >= .01 6 5.1 0.9 3
DAYS >= .10 0 0.4 -0.4 0
DAYS >= .50 0 0.0 0.0 0
DAYS >= 1.00 0 0.0 0.0 0
GREATEST
24 HR. TOTAL 0.09 03/05 TO 03/06 0.03
DEGREE DAYS
HEATING TOTAL 2098 2323 -225 2196
SINCE 7/1 13513 14503 -990 MM
COOLING TOTAL 0 0 0 0
SINCE 1/1 0 0 0 MM
................................................................
WIND (MPH)
AVERAGE WIND SPEED MM
HIGHEST WIND SPEED/DIRECTION MM DATE MM
HIGHEST GUST SPEED/DIRECTION MM DATE MM
SKY COVER
AVERAGE SKY COVER 0.40
NUMBER OF DAYS FAIR 16
WEATHER CONDITIONS. NUMBER OF DAYS WITH
THUNDERSTORM 0 MIXED PRECIP 0
HEAVY RAIN 0 RAIN 0
LIGHT RAIN 0 FREEZING RAIN 0
LT FREEZING RAIN 0 HAIL 0
HEAVY SNOW 1 SNOW 4
LIGHT SNOW 12 SLEET 0
FOG 18 FOG W/VIS <= 1/4 MILE 6
HAZE 18
- INDICATES NEGATIVE NUMBERS.
R INDICATES RECORD WAS SET OR TIED.
MM INDICATES DATA IS MISSING.
T INDICATES TRACE AMOUNT.
$$