000
CXUS53 KGRR 030130
CLABTL
WRKCLABTL 000
TTAA00 GRR 030110
CLIMATE REPORT
NATIONAL WEATHER SERVICE GRAND RAPIDS, MICHIGAN
757 PM EST SUN JAN 02 2022
...................................
...THE BATTLE CREEK CLIMATE SUMMARY FOR THE YEAR OF 2021...
CLIMATE NORMAL PERIOD: 1991 TO 2020
CLIMATE RECORD PERIOD: 1895 TO 2022
WEATHER OBSERVED NORMAL DEPART LAST YEAR`S
VALUE DATE(S) VALUE FROM VALUE DATE(S)
NORMAL
................................................................
TEMPERATURE (F)
RECORD
HIGH 104 07/14/1936
LOW -24 02/12/1899
HIGHEST 92 08/24 MM MM 94 07/26
08/27
LOWEST -12 02/17 MM MM 3 02/15
AVG. MAXIMUM 60.6 58.5 2.1 59.9
AVG. MINIMUM 42.4 40.1 2.3 41.5
MEAN 51.5 49.3 2.2 50.7
DAYS MAX >= 90 12 10.0 2.0 12
DAYS MAX <= 32 36 49.9 -13.9 27
DAYS MIN <= 32 132 130.2 1.8 94
DAYS MIN <= 0 3 5.4 -2.4 0
PRECIPITATION (INCHES)
RECORD
MAXIMUM 47.67 1985
MINIMUM 21.82 1958
TOTALS 37.06 31.52 5.54 32.18
DAILY AVG. 0.10 0.09 0.02 0.09
DAYS >= .01 116 128.8 -12.8 41
DAYS >= .10 62 65.3 -3.3 15
DAYS >= .50 25 20.2 4.8 2
DAYS >= 1.00 14 5.4 8.6 1
GREATEST
24 HR. TOTAL 2.73
DEGREE DAYS
HEATING TOTAL 5771 6409 -638 5975
SINCE 7/1 1963 2405 -442 MM
COOLING TOTAL 1002 715 287 868
SINCE 1/1 1002 715 287 MM
FREEZE DATES
EARLIEST 10/24
LATEST 05/27
................................................................
WIND (MPH)
AVERAGE WIND SPEED 8.3
RESULTANT WIND SPEED/DIRECTION 3/230
HIGHEST WIND SPEED/DIRECTION 48/260 DATE 07/07
HIGHEST GUST SPEED/DIRECTION 69/260 DATE 07/07
SKY COVER
POSSIBLE SUNSHINE (PERCENT) MM
AVERAGE SKY COVER 0.47
NUMBER OF DAYS FAIR 154
NUMBER OF DAYS PC 110
NUMBER OF DAYS CLOUDY 101
AVERAGE RH (PERCENT) 69
WEATHER CONDITIONS. NUMBER OF DAYS WITH
THUNDERSTORM 36 MIXED PRECIP 0
HEAVY RAIN 34 RAIN 44
LIGHT RAIN 140 FREEZING RAIN 3
LT FREEZING RAIN 6 HAIL 0
HEAVY SNOW 4 SNOW 9
LIGHT SNOW 62 SLEET 0
FOG 170 FOG W/VIS <= 1/4 MILE 20
HAZE 78
- INDICATES NEGATIVE NUMBERS.
R INDICATES RECORD WAS SET OR TIED.
MM INDICATES DATA IS MISSING.
T INDICATES TRACE AMOUNT.
$$