000
CXAK56 PAFG 010955
CF6BTT
PRELIMINARY LOCAL CLIMATOLOGICAL DATA (WS FORM: F-6)
STATION: BETTLES AK
MONTH: JULY
YEAR: 2022
LATITUDE: 66 55 N
LONGITUDE: 151 31 W
TEMPERATURE IN F: :PCPN: SNOW: WIND :SUNSHINE: SKY :PK WND
================================================================================
1 2 3 4 5 6A 6B 7 8 9 10 11 12 13 14 15 16 17 18
12Z AVG MX 2MIN
DY MAX MIN AVG DEP HDD CDD WTR SNW DPTH SPD SPD DIR MIN PSBL S-S WX SPD DR
================================================================================
1 80 50 65 3 0 0 0.00 0.0 0 2.4 7 20 M M 9 M M
2 84 60 72 10 0 7 0.03 0.0 0 2.0 9 80 M M 10 3 M M
3 78 58 68 6 0 3 0.09 0.0 0 3.8 8 30 M M 9 3 M M
4 81 53 67 5 0 2 0.00 M M 2.8 12 190 M M 7 3 17 190
5 78 57 68 6 0 3 0.00 M M 5.8 10 240 M M 5 M M
6 83 51 67 5 0 2 0.07 M M 2.6 14 240 M M 4 13 31 220
7 77 55 66 5 0 1 T M M 2.1 6 260 M M 5 M M
8 80 56 68 7 0 3 0.00 M M 2.7 9 250 M M 5 M M
9 84 58 71 10 0 6 0.00 M M 3.1 8 290 M M 4 M M
10 85 51 68 7 0 3 0.00 M M 1.5 6 20 M M 5 M M
11 83 54 69 8 0 4 0.00 M M 6.0 16 250 M M 4 24 230
12 67 52 60 -1 5 0 0.08 M M 6.8 13 230 M M 8 M M
13 63 49 56 -5 9 0 0.01 M M 8.2 17 320 M M 6 1 30 350
14 69 37 53 -7 12 0 0.00 M M 2.9 12 260 M M 6 M M
15 69 50 60 0 5 0 0.04 M M 4.1 8 170 M M 8 17 180
16 61 49 55 -5 10 0 0.14 M M 3.7 7 140 M M 10 1 M M
17 59 52 56 -4 9 0 0.30 M M 1.6 8 120 M M 10 1 M M
18 56 43 50 -10 15 0 0.20 M M 5.4 13 240 M M 9 12 M M
19 58 42 50 -10 15 0 0.15 M M 4.1 13 250 M M 9 22 210
20 66 42 54 -5 11 0 T M M 4.5 10 110 M M 8 21 100
21 59 47 53 -6 12 0 0.16 M M 2.6 10 110 M M 8 1 20 100
22 59 42 51 -8 14 0 T M M 4.3 12 200 M M 7 1 18 200
23 63 40 52 -7 13 0 0.00 M M 7.0 13 210 M M 3 17 210
24 69 34 52 -6 13 0 T M M 2.8 10 200 M M 5 M M
25 72 52 62 4 3 0 0.55 M M 4.7 9 110 M M 9 1 M M
26 52 46 49 -9 16 0 0.21 0.0 0 9.3 20 230 M M 9 1 29 230
27 53 44 49 -9 16 0 0.01 0.0 0 11.0 20 240 M M 8 1 27 250
28 61 35 48 -10 17 0 T M M 4.7 8 180 M M 5 1 M M
29 67 40 54 -3 11 0 T M M 3.3 7 290 M M 4 M M
30 75 41 58 1 7 0 0.00 M M 3.1 7 99 M M 6 M M
31 66 52 59 2 6 0 0.08 M M 1.1 6 320 M M 10 M M
================================================================================
SM 2157 1492 219 34 2.12 0.0 129.9 M 215
================================================================================
AV 69.6 48.1 4.2 FASTST M M 7 MAX(MPH)
MISC ----> # 20 230 31 220
================================================================================
NOTES:
# LAST OF SEVERAL OCCURRENCES
COLUMN 17 PEAK WIND IN M.P.H.
PRELIMINARY LOCAL CLIMATOLOGICAL DATA (WS FORM: F-6) , PAGE 2
STATION: BETTLES AK
MONTH: JULY
YEAR: 2022
LATITUDE: 66 55 N
LONGITUDE: 151 31 W
[TEMPERATURE DATA] [PRECIPITATION DATA] SYMBOLS USED IN COLUMN 16
AVERAGE MONTHLY: 58.9 TOTAL FOR MONTH: 2.12 1 = FOG OR MIST
DPTR FM NORMAL: -0.9 DPTR FM NORMAL: -0.20 2 = FOG REDUCING VISIBILITY
HIGHEST: 85 ON 10 GRTST 24HR 0.55 ON 25-25 TO 1/4 MILE OR LESS
LOWEST: 34 ON 24 3 = THUNDER
SNOW, ICE PELLETS, HAIL 4 = ICE PELLETS
TOTAL MONTH: 0.0 INCH 5 = HAIL
GRTST 24HR 0.0 6 = FREEZING RAIN OR DRIZZLE
GRTST DEPTH: 0 7 = DUSTSTORM OR SANDSTORM:
VSBY 1/2 MILE OR LESS
8 = SMOKE OR HAZE
[NO. OF DAYS WITH] [WEATHER - DAYS WITH] 9 = BLOWING SNOW
X = TORNADO
MAX 32 OR BELOW: 0 0.01 INCH OR MORE: 15
MAX 90 OR ABOVE: 0 0.10 INCH OR MORE: 7
MIN 32 OR BELOW: 0 0.50 INCH OR MORE: 1
MIN 0 OR BELOW: 0 1.00 INCH OR MORE: 0
[HDD (BASE 65) ]
TOTAL THIS MO. 219 CLEAR (SCALE 0-3) 0
DPTR FM NORMAL 40 PTCLDY (SCALE 4-7) 18
TOTAL FM JUL 1 219 CLOUDY (SCALE 8-10) 13
DPTR FM NORMAL 43
[CDD (BASE 65) ]
TOTAL THIS MO. 34
DPTR FM NORMAL 16 [PRESSURE DATA]
TOTAL FM JAN 1 35 HIGHEST SLP M ON M
DPTR FM NORMAL 2 LOWEST SLP M ON M
[REMARKS]
#FINAL-07-22#