000
CXUS54 KTSA 010850
CF6BVO
PRELIMINARY LOCAL CLIMATOLOGICAL DATA (WS FORM: F-6)
STATION: BARTLESVILLE OKLAHOMA
MONTH: MARCH
YEAR: 2022
LATITUDE: 36 45 N
LONGITUDE: 96 0 W
TEMPERATURE IN F: :PCPN: SNOW: WIND :SUNSHINE: SKY :PK WND
================================================================================
1 2 3 4 5 6A 6B 7 8 9 10 11 12 13 14 15 16 17 18
12Z AVG MX 2MIN
DY MAX MIN AVG DEP HDD CDD WTR SNW DPTH SPD SPD DIR MIN PSBL S-S WX SPD DR
================================================================================
1 78 33 56 12 9 0 0.00 0.0 M 4.9 15 210 M M 0 23 210
2 83 29 56 12 9 0 0.00 0.0 M 3.9 15 220 M M 0 20 210
3 81 30 56 12 9 0 0.00 0.0 M 3.0 14 140 M M 0 19 180
4 76 33 55 10 10 0 0.00 0.0 M 8.5 22 160 M M 0 8 34 180
5 82 40 61 16 4 0 0.00 0.0 M 12.7 26 200 M M 4 44 200
6 43 31 37 -8 28 0 0.42 0.0 M 8.4 18 360 M M 7 13 25 360
7 43 25 34 -12 31 0 0.00 0.0 M 5.1 15 10 M M 6 25 340
8 43 20 32 -14 33 0 0.00 0.0 M 1.0 12 20 M M 1 15 30
9 54 19 37 -9 28 0 0.00 0.0 M 2.4 12 60 M M 1 15 130
10 45 24 35 -12 30 0 T M M 12.0 25 10 M M 8 1 33 10
11 38 21 30 -17 35 0 0.05 M M 7.5 21 10 M M 5 1 27 20
12 48 16 32 -15 33 0 0.00 0.0 M 6.9 18 200 M M 0 26 200
13 70 39 55 7 10 0 0.00 0.0 M 12.7 25 210 M M 0 36 190
14 62 43 53 5 12 0 0.00 0.0 M 10.8 25 170 M M 7 40 200
15 70 39 55 7 10 0 T 0.0 M 2.8 13 10 M M 2 17 10
16 77 31 54 5 11 0 0.00 0.0 M 8.1 23 210 M M 0 1 31 190
17 78 51 65 16 0 0 0.38 0.0 M 10.6 24 230 M M 3 13 39 230
18 53 32 43 -6 22 0 0.08 0.0 M 5.6 15 60 M M 8 1 27 340
19 72 31 52 2 13 0 0.00 0.0 M 4.0 15 260 M M 0 25 260
20 80 31 56 6 9 0 0.00 0.0 M 8.2 22 180 M M 0 36 190
21 61 40 51 1 14 0 1.57 0.0 M 5.9 17 130 M M 8 13 24 130
22 55 41 48 -3 17 0 0.08 0.0 M 7.5 16 200 M M 9 1 24 340
23 45 39 42 -9 23 0 T 0.0 M 6.3 13 300 M M 9 28 330
24 54 30 42 -9 23 0 0.00 0.0 M 5.6 12 360 M M 6 30 360
25 65 27 46 -6 19 0 0.00 0.0 M 4.3 22 10 M M 0 32 30
26 65 29 47 -5 18 0 0.00 0.0 M 2.2 13 30 M M 0 18 30
27 64 41 53 1 12 0 0.00 0.0 M 11.1 22 50 M M 1 30 50
28 72 38 55 2 10 0 0.00 0.0 M 8.1 17 170 M M 0 26 140
29 82 59 71 18 0 6 0.06 0.0 M 15.0 30 170 M M 3 13 43 170
30 66 37 52 -1 13 0 0.12 0.0 M 6.8 21 130 M M 8 13 32 340
31 49 28 39 -15 26 0 T M M 4.3 13 300 M M 4 23 300
================================================================================
SM 1954 1027 521 6 2.76 0.0 216.2 M 100
================================================================================
AV 63.0 33.1 7.0 FASTST M M 3 MAX(MPH)
MISC ----> 30 170 44 200
================================================================================
NOTES:
# LAST OF SEVERAL OCCURRENCES
COLUMN 17 PEAK WIND IN M.P.H.
PRELIMINARY LOCAL CLIMATOLOGICAL DATA (WS FORM: F-6) , PAGE 2
STATION: BARTLESVILLE OKLAHOMA
MONTH: MARCH
YEAR: 2022
LATITUDE: 36 45 N
LONGITUDE: 96 0 W
[TEMPERATURE DATA] [PRECIPITATION DATA] SYMBOLS USED IN COLUMN 16
AVERAGE MONTHLY: 48.1 TOTAL FOR MONTH: 2.76 1 = FOG OR MIST
DPTR FM NORMAL: -0.6 DPTR FM NORMAL: -0.24 2 = FOG REDUCING VISIBILITY
HIGHEST: 83 ON 2 GRTST 24HR 1.57 ON 21-21 TO 1/4 MILE OR LESS
LOWEST: 16 ON 12 3 = THUNDER
SNOW, ICE PELLETS, HAIL 4 = ICE PELLETS
TOTAL MONTH: 0.0 INCH 5 = HAIL
GRTST 24HR 0.0 6 = FREEZING RAIN OR DRIZZLE
GRTST DEPTH: M ON M 7 = DUSTSTORM OR SANDSTORM:
VSBY 1/2 MILE OR LESS
8 = SMOKE OR HAZE
[NO. OF DAYS WITH] [WEATHER - DAYS WITH] 9 = BLOWING SNOW
X = TORNADO
MAX 32 OR BELOW: 0 0.01 INCH OR MORE: 8
MAX 90 OR ABOVE: 0 0.10 INCH OR MORE: 4
MIN 32 OR BELOW: 17 0.50 INCH OR MORE: 1
MIN 0 OR BELOW: 0 1.00 INCH OR MORE: 1
[HDD (BASE 65) ]
TOTAL THIS MO. 521 CLEAR (SCALE 0-3) 18
DPTR FM NORMAL 9 PTCLDY (SCALE 4-7) 9
TOTAL FM JUL 1 3444 CLOUDY (SCALE 8-10) 4
DPTR FM NORMAL -379
[CDD (BASE 65) ]
TOTAL THIS MO. 6
DPTR FM NORMAL -1 [PRESSURE DATA]
TOTAL FM JAN 1 6 HIGHEST SLP 30.50 ON 12
DPTR FM NORMAL -2 LOWEST SLP 29.35 ON 30
[REMARKS]
#FINAL-03-22#