000
CXUS54 KLZK 011230
CF6BVX
PRELIMINARY LOCAL CLIMATOLOGICAL DATA (WS FORM: F-6)
STATION: BATESVILLE REGIONAL AIRPORT
MONTH: FEBRUARY
YEAR: 2022
LATITUDE: 35 43 N
LONGITUDE: 91 39 W
TEMPERATURE IN F: :PCPN: SNOW: WIND :SUNSHINE: SKY :PK WND
================================================================================
1 2 3 4 5 6A 6B 7 8 9 10 11 12 13 14 15 16 17 18
12Z AVG MX 2MIN
DY MAX MIN AVG DEP HDD CDD WTR SNW DPTH SPD SPD DIR MIN PSBL S-S WX SPD DR
================================================================================
1 63 49 56 18 9 0 0.04 M M 6.0 12 150 M M 9 21 160
2 54 26 40 2 25 0 0.03 M M 8.0 10 30 M M 10 1 22 30
3 27 22 25 -13 40 0 0.01 M M 7.9 10 330 M M 10 1 22 360
4 37 22 30 -8 35 0 0.53 M M 5.4 9 340 M M 6 M M
5 39 20 30 -9 35 0 0.00 M M 4.8 10 80 M M 0 M M
6 48 23 36 -3 29 0 0.00 M M 5.1 10 90 M M 0 M M
7 51 30 41 2 24 0 0.00 M M 4.4 8 310 M M 0 M M
8 61 38 50 11 15 0 0.00 M M 9.6 17 250 M M 0 23 250
9 67 36 52 12 13 0 0.00 M M 6.6 15 280 M M 0 22 270
10 61 34 48 8 17 0 0.00 M M 3.8 12 100 M M 1 8 M M
11 67 38 53 13 12 0 0.00 M M 6.3 15 240 M M 1 M M
12 51 26 39 -1 26 0 0.00 M M 6.2 9 310 M M 2 21 99
13 53 19 36 -4 29 0 0.00 M M 5.4 15 260 M M 0 23 260
14 64 26 45 4 20 0 0.00 M M 4.5 13 70 M M 0 8 M M
15 66 28 47 6 18 0 0.00 M M 7.3 18 160 M M 0 1 30 210
16 67 53 60 19 5 0 0.05 M M 10.3 20 200 M M 8 31 200
17 67 29 48 6 17 0 1.53 M M 10.7 21 220 M M 10 1 32 310
18 46 19 33 -9 32 0 0.00 M M 4.6 9 320 M M 1 20 340
19 51 30 41 -1 24 0 0.00 M M 5.2 10 230 M M 0 M M
20 64 30 47 5 18 0 0.00 M M 7.7 17 190 M M 0 23 190
21 68 51 60 17 5 0 T M M 9.8 17 180 M M 7 1 30 180
22 67 30 49 6 16 0 0.70 M M 9.6 17 180 M M 8 13 26 180
23 31 25 28 -15 37 0 0.41 M M 7.0 10 30 M M 10 13 18 350
24 32 24 28 -16 37 0 0.50 M M 4.7 9 20 M M 10 1 M M
25 33 22 28 -16 37 0 0.01 M M 6.9 13 320 M M 8 23 310
26 33 25 29 -15 36 0 T M M 4.7 8 40 M M 10 1 M M
27 53 26 40 -4 25 0 0.00 M M 3.2 6 99 M M 1 1 M M
28 63 26 45 0 20 0 0.00 M M 4.5 12 260 M M 0 M M
================================================================================
SM 1484 827 656 0 3.81 M 180.0 M 112
================================================================================
AV 53.0 29.5 6.4 FASTST M M 4 MAX(MPH)
MISC ----> 21 220 32 310
================================================================================
NOTES:
# LAST OF SEVERAL OCCURRENCES
COLUMN 17 PEAK WIND IN M.P.H.
PRELIMINARY LOCAL CLIMATOLOGICAL DATA (WS FORM: F-6) , PAGE 2
STATION: BATESVILLE REGIONAL AIRPORT
MONTH: FEBRUARY
YEAR: 2022
LATITUDE: 35 43 N
LONGITUDE: 91 39 W
[TEMPERATURE DATA] [PRECIPITATION DATA] SYMBOLS USED IN COLUMN 16
AVERAGE MONTHLY: 41.3 TOTAL FOR MONTH: 3.81 1 = FOG OR MIST
DPTR FM NORMAL: 0.3 DPTR FM NORMAL: 0.48 2 = FOG REDUCING VISIBILITY
HIGHEST: 68 ON 21 GRTST 24HR 1.59 ON 16-17 TO 1/4 MILE OR LESS
LOWEST: 19 ON 18,13 3 = THUNDER
SNOW, ICE PELLETS, HAIL 4 = ICE PELLETS
TOTAL MONTH: M 5 = HAIL
GRTST 24HR M ON M 6 = FREEZING RAIN OR DRIZZLE
GRTST DEPTH: M ON M 7 = DUSTSTORM OR SANDSTORM:
VSBY 1/2 MILE OR LESS
8 = SMOKE OR HAZE
[NO. OF DAYS WITH] [WEATHER - DAYS WITH] 9 = BLOWING SNOW
X = TORNADO
MAX 32 OR BELOW: 3 0.01 INCH OR MORE: 10
MAX 90 OR ABOVE: 0 0.10 INCH OR MORE: 5
MIN 32 OR BELOW: 21 0.50 INCH OR MORE: 4
MIN 0 OR BELOW: 0 1.00 INCH OR MORE: 1
[HDD (BASE 65) ]
TOTAL THIS MO. 656 CLEAR (SCALE 0-3) 16
DPTR FM NORMAL -16 PTCLDY (SCALE 4-7) 4
TOTAL FM JUL 1 2454 CLOUDY (SCALE 8-10) 8
DPTR FM NORMAL -594
[CDD (BASE 65) ]
TOTAL THIS MO. 0
DPTR FM NORMAL 0 [PRESSURE DATA]
TOTAL FM JAN 1 0 HIGHEST SLP 30.63 ON 25
DPTR FM NORMAL 0 LOWEST SLP 29.60 ON 17
[REMARKS]
#FINAL-02-22#